{"text_format":"1","workbook":"xlsx","n_sheets":5,"sheets":["Budget recherche (vierge)","Exemple","Glossaire","Lookup","Exporter la feuille de calcul"],"not_rendered":{"charts":0,"images":0,"macros":1,"external_links":0,"defined_names":2,"comments":1,"pivot_tables":0},"unopened":[],"bounds":{"document_bytes":16777216,"sheet_cells":100000,"rows_first":2000,"rows_last":500,"rows_between":2000,"halvings":0,"cell_chars":16384,"cell_head_chars":4096},"cells_cut":0,"cells_raw":0,"read":"whole","date_system":"1900"}

{"sheet":"Budget recherche (vierge)","index":0,"n_rows":77,"n_cols":8,"rows_kept":77,"cut":false,"hidden":false,"merged":[[62,4,62,6],[33,1,33,6],[34,1,34,6],[35,1,35,6],[60,4,60,6],[36,4,36,6],[58,0,58,5],[55,0,55,3],[39,3,39,4],[40,3,40,4],[41,3,41,4],[42,3,42,4],[29,4,29,6],[20,4,20,6],[32,1,32,6],[43,4,43,6],[55,4,55,6],[7,5,7,7],[4,5,4,6],[5,5,5,6],[7,2,7,3],[7,0,7,1],[0,0,1,7],[2,0,2,7],[4,1,4,2],[4,3,4,4],[5,1,5,2],[5,3,5,4]]}
["Budget prévisionnel"]
[]
["Merci de remplir uniquement les cellules en jaune."]
[]
["Nom du projet","Responsable du projet",null,"Entité UNIGE",null,"Mandant",null,"Date"]
[]
[]
["Aide convertisseur d'heures en mois",null,"Nombre d'heures",null,null,{"$f":"\"Durée en mois = \"&ROUNDUP(E8/(21*8),2)&\" mois\"","v":"Durée en mois = 0 mois"}]
[]
[]
["Coût direct additionnel"]
["Catégorie de personnel\n(Choisir dans la liste déroulante ci-dessous)","Nbre Poste","Taux \nd'activité\n(en %)","Durée \nen mois","Salaire mensuel,\nsi connu d'avance\n(yc. 13ème salaire et sans charges soc.)","Salaire moy. indicatif\n(sans ch. soc.)","Charges sociales +23%","Coût "]
[null,null,null,null,null,{"$f":"IF(OR($A13=0,$E13<>0),\"\",VLOOKUP('Budget recherche (vierge)'!$A13,Lookup!$A:$E,3,FALSE))","v":""},{"$f":"IF(OR($E13<>\"\",$F13<>\"\"),1.23,\"\")","v":""},{"$f":"IF($A13=0,\"\",IF($E13=0,B13*C13*D13*F13*G13,B13*C13*D13*E13*G13))","v":""}]
[null,null,null,null,null,{"$f":"IF(OR($A14=0,$E14<>0),\"\",VLOOKUP('Budget recherche (vierge)'!$A14,Lookup!$A:$E,3,FALSE))","v":""},"",{"$f":"IF($A14=0,\"\",IF($E14=0,B14*C14*D14*F14*G14,B14*C14*D14*E14*G14))","v":""}]
[null,null,null,null,null,{"$f":"IF(OR($A15=0,$E15<>0),\"\",VLOOKUP('Budget recherche (vierge)'!$A15,Lookup!$A:$E,3,FALSE))","v":""},"",""]
[null,null,null,null,null,{"$f":"IF(OR($A16=0,$E16<>0),\"\",VLOOKUP('Budget recherche (vierge)'!$A16,Lookup!$A:$E,3,FALSE))","v":""},"",""]
[null,null,null,null,null,{"$f":"IF(OR($A17=0,$E17<>0),\"\",VLOOKUP('Budget recherche (vierge)'!$A17,Lookup!$A:$E,3,FALSE))","v":""},"",""]
[null,null,null,null,null,{"$f":"IF(OR($A18=0,$E18<>0),\"\",VLOOKUP('Budget recherche (vierge)'!$A18,Lookup!$A:$E,3,FALSE))","v":""},"",""]
[null,null,null,null,null,{"$f":"IF(OR($A19=0,$E19<>0),\"\",VLOOKUP('Budget recherche (vierge)'!$A19,Lookup!$A:$E,3,FALSE))","v":""},"",""]
[null,null,null,null,null,{"$f":"IF(OR($A20=0,$E20<>0),\"\",VLOOKUP('Budget recherche (vierge)'!$A20,Lookup!$A:$E,3,FALSE))","v":""},"",{"$f":"IF($A20=0,\"\",IF($E20=0,B20*C20*D20*F20*G20,B20*C20*D20*E20*G20))","v":""}]
[null,null,null,null,"Charges de personnel (sous-total)",null,null,{"$f":"SUM(H13:H20)","v":0}]
[]
["Coût direct d'encadrement"]
["Catégorie de personnel\n(Choisir dans la liste déroulante ci-dessous)","Nbre Poste","Taux \nd'activité\n(en %)","Durée \nen mois","Salaire mensuel,\nsi connu d'avance\n(yc. 13ème salaire et sans charges soc.)","Salaire moy. indicatif\n(sans ch. soc.)","Charges sociales +23%","Coût "]
[null,null,null,null,null,{"$f":"IF(OR($A25=0,$E25<>0),\"\",VLOOKUP('Budget recherche (vierge)'!$A25,Lookup!$G:$K,3,FALSE))","v":""},{"$f":"IF(OR($E25<>\"\",$F25<>\"\"),1.23,\"\")","v":""},{"$f":"IF($A25=0,\"\",IF($E25=0,B25*C25*D25*F25*G25,B25*C25*D25*E25*G25))","v":""}]
[null,null,null,null,null,{"$f":"IF(OR($A26=0,$E26<>0),\"\",VLOOKUP('Budget recherche (vierge)'!$A26,Lookup!$G:$K,3,FALSE))","v":""},"",{"$f":"IF($A26=0,\"\",IF($E26=0,B26*C26*D26*F26*G26,B26*C26*D26*E26*G26))","v":""}]
[null,null,null,null,null,{"$f":"IF(OR($A27=0,$E27<>0),\"\",VLOOKUP('Budget recherche (vierge)'!$A27,Lookup!$G:$K,3,FALSE))","v":""},"",{"$f":"IF($A27=0,\"\",IF($E27=0,B27*C27*D27*F27*G27,B27*C27*D27*E27*G27))","v":""}]
[null,null,null,null,null,{"$f":"IF(OR($A28=0,$E28<>0),\"\",VLOOKUP('Budget recherche (vierge)'!$A28,Lookup!$G:$K,3,FALSE))","v":""},"",{"$f":"IF($A28=0,\"\",IF($E28=0,B28*C28*D28*F28*G28,B28*C28*D28*E28*G28))","v":""}]
[null,null,null,null,null,{"$f":"IF(OR($A29=0,$E29<>0),\"\",VLOOKUP('Budget recherche (vierge)'!$A29,Lookup!$G:$K,3,FALSE))","v":""},"",{"$f":"IF($A29=0,\"\",IF($E29=0,B29*C29*D29*F29*G29,B29*C29*D29*E29*G29))","v":""}]
[null,null,null,null,"Charges de personnel (sous-total)",null,null,{"$f":"SUM(H25:H29)","v":0}]
[]
["Coût direct de fonctionnement"]
["Consommables\n(Choisir dans la liste déroulante ci-dessous)","Détails / Explications",null,null,null,null,null,"Coût "]
[]
[]
[]
[null,null,null,null,"Dépenses générales (sous-total)",null,null,{"$f":"SUM(H34:H36)","v":0}]
[]
["Coûts liés aux équipements"]
["Immobilisations corporelles\n(Choisir dans la liste déroulante ci-dessous)","Achat spécifique au projet?","Durée \nen mois","Coût d'acquisition",null,"Durée de vie équipement \nen années","Coût annuel","Coût"]
[null,null,null,null,null,{"$f":"IF($A41=0,\"\",VLOOKUP($A41,Lookup!$R:$S,2,FALSE))","v":""},{"$f":"IF($A41=0,\"\",D41/F41)","v":""},{"$f":"IF(AND(F41<>0,$B41=\"Oui\"),D41,IF(OR(G41=\"\",G41=0,C41=0),0,(G41/12)*C41))","v":0}]
[null,null,null,null,null,{"$f":"IF($A42=0,\"\",VLOOKUP($A42,Lookup!$R:$S,2,FALSE))","v":""},{"$f":"IF($A42=0,\"\",D42/F42)","v":""},{"$f":"IF(AND(F42<>0,$B42=\"Oui\"),D42,IF(OR(G42=\"\",G42=0,C42=0),0,(G42/12)*C42))","v":0}]
[null,null,null,null,null,{"$f":"IF($A43=0,\"\",VLOOKUP($A43,Lookup!$R:$S,2,FALSE))","v":""},"",0]
[null,null,null,null,"Amortissement (sous-total)",null,null,{"$f":"SUM(H41:H43)","v":0}]
[]
["Coûts liés aux locaux administratifs"]
["Catégorie de personnel\n(Choisir dans la liste déroulante ci-dessous)","Nbre Poste","Taux \nd'activité\n(en %)","Durée \nen mois","Loyer annuel","Loyer mensuel","Loyer en fonction du taux d'activité","Coût"]
[{"$f":"IF(A13=\"\",\"\",A13)","v":""},"","","",{"$f":"IF(A13=\"\",\"\",VLOOKUP($A13,Lookup!$A:$E,5,FALSE))","v":""},{"$f":"IF(A13=\"\",\"\",E48/12)","v":""},{"$f":"IF(A13=\"\",\"\",IF($C48>=0.5,$F48,$F48*$C48))","v":""},{"$f":"IF($A48=\"\",\"\",G48*D48*B48)","v":""}]
["","","","",{"$f":"IF(A14=\"\",\"\",VLOOKUP($A14,Lookup!$A:$E,5,FALSE))","v":""},"","",{"$f":"IF($A49=\"\",\"\",G49*D49*B49)","v":""}]
["","","","",{"$f":"IF(A15=\"\",\"\",VLOOKUP($A15,Lookup!$A:$E,5,FALSE))","v":""},"","",""]
["","","","",{"$f":"IF(A16=\"\",\"\",VLOOKUP($A16,Lookup!$A:$E,5,FALSE))","v":""},"","",""]
["","","","",{"$f":"IF(A17=\"\",\"\",VLOOKUP($A17,Lookup!$A:$E,5,FALSE))","v":""},"","",""]
["","","","",{"$f":"IF(A18=\"\",\"\",VLOOKUP($A18,Lookup!$A:$E,5,FALSE))","v":""},"","",""]
["","","","",{"$f":"IF(A19=\"\",\"\",VLOOKUP($A19,Lookup!$A:$E,5,FALSE))","v":""},"","",""]
["","","","",{"$f":"IF(A20=\"\",\"\",VLOOKUP($A20,Lookup!$A:$E,5,FALSE))","v":""},"","",""]
["En fonction de la catégorie de personnel liée au coût direct additionnel",null,null,null,"Loyer (sous-total)",null,null,{"$f":"SUM(H48:H55)","v":0}]
[]
["Coûts de support administratif"]
["En pourcentage des coûts directs aditionnels et des coûts de fonctionnement",null,null,null,null,null,0.1,{"$f":"($H$37+$H$21)*$G$59","v":0}]
[]
[null,null,null,null,"Coût total du projet",null,null,{"$f":"SUM($H$21,$H30, $H$44,$H$56,$H$37,$H$59)","v":0}]
[]
[null,null,null,null,"Participation du bailleur selon contrat"]
[]
[]
["Récapitulatif","UNIGE",{"$f":"#REF!","v":{"$error":"#REF!"}},"Total"]
["Charges de personnel",{"$f":"$H$21+$H$30-C67","v":{"$error":"#REF!"}},{"$f":"#REF!+#REF!","v":{"$error":"#REF!"}},{"$f":"SUM(B67:C67)","v":{"$error":"#REF!"}}]
["Dépenses générales",{"$f":"$H$37-C68","v":{"$error":"#REF!"}},{"$f":"#REF!","v":{"$error":"#REF!"}},{"$error":"#REF!"}]
["Amortissement",{"$f":"$H$44-C69","v":{"$error":"#REF!"}},{"$f":"#REF!","v":{"$error":"#REF!"}},{"$error":"#REF!"}]
["Loyer",{"$f":"$H$56-C70","v":{"$error":"#REF!"}},{"$f":"#REF!","v":{"$error":"#REF!"}},{"$error":"#REF!"}]
["Support administratif",{"$f":"$H$59-C71","v":{"$error":"#REF!"}},{"$f":"#REF!","v":{"$error":"#REF!"}},{"$error":"#REF!"}]
["Total des coûts",{"$f":"SUM(B67:B71)","v":{"$error":"#REF!"}},{"$f":"SUM(C67:C71)","v":{"$error":"#REF!"}},{"$error":"#REF!"}]
["Répartition en pourcent",{"$f":"IF(B$72=0,\"\",B$72/$D$72)","v":{"$error":"#REF!"}},{"$f":"IF(C$72=0,\"\",C$72/$D$72)","v":{"$error":"#REF!"}},{"$f":"IF(D$72=0,\"\",D$72/$D$72)","v":{"$error":"#REF!"}}]
[]
[]
["Contact:"]
["Pour toutes informations complémentaires ou éventuelles questions, vous pouvez contacter le Service du budget à ",null,null,null,null,null,"budgetprevisionnel@unige.ch"]

{"sheet":"Exemple","index":1,"n_rows":66,"n_cols":13,"rows_kept":66,"cut":false,"hidden":false,"merged":[[23,11,23,12],[0,0,0,7],[2,0,2,7],[4,1,4,2],[4,3,4,4],[4,5,4,6],[5,1,5,2],[5,3,5,4],[5,5,5,6],[7,0,7,1],[7,2,7,3],[7,5,7,6],[11,11,11,12],[20,4,20,6],[39,11,39,12],[43,4,43,6],[46,0,46,3],[46,4,46,6],[29,4,29,6],[32,0,32,6],[32,11,32,12],[33,1,33,6],[34,1,34,6],[35,1,35,6],[49,0,49,5],[51,4,51,6],[53,4,53,6],[36,4,36,6],[39,5,39,6]]}
["Budget sur la durée du projet de recherche"]
[]
["Merci de remplir uniquement les cellules en jaune."]
[]
["Nom du projet","Responsable du projet",null,"Entité UNIGE",null,"Mandant",null,"Date"]
["Léman Azure","Jérôme TARTEMPION",null,"CISA",null,"CERN",null,"2014-07-15"]
[]
["À option: convertisseur d'heures en mois",null,"Nombre d'heures",null,1008,"Durée en mois",null,{"$f":"ROUNDUP(E8/(21*8),2)&\" mois\"","v":"6 mois"}]
[]
[]
["Coût direct additionnel"]
["Catégorie de personnel\n(Choisir dans la liste déroulante ci-dessous)","Nbre Poste","Taux \nd'activité\n(en %)","Durée \nen mois","Salaire mensuel,\nsi connu d'avance\n(yc. 13ème salaire et sans charges soc.)","Salaire moy. indicatif\n(sans ch. soc.)","Charges sociales\n+23%","Coût ","Coût\nlocaux admin. / an","Coût\nlocaux admin.",null,"Bailleurs de fonds"]
["1400-Assistants et post-doc",1,0.8,6,null,{"$f":"IF(OR($A13=0,$E13<>0),\"\",VLOOKUP(Exemple!$A13,Lookup!$A:$E,3,FALSE))","v":6250},{"$f":"IF(OR($E13<>\"\",$F13<>\"\"),1.23,\"\")","v":1.23},{"$f":"IF($A13=0,\"\",IF($E13=0,B13*C13*D13*F13*G13,B13*C13*D13*E13*G13))","v":36900.000000000007},{"$f":"IF($A13=0,\"\",VLOOKUP($A13,Lookup!$A:$E,5,FALSE))","v":2940},{"$f":"_xlfn.IFS($D13=0,0,$C13>=0.5,($I13/12)*$D13,$C13<0.5,($I13/12)*$D13*$C13)","v":1470},null,{"$f":"IF(OR($M13=0,$H13=\"\"),\"\",$M13*$H13)","v":36900.000000000007},1]
[null,null,null,null,null,{"$f":"IF(OR($A14=0,$E14<>0),\"\",VLOOKUP(Exemple!$A14,Lookup!$A:$E,3,FALSE))","v":""},"",{"$f":"IF($A14=0,\"\",IF($E14=0,B14*C14*D14*F14*G14,B14*C14*D14*E14*G14))","v":""},{"$f":"IF($A14=0,\"\",VLOOKUP($A14,Lookup!$A:$E,5,FALSE))","v":""},{"$f":"_xlfn.IFS($D14=0,0,$C14>=0.5,($I14/12)*$D14,$C14<0.5,($I14/12)*$D14*$C14)","v":0},null,{"$f":"IF(OR($M14=0,$H14=\"\"),\"\",$M14*$H14)","v":""}]
[null,null,null,null,null,{"$f":"IF(OR($A15=0,$E15<>0),\"\",VLOOKUP(Exemple!$A15,Lookup!$A:$E,3,FALSE))","v":""},"","",{"$f":"IF($A15=0,\"\",VLOOKUP($A15,Lookup!$A:$E,5,FALSE))","v":""},{"$f":"_xlfn.IFS($D15=0,0,$C15>=0.5,($I15/12)*$D15,$C15<0.5,($I15/12)*$D15*$C15)","v":0},null,""]
[null,null,null,null,null,{"$f":"IF(OR($A16=0,$E16<>0),\"\",VLOOKUP(Exemple!$A16,Lookup!$A:$E,3,FALSE))","v":""},"","",{"$f":"IF($A16=0,\"\",VLOOKUP($A16,Lookup!$A:$E,5,FALSE))","v":""},{"$f":"_xlfn.IFS($D16=0,0,$C16>=0.5,($I16/12)*$D16,$C16<0.5,($I16/12)*$D16*$C16)","v":0},null,""]
[null,null,null,null,null,{"$f":"IF(OR($A17=0,$E17<>0),\"\",VLOOKUP(Exemple!$A17,Lookup!$A:$E,3,FALSE))","v":""},"","",{"$f":"IF($A17=0,\"\",VLOOKUP($A17,Lookup!$A:$E,5,FALSE))","v":""},0,null,""]
[null,null,null,null,null,{"$f":"IF(OR($A18=0,$E18<>0),\"\",VLOOKUP(Exemple!$A18,Lookup!$A:$E,3,FALSE))","v":""},"","",{"$f":"IF($A18=0,\"\",VLOOKUP($A18,Lookup!$A:$E,5,FALSE))","v":""},0,null,""]
[null,null,null,null,null,{"$f":"IF(OR($A19=0,$E19<>0),\"\",VLOOKUP(Exemple!$A19,Lookup!$A:$E,3,FALSE))","v":""},"","",{"$f":"IF($A19=0,\"\",VLOOKUP($A19,Lookup!$A:$E,5,FALSE))","v":""},0,null,""]
[null,null,null,null,null,{"$f":"IF(OR($A20=0,$E20<>0),\"\",VLOOKUP(Exemple!$A20,Lookup!$A:$E,3,FALSE))","v":""},"",{"$f":"IF($A20=0,\"\",IF($E20=0,B20*C20*D20*F20*G20,B20*C20*D20*E20*G20))","v":""},{"$f":"IF($A20=0,\"\",VLOOKUP($A20,Lookup!$A:$E,5,FALSE))","v":""},0,null,""]
[null,null,null,null,"Charges de personnel (sous-total)",null,null,{"$f":"SUM(H13:H20)","v":36900.000000000007},{"$f":"SUM(I13:I20)","v":2940},{"$f":"SUM(J13:J20)","v":1470},null,{"$f":"SUM(L13:L20)","v":36900.000000000007},{"$f":"IF(H21=0,0,L21/H21)","v":1}]
[]
["Coût direct d'encadrement"]
["Catégorie de personnel\n(Choisir dans la liste déroulante ci-dessous)","Nbre Poste","Taux \nd'activité\n(en %)","Durée \nen mois","Salaire mensuel,\nsi connu d'avance\n(yc. 13ème salaire et sans charges soc.)","Salaire moy. indicatif\n(sans ch. soc.)","Charges sociales\n+23%","Coût ",null,null,null,"Bailleurs de fonds"]
["0100-Professeurs ordinaires",1,0.05,6,null,{"$f":"IF(OR($A25=0,$E25<>0),\"\",VLOOKUP(Exemple!$A25,Lookup!$G:$K,3,FALSE))","v":17250},{"$f":"IF(OR($E25<>\"\",$F25<>\"\"),1.23,\"\")","v":1.23},{"$f":"IF($A25=0,\"\",IF($E25=0,B25*C25*D25*F25*G25,B25*C25*D25*E25*G25))","v":6365.2500000000009},null,null,null,{"$f":"IF(OR($M25=0,$H25=\"\"),\"\",$M25*$H25)","v":5092.2000000000007},0.8]
[null,null,null,null,null,{"$f":"IF(OR($A26=0,$E26<>0),\"\",VLOOKUP(Exemple!$A26,Lookup!$G:$K,3,FALSE))","v":""},"",{"$f":"IF($A26=0,\"\",IF($E26=0,B26*C26*D26*F26*G26,B26*C26*D26*E26*G26))","v":""},null,null,null,{"$f":"IF(OR($M26=0,$H26=\"\"),\"\",$M26*$H26)","v":""}]
[null,null,null,null,null,{"$f":"IF(OR($A27=0,$E27<>0),\"\",VLOOKUP(Exemple!$A27,Lookup!$G:$K,3,FALSE))","v":""},"",{"$f":"IF($A27=0,\"\",IF($E27=0,B27*C27*D27*F27*G27,B27*C27*D27*E27*G27))","v":""},null,null,null,""]
[null,null,null,null,null,{"$f":"IF(OR($A28=0,$E28<>0),\"\",VLOOKUP(Exemple!$A28,Lookup!$G:$K,3,FALSE))","v":""},"",{"$f":"IF($A28=0,\"\",IF($E28=0,B28*C28*D28*F28*G28,B28*C28*D28*E28*G28))","v":""},null,null,null,""]
[null,null,null,null,null,{"$f":"IF(OR($A29=0,$E29<>0),\"\",VLOOKUP(Exemple!$A29,Lookup!$G:$K,3,FALSE))","v":""},"",{"$f":"IF($A29=0,\"\",IF($E29=0,B29*C29*D29*F29*G29,B29*C29*D29*E29*G29))","v":""},null,null,null,""]
[null,null,null,null,"Charges de personnel (sous-total)",null,null,{"$f":"SUM(H25:H29)","v":6365.2500000000009},null,null,null,{"$f":"SUM(L25:L29)","v":5092.2000000000007},{"$f":"IF(H30=0,0,L30/H30)","v":0.8}]
[]
["Coût direct de fonctionnement"]
["Consommables\n(Choisir dans la liste déroulante ci-dessous)",null,null,null,null,null,null,"Coût ",null,null,null,"Bailleurs de fonds"]
["Déplacements",null,null,null,null,null,null,500,null,null,null,{"$f":"IF(OR($M34=0,$H34=\"\"),\"\",$M34*$H34)","v":500},1]
[null,null,null,null,null,null,null,null,null,null,null,""]
[null,null,null,null,null,null,null,null,null,null,null,""]
[null,null,null,null,"Dépenses générales (sous-total)",null,null,{"$f":"SUM(H34:H36)","v":500},null,null,null,{"$f":"SUM(L34:L36)","v":500},{"$f":"IF(H37=0,0,L37/H37)","v":1}]
[]
["Coûts liés aux équipements"]
["Immobilisations corporelles\n(Choisir dans la liste déroulante ci-dessous)","Connaissez-vous le coût lié à l'équipement?","Durée du projet \nen mois","Coût d'acquisition","Durée de vie de l'équipement \nen années","Coût annuel",null,"Coût",null,null,null,"Bailleurs de fonds"]
["Mobilier","Non",6,5000,{"$f":"IF($A41=0,\"\",VLOOKUP($A41,Lookup!$R:$S,2,FALSE))","v":8},null,{"$f":"IF($A41=0,\"\",D41/E41)","v":625},{"$f":"IF(AND(F41<>0,Exemple!$B41=\"Oui\"),F41,IF(OR(G41=\"\",G41=0,C41=0),0,(G41/12)*C41))","v":312.5},null,null,null,{"$f":"IF(OR($M41=0,$H41=\"\"),\"\",$M41*$H41)","v":31.25},0.1]
["Appareils scientifiques","Oui",null,null,{"$f":"IF($A42=0,\"\",VLOOKUP($A42,Lookup!$R:$S,2,FALSE))","v":5},5000,{"$f":"IF($A42=0,\"\",D42/E42)","v":0},{"$f":"IF(AND(F42<>0,Exemple!$B42=\"Oui\"),F42,IF(OR(G42=\"\",G42=0,C42=0),0,(G42/12)*C42))","v":5000},null,null,null,5000,1]
[null,null,null,null,{"$f":"IF($A43=0,\"\",VLOOKUP($A43,Lookup!$R:$S,2,FALSE))","v":""},null,"",{"$f":"IF(AND(F43<>0,Exemple!$B43=\"Oui\"),F43,IF(OR(G43=\"\",G43=0,C43=0),0,(G43/12)*C43))","v":0},null,null,null,""]
[null,null,null,null,"Amortissements (sous-total)",null,null,{"$f":"SUM(H41:H43)","v":5312.5},null,null,null,{"$f":"SUM(L41:L43)","v":5031.25},{"$f":"IF(H44=0,0,L44/H44)","v":0.94705882352941173}]
[]
["Coûts liés aux locaux administratifs"]
["En fonction de la catégorie de personnel liée au coût direct additionnel",null,null,null,"Loyer (sous-total)",null,null,{"$f":"$J$21","v":1470},null,null,null,{"$f":"IF(OR($M47=0,$H47=0),0,$M47*$H47)","v":0}]
[]
["Coûts de support administratif"]
["En pourcentage des coûts directs aditionnels et des coûts de fonctionnement",null,null,null,null,null,0.1,{"$f":"($H$37+$H$21)*$G$50","v":3740.0000000000009},null,null,null,{"$f":"IF(OR($M50=0,$H50=0),0,$M50*$H50)","v":0}]
[]
[null,null,null,null,"Coût total du projet",null,null,{"$f":"SUM($H$21,$H30, $H$44,$H$47,$H$37,$H$50)","v":54287.750000000007},null,null,null,{"$f":"SUM($L$50,$L$47,$L$44,$L$37,$L$30,$L$21)","v":47523.450000000012},{"$f":"IF(H52=0,0,L52/H52)","v":0.8753991462162275}]
[]
[null,null,null,null,"Versement contracltuel",null,null,47523]
[]
["Récapitulatif","UNIGE","Bailleurs de fonds","Total"]
["Charges de personnel",{"$f":"$H$21+$H$30-$L$21-$L$30","v":1273.0499999999993},{"$f":"L21+L30","v":41992.200000000012},{"$f":"SUM(B57:C57)","v":43265.250000000015}]
["Dépenses générales",{"$f":"$H$37-$L$37","v":0},{"$f":"$L$37","v":500},{"$f":"SUM(B58:C58)","v":500}]
["Amortissement",{"$f":"$H$44-$L$44","v":281.25},{"$f":"$L$44","v":5031.25},{"$f":"SUM(B59:C59)","v":5312.5}]
["Loyer",{"$f":"$H$47-$L$47","v":1470},{"$f":"$L$47","v":0},{"$f":"SUM(B60:C60)","v":1470}]
["Support administratif",{"$f":"$H$50-$L$50","v":3740.0000000000009},{"$f":"$L$50","v":0},{"$f":"SUM(B61:C61)","v":3740.0000000000009}]
["Total des coûts",{"$f":"SUM(B57:B61)","v":6764.3},{"$f":"SUM(C57:C61)","v":47523.450000000012},{"$f":"SUM(B62:C62)","v":54287.750000000015}]
["Répartition en pourcent",{"$f":"IF(B$62=0,\"\",B$62/$D$62)","v":0.12460085378377256},{"$f":"IF(C$62=0,\"\",C$62/$D$62)","v":0.87539914621622739},{"$f":"IF(D$62=0,\"\",D$62/$D$62)","v":1}]
[]
["Contact:"]
["Pour toutes informations complémentaires ou éventuelles questions, vous pouvez contacter le Service du budget à ",null,null,null,null,null,"budget@unige.ch"]

{"sheet":"Glossaire","index":2,"n_rows":17,"n_cols":2,"rows_kept":17,"cut":false,"hidden":false,"merged":[]}
["Budget sur la durée du projet de recherche"]
[]
["Glossaire"]
[]
["Coût:","Tous les coûts s'entendent pour l'ensemble de la durée du projet."]
["Coût direct additionnel:","Coût supplémentaire pour mener le projet en terme de charges en personnel."]
["Coût direct d'encadrement:","Les coûts directs d'encadrement concernent les ressources en personnel du corps enseignant et corps professoral nécessaires à l’encadrement du projet."]
["Nbre Poste","Le nombre de poste désigne ici le nombre de personne , et non des équivalents plein temps. Il ne peut y avoir que des nombres entiers."]
["Taux d'activité (en %)","Le taux consacré au projet (40h par semaine = 100%)."]
["Durée en mois","Le nombre de mois  durant lequel le collaborateur travaille pour le projet."]
["Salaire mensuel, si connu d'avance \n(sans charges soc.)","Si vous connaissez  d'avance le salaire de la personne, veuillez inscrire le salaire mensuel en excluant toutes charges sociales payées par l'employeur. Si vous conaissez seulement la classe et l'annuité de la personne, vous pouvez utiliser l'échelle de traitements ci-après."]
["Echelle de traitement","https://www.ge.ch/document/echelle-traitements-au-01012020."]
["Salaire moy. Indicatif (sans ch. soc.)","Le salaire moyen mensuel se calcule automatiquement en fonction de la catégorie de personnel. Il  est indicatif et utilisé quand le salaire n'est pas connu d'avance."]
["Coût direct de fonctionnement","Ces coûts concernent tous les consommables dont l'utilisation est immédiate. Tout bien pouvant être amorti sur plusieurs années doit être exclu de ce type de dépenses, et doivent être considéré comme équipements (immobilisation corporelle)."]
["Coûts liés aux équipements","Ces coûts sont rattachés à l'utilisation d'équipement dont la durée de vie dépend du type de bien. Les coûts liés aux équipements se calculent en fonction du coût d'acquisition du bien, de sa durée de vie et de l'utilisation de l'équipement en mois."]
["Coûts liés aux locaux","Les coûts liés aux locaux représentent les charges d'infrastructure qui varient selon la catégorie de personnel liée au coût direct additionnel. Le calcul prend en compte le coût des locaux selon la catégorie de personnel, la durée du projet ainsi que le taux d'activité s'il est inférieur à 50%. Pour un taux d'activité égal ou supérieur à 50% on considère que les locaux seront occupés à 100% pendant la durée du projet."]
["Coûts de support administratif","Ces coûts peuvent être assimilés à des overheads. Ce sont des coûts indirects liés à l'administration centrale."]

{"sheet":"Lookup","index":3,"n_rows":25,"n_cols":19,"rows_kept":25,"cut":false,"hidden":true,"merged":[]}
["Personnel direct","Salaire moyen / an","Salaire moyen mensuel","m2","Coût locaux admin",null,"Personnel d'encadrement","Salaire moyen / an","Salaire moyen mensuel","m2","Coût locaux admin",null,"Locaux","Coûts / m2",null,"Consommables",null,"Immobilisations","Durée d'utilité"]
["1100-Chargés d'Ens., Cons. Etudes",131000,{"$f":"B2/12","v":10916.666666666666},10,{"$f":"D2*$N$3","v":3920},null,"0100-Professeurs ordinaires",207000,{"$f":"H2/12","v":17250},20,{"$f":"J2*$N$3","v":7840},null,"Archivage et surfaces d'entreposage",196,null,"Fourniture",null,"Mobilier",8]
["1200-MER,chefs de clinique scient.",151000,12583.333333333334,10,3920,null,"0150-Professeurs associés",164000,{"$f":"H3/12","v":13666.666666666666},15,{"$f":"J3*$N$3","v":5880},null,"Bureaux",392,null,"Entretien mobilier & machine",null,"Machines et outillage",5]
["1220-Chargés de cours",147000,12250,10,3920,null,"0200-Professeurs assistants",140000,11666.666666666666,15,{"$f":"J4*$N$3","v":5880},null,"Locaux du domaine social",430,null,"Déplacements",null,"Appareils scientifiques",5]
["1260-Coll. scientifique I et II",117000,9750,10,3920,null,"0500-Professeurs associés (PAE)",155000,12916.666666666666,15,{"$f":"J5*$N$3","v":5880},null,"Bibliothèques",468,null,"Consommables",null,"Matériel informatique",4]
["1300-Maîtres assistants",100000,8333.3333333333339,7.5,2940,null,"0600-Professeurs titulaires",157000,13083.333333333334,15,{"$f":"J6*$N$3","v":5880},null,"Salle de cours",667,null,"Divers"]
["1400-Assistants et post-doc",75000,6250,7.5,2940,null,"1100-Chargés d'Ens., Cons. Etudes",131000,10916.666666666666,10,3920,null,"Laboratoires",805]
["1401-Assistants-médecins",99000,8250,7.5,2940,null,"1200-MER,chefs de clinique scient.",151000,12583.333333333334,10,3920]
["1510-Auxiliaires de Recherche",58000,4833.333333333333,7.5,2940,null,"1220-Chargés de cours",147000,12250,10,3920]
["2000-Personnel scientifiques",129000,10750,10,3920,null,"1260-Coll. scientifique I et II",117000,9750,10,3920]
["2100-Techniciens",103000,8583.3333333333339,9,3528]
["2200-Laborants et ass. techniques",94000,7833.333333333333,9,3528]
["2300-Aides ass. techn et aides labo",78000,6500,9,3528]
["2400-Bibliothécaires, documentalist",104000,8666.6666666666661,12,4704]
["2700-Adm, chefs serv, commis adm",124000,10333.333333333334,15,5880]
["2705-Coordination info documentaire",120000,10000,9,3528]
["2710-BDA Responsables",109000,9083.3333333333339,15,5880]
["2715-BDA Spécialistes disciplines",107000,8916.6666666666661,12,4704]
["2800-Secr, comptables, aide bibl",89000,7416.666666666667,9,3528]
["2805-Commis 2 DIS",58000,4833.333333333333,9,{"$f":"D20*$N$3","v":3528}]
["0100-Professeurs ordinaires",207000,{"$f":"B21/12","v":17250},20,7840]
["0150-Professeurs associés",164000,{"$f":"B22/12","v":13666.666666666666},15,5880]
["0200-Professeurs assistants",140000,11666.666666666666,15,5880]
["0500-Professeurs associés (PAE)",155000,12916.666666666666,15,5880]
["0600-Professeurs titulaires",157000,13083.333333333334,15,5880]

{"sheet":"Exporter la feuille de calcul","index":4,"n_rows":5724,"n_cols":10,"rows_kept":5724,"cut":false,"hidden":true,"merged":[]}
["LOC_ANNEE","BAT_C_ALPHA","BAT_NO_BAT_PLAN","BAT_NOM","STATUT","TYPLOCAL","LIBELLE_TYPE","DESCRIPTION_COUT","COUT_M2","SURFACE"]
[2011,"BC",1,"UNI BASTIONS","A","AR","ARCHIVES","Archivage et surfaces d'entreposage (Ar)",196,17]
[2011,"BC",1,"UNI BASTIONS","A","AU","AUDITOIRE","Salles de cours (Hö)",667,67]
[2011,"BC",1,"UNI BASTIONS","A","AU","AUDITOIRE","Salles de cours (Hö)",667,69.5]
[2011,"BC",1,"UNI BASTIONS","A","AU","AUDITOIRE","Salles de cours (Hö)",667,75.5]
[2011,"BC",1,"UNI BASTIONS","A","AU","AUDITOIRE","Salles de cours (Hö)",667,76.5]
[2011,"BC",1,"UNI BASTIONS","A","AU","AUDITOIRE","Salles de cours (Hö)",667,76.5]
[2011,"BC",1,"UNI BASTIONS","A","AU","AUDITOIRE","Salles de cours (Hö)",667,79]
[2011,"BC",1,"UNI BASTIONS","A","AU","AUDITOIRE","Salles de cours (Hö)",667,79]
[2011,"BC",1,"UNI BASTIONS","A","AU","AUDITOIRE","Salles de cours (Hö)",667,107.5]
[2011,"BC",1,"UNI BASTIONS","A","AU","AUDITOIRE","Salles de cours (Hö)",667,119]
[2011,"BC",1,"UNI BASTIONS","A","AU","AUDITOIRE","Salles de cours (Hö)",667,168.5]
[2011,"BC",1,"UNI BASTIONS","A","AU","AUDITOIRE","Salles de cours (Hö)",667,202.5]
[2011,"BC",1,"UNI BASTIONS","A","AU","AUDITOIRE","Salles de cours (Hö)",667,302.5]
[2011,"BC",1,"UNI BASTIONS","A","AX","ANNEXES","Archivage et surfaces d'entreposage (Ar)",196,25]
[2011,"BC",1,"UNI BASTIONS","A","BI","BIBLIOTHEQUE, SALLE DE LECTURE","Bibliothèques (Bi)",468,2]
[2011,"BC",1,"UNI BASTIONS","A","BI","BIBLIOTHEQUE, SALLE DE LECTURE","Bibliothèques (Bi)",468,16.899999999999999]
[2011,"BC",1,"UNI BASTIONS","A","BI","BIBLIOTHEQUE, SALLE DE LECTURE","Bibliothèques (Bi)",468,22.5]
[2011,"BC",1,"UNI BASTIONS","A","BI","BIBLIOTHEQUE, SALLE DE LECTURE","Bibliothèques (Bi)",468,35]
[2011,"BC",1,"UNI BASTIONS","A","BI","BIBLIOTHEQUE, SALLE DE LECTURE","Bibliothèques (Bi)",468,38.5]
[2011,"BC",1,"UNI BASTIONS","A","BI","BIBLIOTHEQUE, SALLE DE LECTURE","Bibliothèques (Bi)",468,40]
[2011,"BC",1,"UNI BASTIONS","A","BI","BIBLIOTHEQUE, SALLE DE LECTURE","Bibliothèques (Bi)",468,54.3]
[2011,"BC",1,"UNI BASTIONS","A","BI","BIBLIOTHEQUE, SALLE DE LECTURE","Bibliothèques (Bi)",468,55.6]
[2011,"BC",1,"UNI BASTIONS","A","BI","BIBLIOTHEQUE, SALLE DE LECTURE","Bibliothèques (Bi)",468,58]
[2011,"BC",1,"UNI BASTIONS","A","BI","BIBLIOTHEQUE, SALLE DE LECTURE","Bibliothèques (Bi)",468,58]
[2011,"BC",1,"UNI BASTIONS","A","BI","BIBLIOTHEQUE, SALLE DE LECTURE","Bibliothèques (Bi)",468,148]
[2011,"BC",1,"UNI BASTIONS","A","BI","BIBLIOTHEQUE, SALLE DE LECTURE","Bibliothèques (Bi)",468,246]
[2011,"BC",1,"UNI BASTIONS","A","BU","BUREAU","Bureaux (Bü)",392,6]
[2011,"BC",1,"UNI BASTIONS","A","BU","BUREAU","Bureaux (Bü)",392,10]
[2011,"BC",1,"UNI BASTIONS","A","BU","BUREAU","Bureaux (Bü)",392,11.5]
[2011,"BC",1,"UNI BASTIONS","A","BU","BUREAU","Bureaux (Bü)",392,12]
[2011,"BC",1,"UNI BASTIONS","A","BU","BUREAU","Bureaux (Bü)",392,12]
[2011,"BC",1,"UNI BASTIONS","A","BU","BUREAU","Bureaux (Bü)",392,12.5]
[2011,"BC",1,"UNI BASTIONS","A","BU","BUREAU","Bureaux (Bü)",392,12.5]
[2011,"BC",1,"UNI BASTIONS","A","BU","BUREAU","Bureaux (Bü)",392,12.5]
[2011,"BC",1,"UNI BASTIONS","A","BU","BUREAU","Bureaux (Bü)",392,14]
[2011,"BC",1,"UNI BASTIONS","A","BU","BUREAU","Bureaux (Bü)",392,14.5]
[2011,"BC",1,"UNI BASTIONS","A","BU","BUREAU","Bureaux (Bü)",392,15]
[2011,"BC",1,"UNI BASTIONS","A","BU","BUREAU","Bureaux (Bü)",392,15]
[2011,"BC",1,"UNI BASTIONS","A","BU","BUREAU","Bureaux (Bü)",392,15.5]
[2011,"BC",1,"UNI BASTIONS","A","BU","BUREAU","Bureaux (Bü)",392,15.5]
[2011,"BC",1,"UNI BASTIONS","A","BU","BUREAU","Bureaux (Bü)",392,16.5]
[2011,"BC",1,"UNI BASTIONS","A","BU","BUREAU","Bureaux (Bü)",392,17]
[2011,"BC",1,"UNI BASTIONS","A","BU","BUREAU","Bureaux (Bü)",392,17.5]
[2011,"BC",1,"UNI BASTIONS","A","BU","BUREAU","Bureaux (Bü)",392,17.5]
[2011,"BC",1,"UNI BASTIONS","A","BU","BUREAU","Bureaux (Bü)",392,19]
[2011,"BC",1,"UNI BASTIONS","A","BU","BUREAU","Bureaux (Bü)",392,19]
[2011,"BC",1,"UNI BASTIONS","A","BU","BUREAU","Bureaux (Bü)",392,19.5]
[2011,"BC",1,"UNI BASTIONS","A","BU","BUREAU","Bureaux (Bü)",392,20.5]
[2011,"BC",1,"UNI BASTIONS","A","BU","BUREAU","Bureaux (Bü)",392,23]
[2011,"BC",1,"UNI BASTIONS","A","BU","BUREAU","Bureaux (Bü)",392,23]
[2011,"BC",1,"UNI BASTIONS","A","BU","BUREAU","Bureaux (Bü)",392,23.5]
[2011,"BC",1,"UNI BASTIONS","A","BU","BUREAU","Bureaux (Bü)",392,23.5]
[2011,"BC",1,"UNI BASTIONS","A","BU","BUREAU","Bureaux (Bü)",392,23.5]
[2011,"BC",1,"UNI BASTIONS","A","BU","BUREAU","Bureaux (Bü)",392,24]
[2011,"BC",1,"UNI BASTIONS","A","BU","BUREAU","Bureaux (Bü)",392,25]
[2011,"BC",1,"UNI BASTIONS","A","BU","BUREAU","Bureaux (Bü)",392,25]
[2011,"BC",1,"UNI BASTIONS","A","BU","BUREAU","Bureaux (Bü)",392,25]
[2011,"BC",1,"UNI BASTIONS","A","BU","BUREAU","Bureaux (Bü)",392,25.5]
[2011,"BC",1,"UNI BASTIONS","A","BU","BUREAU","Bureaux (Bü)",392,25.5]
[2011,"BC",1,"UNI BASTIONS","A","BU","BUREAU","Bureaux (Bü)",392,25.5]
[2011,"BC",1,"UNI BASTIONS","A","BU","BUREAU","Bureaux (Bü)",392,29]
[2011,"BC",1,"UNI BASTIONS","A","BU","BUREAU","Bureaux (Bü)",392,29]
[2011,"BC",1,"UNI BASTIONS","A","BU","BUREAU","Bureaux (Bü)",392,30.5]
[2011,"BC",1,"UNI BASTIONS","A","BU","BUREAU","Bureaux (Bü)",392,30.5]
[2011,"BC",1,"UNI BASTIONS","A","BU","BUREAU","Bureaux (Bü)",392,32]
[2011,"BC",1,"UNI BASTIONS","A","BU","BUREAU","Bureaux (Bü)",392,32.5]
[2011,"BC",1,"UNI BASTIONS","A","BU","BUREAU","Bureaux (Bü)",392,32.5]
[2011,"BC",1,"UNI BASTIONS","A","BU","BUREAU","Bureaux (Bü)",392,32.5]
[2011,"BC",1,"UNI BASTIONS","A","BU","BUREAU","Bureaux (Bü)",392,33.5]
[2011,"BC",1,"UNI BASTIONS","A","BU","BUREAU","Bureaux (Bü)",392,33.5]
[2011,"BC",1,"UNI BASTIONS","A","BU","BUREAU","Bureaux (Bü)",392,36]
[2011,"BC",1,"UNI BASTIONS","A","BU","BUREAU","Bureaux (Bü)",392,36.5]
[2011,"BC",1,"UNI BASTIONS","A","BU","BUREAU","Bureaux (Bü)",392,43.5]
[2011,"BC",1,"UNI BASTIONS","A","BU","BUREAU","Bureaux (Bü)",392,45.5]
[2011,"BC",1,"UNI BASTIONS","A","BU","BUREAU","Bureaux (Bü)",392,90]
[2011,"BC",1,"UNI BASTIONS","A","CA","CAFETERIA","Locaux du domaine social (So)",430,4.5]
[2011,"BC",1,"UNI BASTIONS","A","CA","CAFETERIA","Locaux du domaine social (So)",430,12.5]
[2011,"BC",1,"UNI BASTIONS","A","CA","CAFETERIA","Locaux du domaine social (So)",430,23]
[2011,"BC",1,"UNI BASTIONS","A","CA","CAFETERIA","Locaux du domaine social (So)",430,80]
[2011,"BC",1,"UNI BASTIONS","A","CO","COULOIR","Local fictif - sans coût",0,17]
[2011,"BC",1,"UNI BASTIONS","A","DP","DEPOT","Archivage et surfaces d'entreposage (Ar)",196,10]
[2011,"BC",1,"UNI BASTIONS","A","DP","DEPOT","Archivage et surfaces d'entreposage (Ar)",196,11.5]
[2011,"BC",1,"UNI BASTIONS","A","DP","DEPOT","Archivage et surfaces d'entreposage (Ar)",196,23]
[2011,"BC",1,"UNI BASTIONS","A","MT","MEDIATHEQUE","Bibliothèques (Bi)",468,76.5]
[2011,"BC",1,"UNI BASTIONS","A","MT","MEDIATHEQUE","Bibliothèques (Bi)",468,112]
[2011,"BC",1,"UNI BASTIONS","A","NA","NON ATTRIBUE","Local fictif - sans coût",0,3.5]
[2011,"BC",1,"UNI BASTIONS","A","NA","NON ATTRIBUE","Local fictif - sans coût",0,7]
[2011,"BC",1,"UNI BASTIONS","A","NA","NON ATTRIBUE","Local fictif - sans coût",0,7]
[2011,"BC",1,"UNI BASTIONS","A","NA","NON ATTRIBUE","Local fictif - sans coût",0,11.5]
[2011,"BC",1,"UNI BASTIONS","A","NA","NON ATTRIBUE","Local fictif - sans coût",0,12]
[2011,"BC",1,"UNI BASTIONS","A","NA","NON ATTRIBUE","Local fictif - sans coût",0,14]
[2011,"BC",1,"UNI BASTIONS","A","NA","NON ATTRIBUE","Local fictif - sans coût",0,15.5]
[2011,"BC",1,"UNI BASTIONS","A","NA","NON ATTRIBUE","Local fictif - sans coût",0,15.5]
[2011,"BC",1,"UNI BASTIONS","A","NA","NON ATTRIBUE","Local fictif - sans coût",0,16]
[2011,"BC",1,"UNI BASTIONS","A","NA","NON ATTRIBUE","Local fictif - sans coût",0,16]
[2011,"BC",1,"UNI BASTIONS","A","NA","NON ATTRIBUE","Local fictif - sans coût",0,16]
[2011,"BC",1,"UNI BASTIONS","A","NA","NON ATTRIBUE","Local fictif - sans coût",0,23]
[2011,"BC",1,"UNI BASTIONS","A","NA","NON ATTRIBUE","Local fictif - sans coût",0,24]
[2011,"BC",1,"UNI BASTIONS","A","NA","NON ATTRIBUE","Local fictif - sans coût",0,25]
[2011,"BC",1,"UNI BASTIONS","A","NA","NON ATTRIBUE","Local fictif - sans coût",0,26.5]
[2011,"BC",1,"UNI BASTIONS","A","NA","NON ATTRIBUE","Local fictif - sans coût",0,27.5]
[2011,"BC",1,"UNI BASTIONS","A","NA","NON ATTRIBUE","Local fictif - sans coût",0,29]
[2011,"BC",1,"UNI BASTIONS","A","PC","SALLE DE TERMINAUX","Laboratoires (La)",805,29.5]
[2011,"BC",1,"UNI BASTIONS","A","PC","SALLE DE TERMINAUX","Laboratoires (La)",805,42.5]
[2011,"BC",1,"UNI BASTIONS","A","PC","SALLE DE TERMINAUX","Laboratoires (La)",805,133.5]
[2011,"BC",1,"UNI BASTIONS","A","RE","SALLE DE REUNION","Salles d'enseignement (UR)",392,36]
[2011,"BC",1,"UNI BASTIONS","A","SM","SALLE DE SEMINAIRE / COURS","Salles d'enseignement (UR)",392,26]
[2011,"BC",1,"UNI BASTIONS","A","SM","SALLE DE SEMINAIRE / COURS","Salles d'enseignement (UR)",392,32]
[2011,"BC",1,"UNI BASTIONS","A","SM","SALLE DE SEMINAIRE / COURS","Salles d'enseignement (UR)",392,37]
[2011,"BC",1,"UNI BASTIONS","A","SM","SALLE DE SEMINAIRE / COURS","Salles d'enseignement (UR)",392,40]
[2011,"BC",1,"UNI BASTIONS","A","SM","SALLE DE SEMINAIRE / COURS","Salles d'enseignement (UR)",392,40]
[2011,"BC",1,"UNI BASTIONS","A","SM","SALLE DE SEMINAIRE / COURS","Salles d'enseignement (UR)",392,44]
[2011,"BC",1,"UNI BASTIONS","A","SM","SALLE DE SEMINAIRE / COURS","Salles d'enseignement (UR)",392,45]
[2011,"BC",1,"UNI BASTIONS","A","SM","SALLE DE SEMINAIRE / COURS","Salles d'enseignement (UR)",392,45]
[2011,"BC",1,"UNI BASTIONS","A","SM","SALLE DE SEMINAIRE / COURS","Salles d'enseignement (UR)",392,60.5]
[2011,"BC",1,"UNI BASTIONS","A","SM","SALLE DE SEMINAIRE / COURS","Salles d'enseignement (UR)",392,68.5]
[2011,"BC",1,"UNI BASTIONS","A","SM","SALLE DE SEMINAIRE / COURS","Salles d'enseignement (UR)",392,78]
[2011,"BC",1,"UNI BASTIONS","A","SM","SALLE DE SEMINAIRE / COURS","Salles d'enseignement (UR)",392,115.5]
[2011,"BC",1,"UNI BASTIONS","A","SM","SALLE DE SEMINAIRE / COURS","Salles d'enseignement (UR)",392,117]
[2011,"BC",1,"UNI BASTIONS","A","SM","SALLE DE SEMINAIRE / COURS","Salles d'enseignement (UR)",392,210]
[2011,"BC",1,"UNI BASTIONS","A","ST","STOCKAGE","Archivage et surfaces d'entreposage (Ar)",196,7.5]
[2011,"BC",1,"UNI BASTIONS","A","ST","STOCKAGE","Archivage et surfaces d'entreposage (Ar)",196,23]
[2011,"BC",1,"UNI BASTIONS","A","ST","STOCKAGE","Archivage et surfaces d'entreposage (Ar)",196,40]
[2011,"BC",1,"UNI BASTIONS","A","ST","STOCKAGE","Archivage et surfaces d'entreposage (Ar)",196,67]
[2011,"AJ",2,"AILE JURA","A","AR","ARCHIVES","Archivage et surfaces d'entreposage (Ar)",196,5.5]
[2011,"AJ",2,"AILE JURA","A","AT","ATELIER","Laboratoires (La)",805,15.5]
[2011,"AJ",2,"AILE JURA","A","AT","ATELIER","Laboratoires (La)",805,38.5]
[2011,"AJ",2,"AILE JURA","A","AX","ANNEXES","Archivage et surfaces d'entreposage (Ar)",196,88.1]
[2011,"AJ",2,"AILE JURA","A","BI","BIBLIOTHEQUE, SALLE DE LECTURE","Bibliothèques (Bi)",468,15]
[2011,"AJ",2,"AILE JURA","A","BI","BIBLIOTHEQUE, SALLE DE LECTURE","Bibliothèques (Bi)",468,23.5]
[2011,"AJ",2,"AILE JURA","A","BI","BIBLIOTHEQUE, SALLE DE LECTURE","Bibliothèques (Bi)",468,31.5]
[2011,"AJ",2,"AILE JURA","A","BI","BIBLIOTHEQUE, SALLE DE LECTURE","Bibliothèques (Bi)",468,34.5]
[2011,"AJ",2,"AILE JURA","A","BI","BIBLIOTHEQUE, SALLE DE LECTURE","Bibliothèques (Bi)",468,51]
[2011,"AJ",2,"AILE JURA","A","BI","BIBLIOTHEQUE, SALLE DE LECTURE","Bibliothèques (Bi)",468,52]
[2011,"AJ",2,"AILE JURA","A","BI","BIBLIOTHEQUE, SALLE DE LECTURE","Bibliothèques (Bi)",468,61]
[2011,"AJ",2,"AILE JURA","A","BI","BIBLIOTHEQUE, SALLE DE LECTURE","Bibliothèques (Bi)",468,85.5]
[2011,"AJ",2,"AILE JURA","A","BI","BIBLIOTHEQUE, SALLE DE LECTURE","Bibliothèques (Bi)",468,85.5]
[2011,"AJ",2,"AILE JURA","A","BI","BIBLIOTHEQUE, SALLE DE LECTURE","Bibliothèques (Bi)",468,85.5]
[2011,"AJ",2,"AILE JURA","A","BI","BIBLIOTHEQUE, SALLE DE LECTURE","Bibliothèques (Bi)",468,184.5]
[2011,"AJ",2,"AILE JURA","A","BI","BIBLIOTHEQUE, SALLE DE LECTURE","Bibliothèques (Bi)",468,226]
[2011,"AJ",2,"AILE JURA","A","BI","BIBLIOTHEQUE, SALLE DE LECTURE","Bibliothèques (Bi)",468,239]
[2011,"AJ",2,"AILE JURA","A","BI","BIBLIOTHEQUE, SALLE DE LECTURE","Bibliothèques (Bi)",468,244]
[2011,"AJ",2,"AILE JURA","A","BI","BIBLIOTHEQUE, SALLE DE LECTURE","Bibliothèques (Bi)",468,248]
[2011,"AJ",2,"AILE JURA","A","BI","BIBLIOTHEQUE, SALLE DE LECTURE","Bibliothèques (Bi)",468,272.5]
[2011,"AJ",2,"AILE JURA","A","BI","BIBLIOTHEQUE, SALLE DE LECTURE","Bibliothèques (Bi)",468,467]
[2011,"AJ",2,"AILE JURA","A","BU","BUREAU","Bureaux (Bü)",392,13]
[2011,"AJ",2,"AILE JURA","A","BU","BUREAU","Bureaux (Bü)",392,15]
[2011,"AJ",2,"AILE JURA","A","BU","BUREAU","Bureaux (Bü)",392,15]
[2011,"AJ",2,"AILE JURA","A","BU","BUREAU","Bureaux (Bü)",392,15]
[2011,"AJ",2,"AILE JURA","A","BU","BUREAU","Bureaux (Bü)",392,17]
[2011,"AJ",2,"AILE JURA","A","BU","BUREAU","Bureaux (Bü)",392,17]
[2011,"AJ",2,"AILE JURA","A","BU","BUREAU","Bureaux (Bü)",392,17.5]
[2011,"AJ",2,"AILE JURA","A","BU","BUREAU","Bureaux (Bü)",392,17.5]
[2011,"AJ",2,"AILE JURA","A","BU","BUREAU","Bureaux (Bü)",392,18]
[2011,"AJ",2,"AILE JURA","A","BU","BUREAU","Bureaux (Bü)",392,18]
[2011,"AJ",2,"AILE JURA","A","BU","BUREAU","Bureaux (Bü)",392,18]
[2011,"AJ",2,"AILE JURA","A","BU","BUREAU","Bureaux (Bü)",392,18]
[2011,"AJ",2,"AILE JURA","A","BU","BUREAU","Bureaux (Bü)",392,18]
[2011,"AJ",2,"AILE JURA","A","BU","BUREAU","Bureaux (Bü)",392,18]
[2011,"AJ",2,"AILE JURA","A","BU","BUREAU","Bureaux (Bü)",392,18]
[2011,"AJ",2,"AILE JURA","A","BU","BUREAU","Bureaux (Bü)",392,18]
[2011,"AJ",2,"AILE JURA","A","BU","BUREAU","Bureaux (Bü)",392,18]
[2011,"AJ",2,"AILE JURA","A","BU","BUREAU","Bureaux (Bü)",392,18]
[2011,"AJ",2,"AILE JURA","A","BU","BUREAU","Bureaux (Bü)",392,18]
[2011,"AJ",2,"AILE JURA","A","BU","BUREAU","Bureaux (Bü)",392,18]
[2011,"AJ",2,"AILE JURA","A","BU","BUREAU","Bureaux (Bü)",392,18]
[2011,"AJ",2,"AILE JURA","A","BU","BUREAU","Bureaux (Bü)",392,19.5]
[2011,"AJ",2,"AILE JURA","A","BU","BUREAU","Bureaux (Bü)",392,20]
[2011,"AJ",2,"AILE JURA","A","BU","BUREAU","Bureaux (Bü)",392,20]
[2011,"AJ",2,"AILE JURA","A","BU","BUREAU","Bureaux (Bü)",392,20]
[2011,"AJ",2,"AILE JURA","A","BU","BUREAU","Bureaux (Bü)",392,20]
[2011,"AJ",2,"AILE JURA","A","BU","BUREAU","Bureaux (Bü)",392,20]
[2011,"AJ",2,"AILE JURA","A","BU","BUREAU","Bureaux (Bü)",392,20]
[2011,"AJ",2,"AILE JURA","A","BU","BUREAU","Bureaux (Bü)",392,20]
[2011,"AJ",2,"AILE JURA","A","BU","BUREAU","Bureaux (Bü)",392,20]
[2011,"AJ",2,"AILE JURA","A","BU","BUREAU","Bureaux (Bü)",392,21.5]
[2011,"AJ",2,"AILE JURA","A","BU","BUREAU","Bureaux (Bü)",392,21.5]
[2011,"AJ",2,"AILE JURA","A","BU","BUREAU","Bureaux (Bü)",392,21.5]
[2011,"AJ",2,"AILE JURA","A","BU","BUREAU","Bureaux (Bü)",392,21.5]
[2011,"AJ",2,"AILE JURA","A","BU","BUREAU","Bureaux (Bü)",392,21.5]
[2011,"AJ",2,"AILE JURA","A","BU","BUREAU","Bureaux (Bü)",392,23]
[2011,"AJ",2,"AILE JURA","A","BU","BUREAU","Bureaux (Bü)",392,25]
[2011,"AJ",2,"AILE JURA","A","BU","BUREAU","Bureaux (Bü)",392,25.5]
[2011,"AJ",2,"AILE JURA","A","BU","BUREAU","Bureaux (Bü)",392,25.5]
[2011,"AJ",2,"AILE JURA","A","BU","BUREAU","Bureaux (Bü)",392,25.5]
[2011,"AJ",2,"AILE JURA","A","BU","BUREAU","Bureaux (Bü)",392,26]
[2011,"AJ",2,"AILE JURA","A","BU","BUREAU","Bureaux (Bü)",392,26]
[2011,"AJ",2,"AILE JURA","A","BU","BUREAU","Bureaux (Bü)",392,26]
[2011,"AJ",2,"AILE JURA","A","BU","BUREAU","Bureaux (Bü)",392,27]
[2011,"AJ",2,"AILE JURA","A","BU","BUREAU","Bureaux (Bü)",392,27.5]
[2011,"AJ",2,"AILE JURA","A","BU","BUREAU","Bureaux (Bü)",392,27.5]
[2011,"AJ",2,"AILE JURA","A","BU","BUREAU","Bureaux (Bü)",392,27.5]
[2011,"AJ",2,"AILE JURA","A","BU","BUREAU","Bureaux (Bü)",392,29.5]
[2011,"AJ",2,"AILE JURA","A","CO","COULOIR","Local fictif - sans coût",0,56.25]
[2011,"AJ",2,"AILE JURA","A","CO","COULOIR","Local fictif - sans coût",0,61.8]
[2011,"AJ",2,"AILE JURA","A","CO","COULOIR","Local fictif - sans coût",0,125.15]
[2011,"AJ",2,"AILE JURA","A","CO","COULOIR","Local fictif - sans coût",0,169.8]
[2011,"AJ",2,"AILE JURA","A","DP","DEPOT","Archivage et surfaces d'entreposage (Ar)",196,5.5]
[2011,"AJ",2,"AILE JURA","A","DP","DEPOT","Archivage et surfaces d'entreposage (Ar)",196,5.5]
[2011,"AJ",2,"AILE JURA","A","DP","DEPOT","Archivage et surfaces d'entreposage (Ar)",196,14.5]
[2011,"AJ",2,"AILE JURA","A","DP","DEPOT","Archivage et surfaces d'entreposage (Ar)",196,16]
[2011,"AJ",2,"AILE JURA","A","DP","DEPOT","Archivage et surfaces d'entreposage (Ar)",196,16]
[2011,"AJ",2,"AILE JURA","A","SA","SANITAIRE","Local fictif - sans coût",0,3.15]
[2011,"AJ",2,"AILE JURA","A","SA","SANITAIRE","Local fictif - sans coût",0,3.45]
[2011,"AJ",2,"AILE JURA","A","SA","SANITAIRE","Local fictif - sans coût",0,4.5]
[2011,"AJ",2,"AILE JURA","A","SA","SANITAIRE","Local fictif - sans coût",0,6.7]
[2011,"AJ",2,"AILE JURA","A","SA","SANITAIRE","Local fictif - sans coût",0,11.6]
[2011,"AJ",2,"AILE JURA","A","SA","SANITAIRE","Local fictif - sans coût",0,11.8]
[2011,"AJ",2,"AILE JURA","A","SA","SANITAIRE","Local fictif - sans coût",0,11.8]
[2011,"AJ",2,"AILE JURA","A","SM","SALLE DE SEMINAIRE / COURS","Salles d'enseignement (UR)",392,20]
[2011,"AJ",2,"AILE JURA","A","SM","SALLE DE SEMINAIRE / COURS","Salles d'enseignement (UR)",392,39]
[2011,"AJ",2,"AILE JURA","A","SM","SALLE DE SEMINAIRE / COURS","Salles d'enseignement (UR)",392,41]
[2011,"AJ",2,"AILE JURA","A","SM","SALLE DE SEMINAIRE / COURS","Salles d'enseignement (UR)",392,41]
[2011,"AJ",2,"AILE JURA","A","SM","SALLE DE SEMINAIRE / COURS","Salles d'enseignement (UR)",392,41]
[2011,"AJ",2,"AILE JURA","A","SM","SALLE DE SEMINAIRE / COURS","Salles d'enseignement (UR)",392,46]
[2011,"AJ",2,"AILE JURA","A","SM","SALLE DE SEMINAIRE / COURS","Salles d'enseignement (UR)",392,51.5]
[2011,"AJ",2,"AILE JURA","A","SM","SALLE DE SEMINAIRE / COURS","Salles d'enseignement (UR)",392,53]
[2011,"AJ",2,"AILE JURA","A","SM","SALLE DE SEMINAIRE / COURS","Salles d'enseignement (UR)",392,54]
[2011,"AJ",2,"AILE JURA","A","SM","SALLE DE SEMINAIRE / COURS","Salles d'enseignement (UR)",392,56.5]
[2011,"AJ",2,"AILE JURA","A","SM","SALLE DE SEMINAIRE / COURS","Salles d'enseignement (UR)",392,61]
[2011,"AJ",2,"AILE JURA","A","SM","SALLE DE SEMINAIRE / COURS","Salles d'enseignement (UR)",392,65]
[2011,"AJ",2,"AILE JURA","A","SM","SALLE DE SEMINAIRE / COURS","Salles d'enseignement (UR)",392,85.5]
[2011,"AJ",2,"AILE JURA","A","ST","STOCKAGE","Archivage et surfaces d'entreposage (Ar)",196,60]
[2011,"AJ",2,"AILE JURA","A","ST","STOCKAGE","Archivage et surfaces d'entreposage (Ar)",196,82]
[2011,"AJ",2,"AILE JURA","A","ST","STOCKAGE","Archivage et surfaces d'entreposage (Ar)",196,118.5]
[2011,"AJ",2,"AILE JURA","A","TE","LOCAL TECHNIQUE","Laboratoires (La)",805,2.2999999999999998]
[2011,"AJ",2,"AILE JURA","A","TE","LOCAL TECHNIQUE","Laboratoires (La)",805,32.25]
[2011,"MALA1",3,"MALAGNOU STATION ZOOLOGIE","A","AT","ATELIER","Laboratoires (La)",805,24.5]
[2011,"MALA1",3,"MALAGNOU STATION ZOOLOGIE","A","AX","ANNEXES","Archivage et surfaces d'entreposage (Ar)",196,5]
[2011,"MALA1",3,"MALAGNOU STATION ZOOLOGIE","A","AX","ANNEXES","Archivage et surfaces d'entreposage (Ar)",196,5.5]
[2011,"MALA1",3,"MALAGNOU STATION ZOOLOGIE","A","AX","ANNEXES","Archivage et surfaces d'entreposage (Ar)",196,7]
[2011,"MALA1",3,"MALAGNOU STATION ZOOLOGIE","A","AX","ANNEXES","Archivage et surfaces d'entreposage (Ar)",196,7]
[2011,"MALA1",3,"MALAGNOU STATION ZOOLOGIE","A","AX","ANNEXES","Archivage et surfaces d'entreposage (Ar)",196,7.5]
[2011,"MALA1",3,"MALAGNOU STATION ZOOLOGIE","A","AX","ANNEXES","Archivage et surfaces d'entreposage (Ar)",196,9]
[2011,"MALA1",3,"MALAGNOU STATION ZOOLOGIE","A","AX","ANNEXES","Archivage et surfaces d'entreposage (Ar)",196,9.5]
[2011,"MALA1",3,"MALAGNOU STATION ZOOLOGIE","A","AX","ANNEXES","Archivage et surfaces d'entreposage (Ar)",196,10.5]
[2011,"MALA1",3,"MALAGNOU STATION ZOOLOGIE","A","AX","ANNEXES","Archivage et surfaces d'entreposage (Ar)",196,15]
[2011,"MALA1",3,"MALAGNOU STATION ZOOLOGIE","A","AX","ANNEXES","Archivage et surfaces d'entreposage (Ar)",196,17]
[2011,"MALA1",3,"MALAGNOU STATION ZOOLOGIE","A","AX","ANNEXES","Archivage et surfaces d'entreposage (Ar)",196,19.5]
[2011,"MALA1",3,"MALAGNOU STATION ZOOLOGIE","A","AX","ANNEXES","Archivage et surfaces d'entreposage (Ar)",196,20]
[2011,"MALA1",3,"MALAGNOU STATION ZOOLOGIE","A","AX","ANNEXES","Archivage et surfaces d'entreposage (Ar)",196,21.5]
[2011,"MALA1",3,"MALAGNOU STATION ZOOLOGIE","A","AX","ANNEXES","Archivage et surfaces d'entreposage (Ar)",196,42.5]
[2011,"MALA1",3,"MALAGNOU STATION ZOOLOGIE","A","AX","ANNEXES","Archivage et surfaces d'entreposage (Ar)",196,44]
[2011,"MALA1",3,"MALAGNOU STATION ZOOLOGIE","A","AX","ANNEXES","Archivage et surfaces d'entreposage (Ar)",196,44]
[2011,"MALA1",3,"MALAGNOU STATION ZOOLOGIE","A","AX","ANNEXES","Archivage et surfaces d'entreposage (Ar)",196,45]
[2011,"MALA1",3,"MALAGNOU STATION ZOOLOGIE","A","AX","ANNEXES","Archivage et surfaces d'entreposage (Ar)",196,62.5]
[2011,"MALA1",3,"MALAGNOU STATION ZOOLOGIE","A","BI","BIBLIOTHEQUE, SALLE DE LECTURE","Bibliothèques (Bi)",468,24.5]
[2011,"MALA1",3,"MALAGNOU STATION ZOOLOGIE","A","BU","BUREAU","Bureaux (Bü)",392,3.5]
[2011,"MALA1",3,"MALAGNOU STATION ZOOLOGIE","A","BU","BUREAU","Bureaux (Bü)",392,7]
[2011,"MALA1",3,"MALAGNOU STATION ZOOLOGIE","A","BU","BUREAU","Bureaux (Bü)",392,9]
[2011,"MALA1",3,"MALAGNOU STATION ZOOLOGIE","A","BU","BUREAU","Bureaux (Bü)",392,9]
[2011,"MALA1",3,"MALAGNOU STATION ZOOLOGIE","A","BU","BUREAU","Bureaux (Bü)",392,13]
[2011,"MALA1",3,"MALAGNOU STATION ZOOLOGIE","A","BU","BUREAU","Bureaux (Bü)",392,14]
[2011,"MALA1",3,"MALAGNOU STATION ZOOLOGIE","A","BU","BUREAU","Bureaux (Bü)",392,17]
[2011,"MALA1",3,"MALAGNOU STATION ZOOLOGIE","A","BU","BUREAU","Bureaux (Bü)",392,17]
[2011,"MALA1",3,"MALAGNOU STATION ZOOLOGIE","A","BU","BUREAU","Bureaux (Bü)",392,17]
[2011,"MALA1",3,"MALAGNOU STATION ZOOLOGIE","A","BU","BUREAU","Bureaux (Bü)",392,25.5]
[2011,"MALA1",3,"MALAGNOU STATION ZOOLOGIE","A","BU","BUREAU","Bureaux (Bü)",392,26]
[2011,"MALA1",3,"MALAGNOU STATION ZOOLOGIE","A","LR","LABORATOIRE DE RECHERCHE","Laboratoires (La)",805,13]
[2011,"MALA1",3,"MALAGNOU STATION ZOOLOGIE","A","LR","LABORATOIRE DE RECHERCHE","Laboratoires (La)",805,13]
[2011,"MALA1",3,"MALAGNOU STATION ZOOLOGIE","A","LR","LABORATOIRE DE RECHERCHE","Laboratoires (La)",805,15]
[2011,"MALA1",3,"MALAGNOU STATION ZOOLOGIE","A","LR","LABORATOIRE DE RECHERCHE","Laboratoires (La)",805,15]
[2011,"MALA1",3,"MALAGNOU STATION ZOOLOGIE","A","LR","LABORATOIRE DE RECHERCHE","Laboratoires (La)",805,16.5]
[2011,"MALA1",3,"MALAGNOU STATION ZOOLOGIE","A","LR","LABORATOIRE DE RECHERCHE","Laboratoires (La)",805,18.5]
[2011,"MALA1",3,"MALAGNOU STATION ZOOLOGIE","A","LR","LABORATOIRE DE RECHERCHE","Laboratoires (La)",805,18.5]
[2011,"MALA1",3,"MALAGNOU STATION ZOOLOGIE","A","LR","LABORATOIRE DE RECHERCHE","Laboratoires (La)",805,19]
[2011,"MALA1",3,"MALAGNOU STATION ZOOLOGIE","A","LR","LABORATOIRE DE RECHERCHE","Laboratoires (La)",805,19.5]
[2011,"MALA1",3,"MALAGNOU STATION ZOOLOGIE","A","LR","LABORATOIRE DE RECHERCHE","Laboratoires (La)",805,20]
[2011,"MALA1",3,"MALAGNOU STATION ZOOLOGIE","A","LR","LABORATOIRE DE RECHERCHE","Laboratoires (La)",805,20.5]
[2011,"MALA1",3,"MALAGNOU STATION ZOOLOGIE","A","LR","LABORATOIRE DE RECHERCHE","Laboratoires (La)",805,23]
[2011,"MALA1",3,"MALAGNOU STATION ZOOLOGIE","A","LR","LABORATOIRE DE RECHERCHE","Laboratoires (La)",805,31.5]
[2011,"MALA1",3,"MALAGNOU STATION ZOOLOGIE","A","LR","LABORATOIRE DE RECHERCHE","Laboratoires (La)",805,32]
[2011,"MALA1",3,"MALAGNOU STATION ZOOLOGIE","A","LR","LABORATOIRE DE RECHERCHE","Laboratoires (La)",805,45]
[2011,"MALA1",3,"MALAGNOU STATION ZOOLOGIE","A","LR","LABORATOIRE DE RECHERCHE","Laboratoires (La)",805,47.5]
[2011,"MALA1",3,"MALAGNOU STATION ZOOLOGIE","A","TP","SALLE DE TRAVAUX PRATIQUES","Salles d'enseignement (UR)",392,23]
[2011,"MALA1",3,"MALAGNOU STATION ZOOLOGIE","A","TP","SALLE DE TRAVAUX PRATIQUES","Salles d'enseignement (UR)",392,145.5]
[2011,"MALA3",4,"MALAGNOU ANNEXE","A","AT","ATELIER","Laboratoires (La)",805,20]
[2011,"MALA3",4,"MALAGNOU ANNEXE","A","AX","ANNEXES","Archivage et surfaces d'entreposage (Ar)",196,2]
[2011,"MALA3",4,"MALAGNOU ANNEXE","A","AX","ANNEXES","Archivage et surfaces d'entreposage (Ar)",196,2]
[2011,"MALA3",4,"MALAGNOU ANNEXE","A","AX","ANNEXES","Archivage et surfaces d'entreposage (Ar)",196,3]
[2011,"MALA3",4,"MALAGNOU ANNEXE","A","AX","ANNEXES","Archivage et surfaces d'entreposage (Ar)",196,4]
[2011,"MALA3",4,"MALAGNOU ANNEXE","A","AX","ANNEXES","Archivage et surfaces d'entreposage (Ar)",196,5.5]
[2011,"MALA3",4,"MALAGNOU ANNEXE","A","AX","ANNEXES","Archivage et surfaces d'entreposage (Ar)",196,6]
[2011,"MALA3",4,"MALAGNOU ANNEXE","A","AX","ANNEXES","Archivage et surfaces d'entreposage (Ar)",196,6]
[2011,"MALA3",4,"MALAGNOU ANNEXE","A","AX","ANNEXES","Archivage et surfaces d'entreposage (Ar)",196,8]
[2011,"MALA3",4,"MALAGNOU ANNEXE","A","AX","ANNEXES","Archivage et surfaces d'entreposage (Ar)",196,9]
[2011,"MALA3",4,"MALAGNOU ANNEXE","A","AX","ANNEXES","Archivage et surfaces d'entreposage (Ar)",196,9.5]
[2011,"MALA3",4,"MALAGNOU ANNEXE","A","AX","ANNEXES","Archivage et surfaces d'entreposage (Ar)",196,15.5]
[2011,"MALA3",4,"MALAGNOU ANNEXE","A","AX","ANNEXES","Archivage et surfaces d'entreposage (Ar)",196,15.5]
[2011,"MALA3",4,"MALAGNOU ANNEXE","A","AX","ANNEXES","Archivage et surfaces d'entreposage (Ar)",196,26.5]
[2011,"MALA3",4,"MALAGNOU ANNEXE","A","BI","BIBLIOTHEQUE, SALLE DE LECTURE","Bibliothèques (Bi)",468,80]
[2011,"MALA3",4,"MALAGNOU ANNEXE","A","BU","BUREAU","Bureaux (Bü)",392,9]
[2011,"MALA3",4,"MALAGNOU ANNEXE","A","BU","BUREAU","Bureaux (Bü)",392,12.5]
[2011,"MALA3",4,"MALAGNOU ANNEXE","A","BU","BUREAU","Bureaux (Bü)",392,15.5]
[2011,"MALA3",4,"MALAGNOU ANNEXE","A","BU","BUREAU","Bureaux (Bü)",392,23.5]
[2011,"MALA3",4,"MALAGNOU ANNEXE","A","LR","LABORATOIRE DE RECHERCHE","Laboratoires (La)",805,23.5]
[2011,"MALA3",4,"MALAGNOU ANNEXE","A","LR","LABORATOIRE DE RECHERCHE","Laboratoires (La)",805,27]
[2011,"MALA3",4,"MALAGNOU ANNEXE","A","LR","LABORATOIRE DE RECHERCHE","Laboratoires (La)",805,30]
[2011,"MALA3",4,"MALAGNOU ANNEXE","A","LR","LABORATOIRE DE RECHERCHE","Laboratoires (La)",805,45.5]
[2011,"MALA3",4,"MALAGNOU ANNEXE","A","ST","STOCKAGE","Archivage et surfaces d'entreposage (Ar)",196,3]
[2011,"MALA3",4,"MALAGNOU ANNEXE","A","ST","STOCKAGE","Archivage et surfaces d'entreposage (Ar)",196,9.5]
[2011,"MALA3",4,"MALAGNOU ANNEXE","A","ST","STOCKAGE","Archivage et surfaces d'entreposage (Ar)",196,9.5]
[2011,"MALA3",4,"MALAGNOU ANNEXE","A","TP","SALLE DE TRAVAUX PRATIQUES","Salles d'enseignement (UR)",392,15.5]
[2011,"MALA3",4,"MALAGNOU ANNEXE","A","TP","SALLE DE TRAVAUX PRATIQUES","Salles d'enseignement (UR)",392,15.5]
[2011,"MALA3",4,"MALAGNOU ANNEXE","A","TP","SALLE DE TRAVAUX PRATIQUES","Salles d'enseignement (UR)",392,15.5]
[2011,"ISOTO",5,"PAVILLON DES ISOTOPES","A","AR","ARCHIVES","Archivage et surfaces d'entreposage (Ar)",196,3]
[2011,"ISOTO",5,"PAVILLON DES ISOTOPES","A","AT","ATELIER","Laboratoires (La)",805,14.5]
[2011,"ISOTO",5,"PAVILLON DES ISOTOPES","A","AT","ATELIER","Laboratoires (La)",805,30]
[2011,"ISOTO",5,"PAVILLON DES ISOTOPES","A","AX","ANNEXES","Archivage et surfaces d'entreposage (Ar)",196,7.5]
[2011,"ISOTO",5,"PAVILLON DES ISOTOPES","A","AX","ANNEXES","Archivage et surfaces d'entreposage (Ar)",196,7.5]
[2011,"ISOTO",5,"PAVILLON DES ISOTOPES","A","AX","ANNEXES","Archivage et surfaces d'entreposage (Ar)",196,8.5]
[2011,"ISOTO",5,"PAVILLON DES ISOTOPES","A","AX","ANNEXES","Archivage et surfaces d'entreposage (Ar)",196,8.5]
[2011,"ISOTO",5,"PAVILLON DES ISOTOPES","A","AX","ANNEXES","Archivage et surfaces d'entreposage (Ar)",196,9]
[2011,"ISOTO",5,"PAVILLON DES ISOTOPES","A","AX","ANNEXES","Archivage et surfaces d'entreposage (Ar)",196,13.5]
[2011,"ISOTO",5,"PAVILLON DES ISOTOPES","A","AX","ANNEXES","Archivage et surfaces d'entreposage (Ar)",196,20.5]
[2011,"ISOTO",5,"PAVILLON DES ISOTOPES","A","BI","BIBLIOTHEQUE, SALLE DE LECTURE","Bibliothèques (Bi)",468,42]
[2011,"ISOTO",5,"PAVILLON DES ISOTOPES","A","BU","BUREAU","Bureaux (Bü)",392,9]
[2011,"ISOTO",5,"PAVILLON DES ISOTOPES","A","BU","BUREAU","Bureaux (Bü)",392,10]
[2011,"ISOTO",5,"PAVILLON DES ISOTOPES","A","BU","BUREAU","Bureaux (Bü)",392,12.5]
[2011,"ISOTO",5,"PAVILLON DES ISOTOPES","A","BU","BUREAU","Bureaux (Bü)",392,12.5]
[2011,"ISOTO",5,"PAVILLON DES ISOTOPES","A","BU","BUREAU","Bureaux (Bü)",392,13]
[2011,"ISOTO",5,"PAVILLON DES ISOTOPES","A","BU","BUREAU","Bureaux (Bü)",392,18]
[2011,"ISOTO",5,"PAVILLON DES ISOTOPES","A","BU","BUREAU","Bureaux (Bü)",392,18]
[2011,"ISOTO",5,"PAVILLON DES ISOTOPES","A","BU","BUREAU","Bureaux (Bü)",392,20]
[2011,"ISOTO",5,"PAVILLON DES ISOTOPES","A","BU","BUREAU","Bureaux (Bü)",392,25]
[2011,"ISOTO",5,"PAVILLON DES ISOTOPES","A","LA","LAVERIE","Laboratoires (La)",805,11.5]
[2011,"ISOTO",5,"PAVILLON DES ISOTOPES","A","LR","LABORATOIRE DE RECHERCHE","Laboratoires (La)",805,5.5]
[2011,"ISOTO",5,"PAVILLON DES ISOTOPES","A","LR","LABORATOIRE DE RECHERCHE","Laboratoires (La)",805,8.5]
[2011,"ISOTO",5,"PAVILLON DES ISOTOPES","A","LR","LABORATOIRE DE RECHERCHE","Laboratoires (La)",805,13]
[2011,"ISOTO",5,"PAVILLON DES ISOTOPES","A","LR","LABORATOIRE DE RECHERCHE","Laboratoires (La)",805,13]
[2011,"ISOTO",5,"PAVILLON DES ISOTOPES","A","LR","LABORATOIRE DE RECHERCHE","Laboratoires (La)",805,13]
[2011,"ISOTO",5,"PAVILLON DES ISOTOPES","A","LR","LABORATOIRE DE RECHERCHE","Laboratoires (La)",805,13.5]
[2011,"ISOTO",5,"PAVILLON DES ISOTOPES","A","LR","LABORATOIRE DE RECHERCHE","Laboratoires (La)",805,13.5]
[2011,"ISOTO",5,"PAVILLON DES ISOTOPES","A","LR","LABORATOIRE DE RECHERCHE","Laboratoires (La)",805,15]
[2011,"ISOTO",5,"PAVILLON DES ISOTOPES","A","LR","LABORATOIRE DE RECHERCHE","Laboratoires (La)",805,16]
[2011,"ISOTO",5,"PAVILLON DES ISOTOPES","A","LR","LABORATOIRE DE RECHERCHE","Laboratoires (La)",805,16]
[2011,"ISOTO",5,"PAVILLON DES ISOTOPES","A","LR","LABORATOIRE DE RECHERCHE","Laboratoires (La)",805,16]
[2011,"ISOTO",5,"PAVILLON DES ISOTOPES","A","LR","LABORATOIRE DE RECHERCHE","Laboratoires (La)",805,16]
[2011,"ISOTO",5,"PAVILLON DES ISOTOPES","A","LR","LABORATOIRE DE RECHERCHE","Laboratoires (La)",805,16.5]
[2011,"ISOTO",5,"PAVILLON DES ISOTOPES","A","LR","LABORATOIRE DE RECHERCHE","Laboratoires (La)",805,17]
[2011,"ISOTO",5,"PAVILLON DES ISOTOPES","A","LR","LABORATOIRE DE RECHERCHE","Laboratoires (La)",805,17]
[2011,"ISOTO",5,"PAVILLON DES ISOTOPES","A","LR","LABORATOIRE DE RECHERCHE","Laboratoires (La)",805,17]
[2011,"ISOTO",5,"PAVILLON DES ISOTOPES","A","LR","LABORATOIRE DE RECHERCHE","Laboratoires (La)",805,17]
[2011,"ISOTO",5,"PAVILLON DES ISOTOPES","A","LR","LABORATOIRE DE RECHERCHE","Laboratoires (La)",805,17.5]
[2011,"ISOTO",5,"PAVILLON DES ISOTOPES","A","LR","LABORATOIRE DE RECHERCHE","Laboratoires (La)",805,18]
[2011,"ISOTO",5,"PAVILLON DES ISOTOPES","A","LR","LABORATOIRE DE RECHERCHE","Laboratoires (La)",805,18]
[2011,"ISOTO",5,"PAVILLON DES ISOTOPES","A","LR","LABORATOIRE DE RECHERCHE","Laboratoires (La)",805,18]
[2011,"ISOTO",5,"PAVILLON DES ISOTOPES","A","LR","LABORATOIRE DE RECHERCHE","Laboratoires (La)",805,18]
[2011,"ISOTO",5,"PAVILLON DES ISOTOPES","A","LR","LABORATOIRE DE RECHERCHE","Laboratoires (La)",805,22]
[2011,"ISOTO",5,"PAVILLON DES ISOTOPES","A","LR","LABORATOIRE DE RECHERCHE","Laboratoires (La)",805,23.5]
[2011,"ISOTO",5,"PAVILLON DES ISOTOPES","A","LR","LABORATOIRE DE RECHERCHE","Laboratoires (La)",805,24.5]
[2011,"ISOTO",5,"PAVILLON DES ISOTOPES","A","LR","LABORATOIRE DE RECHERCHE","Laboratoires (La)",805,26]
[2011,"ISOTO",5,"PAVILLON DES ISOTOPES","A","LR","LABORATOIRE DE RECHERCHE","Laboratoires (La)",805,31]
[2011,"ISOTO",5,"PAVILLON DES ISOTOPES","A","LR","LABORATOIRE DE RECHERCHE","Laboratoires (La)",805,32.5]
[2011,"ISOTO",5,"PAVILLON DES ISOTOPES","A","LR","LABORATOIRE DE RECHERCHE","Laboratoires (La)",805,50]
[2011,"ISOTO",5,"PAVILLON DES ISOTOPES","A","SO","LOCAL SOCIAL","Locaux du domaine social (So)",430,11]
[2011,"ISOTO",5,"PAVILLON DES ISOTOPES","A","SO","LOCAL SOCIAL","Locaux du domaine social (So)",430,18]
[2011,"ISOTO",5,"PAVILLON DES ISOTOPES","A","ST","STOCKAGE","Archivage et surfaces d'entreposage (Ar)",196,4.5]
[2011,"ISOTO",5,"PAVILLON DES ISOTOPES","A","ST","STOCKAGE","Archivage et surfaces d'entreposage (Ar)",196,7.5]
[2011,"ISOTO",5,"PAVILLON DES ISOTOPES","A","ST","STOCKAGE","Archivage et surfaces d'entreposage (Ar)",196,10]
[2011,"ISOTO",5,"PAVILLON DES ISOTOPES","A","ST","STOCKAGE","Archivage et surfaces d'entreposage (Ar)",196,15.5]
[2011,"ISOTO",5,"PAVILLON DES ISOTOPES","A","ST","STOCKAGE","Archivage et surfaces d'entreposage (Ar)",196,31.5]
[2011,"ISOTO",5,"PAVILLON DES ISOTOPES","A","ST","STOCKAGE","Archivage et surfaces d'entreposage (Ar)",196,40]
[2011,"DATCH",6,"DATCHA","A","AX","ANNEXES","Archivage et surfaces d'entreposage (Ar)",196,5.5]
[2011,"DATCH",6,"DATCHA","A","BU","BUREAU","Bureaux (Bü)",392,10.5]
[2011,"DATCH",6,"DATCHA","A","BU","BUREAU","Bureaux (Bü)",392,10.5]
[2011,"DATCH",6,"DATCHA","A","BU","BUREAU","Bureaux (Bü)",392,11]
[2011,"DATCH",6,"DATCHA","A","BU","BUREAU","Bureaux (Bü)",392,12]
[2011,"DATCH",6,"DATCHA","A","BU","BUREAU","Bureaux (Bü)",392,18]
[2011,"DATCH",6,"DATCHA","A","BU","BUREAU","Bureaux (Bü)",392,18.5]
[2011,"DATCH",6,"DATCHA","A","BU","BUREAU","Bureaux (Bü)",392,19.5]
[2011,"DATCH",6,"DATCHA","A","CA","CAFETERIA","Locaux du domaine social (So)",430,10.5]
[2011,"DATCH",6,"DATCHA","A","CA","CAFETERIA","Locaux du domaine social (So)",430,48]
[2011,"DATCH",6,"DATCHA","A","CO","COULOIR","Local fictif - sans coût",0,16]
[2011,"DATCH",6,"DATCHA","A","RE","SALLE DE REUNION","Salles d'enseignement (UR)",392,34]
[2011,"DATCH",6,"DATCHA","A","ST","STOCKAGE","Archivage et surfaces d'entreposage (Ar)",196,26]
[2011,"MIRA",7,"MIRABEAU","A","BU","BUREAU","Bureaux (Bü)",392,5]
[2011,"MIRA",7,"MIRABEAU","A","BU","BUREAU","Bureaux (Bü)",392,7]
[2011,"MIRA",7,"MIRABEAU","A","BU","BUREAU","Bureaux (Bü)",392,10.5]
[2011,"MIRA",7,"MIRABEAU","A","BU","BUREAU","Bureaux (Bü)",392,11.5]
[2011,"MIRA",7,"MIRABEAU","A","BU","BUREAU","Bureaux (Bü)",392,12]
[2011,"MIRA",7,"MIRABEAU","A","BU","BUREAU","Bureaux (Bü)",392,12]
[2011,"MIRA",7,"MIRABEAU","A","BU","BUREAU","Bureaux (Bü)",392,12]
[2011,"MIRA",7,"MIRABEAU","A","BU","BUREAU","Bureaux (Bü)",392,13]
[2011,"MIRA",7,"MIRABEAU","A","BU","BUREAU","Bureaux (Bü)",392,13]
[2011,"MIRA",7,"MIRABEAU","A","BU","BUREAU","Bureaux (Bü)",392,13]
[2011,"MIRA",7,"MIRABEAU","A","BU","BUREAU","Bureaux (Bü)",392,14.5]
[2011,"MIRA",7,"MIRABEAU","A","BU","BUREAU","Bureaux (Bü)",392,14.5]
[2011,"MIRA",7,"MIRABEAU","A","BU","BUREAU","Bureaux (Bü)",392,14.5]
[2011,"MIRA",7,"MIRABEAU","A","BU","BUREAU","Bureaux (Bü)",392,16.5]
[2011,"MIRA",7,"MIRABEAU","A","BU","BUREAU","Bureaux (Bü)",392,17]
[2011,"MIRA",7,"MIRABEAU","A","BU","BUREAU","Bureaux (Bü)",392,17]
[2011,"MIRA",7,"MIRABEAU","A","BU","BUREAU","Bureaux (Bü)",392,17]
[2011,"MIRA",7,"MIRABEAU","A","BU","BUREAU","Bureaux (Bü)",392,17]
[2011,"MIRA",7,"MIRABEAU","A","BU","BUREAU","Bureaux (Bü)",392,18]
[2011,"MIRA",7,"MIRABEAU","A","BU","BUREAU","Bureaux (Bü)",392,18.5]
[2011,"MIRA",7,"MIRABEAU","A","BU","BUREAU","Bureaux (Bü)",392,19]
[2011,"MIRA",7,"MIRABEAU","A","BU","BUREAU","Bureaux (Bü)",392,20]
[2011,"MIRA",7,"MIRABEAU","A","BU","BUREAU","Bureaux (Bü)",392,28.5]
[2011,"MIRA",7,"MIRABEAU","A","BU","BUREAU","Bureaux (Bü)",392,29]
[2011,"MIRA",7,"MIRABEAU","A","BU","BUREAU","Bureaux (Bü)",392,29]
[2011,"MIRA",7,"MIRABEAU","A","BU","BUREAU","Bureaux (Bü)",392,30]
[2011,"MIRA",7,"MIRABEAU","A","BU","BUREAU","Bureaux (Bü)",392,30]
[2011,"MIRA",7,"MIRABEAU","A","BU","BUREAU","Bureaux (Bü)",392,53.5]
[2011,"MIRA",7,"MIRABEAU","A","DV","DIVERS","Local fictif - sans coût",0,12]
[2011,"MIRA",7,"MIRABEAU","A","DV","DIVERS","Local fictif - sans coût",0,13]
[2011,"MIRA",7,"MIRABEAU","A","DV","DIVERS","Local fictif - sans coût",0,13]
[2011,"MIRA",7,"MIRABEAU","A","DV","DIVERS","Local fictif - sans coût",0,17.5]
[2011,"MIRA",7,"MIRABEAU","A","DV","DIVERS","Local fictif - sans coût",0,21]
[2011,"MIRA",7,"MIRABEAU","A","DV","DIVERS","Local fictif - sans coût",0,31]
[2011,"MIRA",7,"MIRABEAU","A","PC","SALLE DE TERMINAUX","Laboratoires (La)",805,43]
[2011,"MIRA",7,"MIRABEAU","A","ST","STOCKAGE","Archivage et surfaces d'entreposage (Ar)",196,30]
[2011,"MIRA",7,"MIRABEAU","A","ST","STOCKAGE","Archivage et surfaces d'entreposage (Ar)",196,32]
[2011,"MIRA",7,"MIRABEAU","A","ST","STOCKAGE","Archivage et surfaces d'entreposage (Ar)",196,36]
[2011,"MARA",9,"MARAICHERS A","A","AR","ARCHIVES","Archivage et surfaces d'entreposage (Ar)",196,22]
[2011,"MARA",9,"MARAICHERS A","A","AT","ATELIER","Laboratoires (La)",805,8]
[2011,"MARA",9,"MARAICHERS A","A","AT","ATELIER","Laboratoires (La)",805,65.5]
[2011,"MARA",9,"MARAICHERS A","A","AU","AUDITOIRE","Salles de cours (Hö)",667,42]
[2011,"MARA",9,"MARAICHERS A","A","AU","AUDITOIRE","Salles de cours (Hö)",667,66]
[2011,"MARA",9,"MARAICHERS A","A","AU","AUDITOIRE","Salles de cours (Hö)",667,82.5]
[2011,"MARA",9,"MARAICHERS A","A","AU","AUDITOIRE","Salles de cours (Hö)",667,95.5]
[2011,"MARA",9,"MARAICHERS A","A","AU","AUDITOIRE","Salles de cours (Hö)",667,99.5]
[2011,"MARA",9,"MARAICHERS A","A","AU","AUDITOIRE","Salles de cours (Hö)",667,120]
[2011,"MARA",9,"MARAICHERS A","A","AU","AUDITOIRE","Salles de cours (Hö)",667,123.5]
[2011,"MARA",9,"MARAICHERS A","A","AX","ANNEXES","Archivage et surfaces d'entreposage (Ar)",196,10]
[2011,"MARA",9,"MARAICHERS A","A","AX","ANNEXES","Archivage et surfaces d'entreposage (Ar)",196,14]
[2011,"MARA",9,"MARAICHERS A","A","BI","BIBLIOTHEQUE, SALLE DE LECTURE","Bibliothèques (Bi)",468,80]
[2011,"MARA",9,"MARAICHERS A","A","BI","BIBLIOTHEQUE, SALLE DE LECTURE","Bibliothèques (Bi)",468,97.5]
[2011,"MARA",9,"MARAICHERS A","A","BI","BIBLIOTHEQUE, SALLE DE LECTURE","Bibliothèques (Bi)",468,169.5]
[2011,"MARA",9,"MARAICHERS A","A","BU","BUREAU","Bureaux (Bü)",392,9]
[2011,"MARA",9,"MARAICHERS A","A","BU","BUREAU","Bureaux (Bü)",392,9]
[2011,"MARA",9,"MARAICHERS A","A","BU","BUREAU","Bureaux (Bü)",392,10.5]
[2011,"MARA",9,"MARAICHERS A","A","BU","BUREAU","Bureaux (Bü)",392,11]
[2011,"MARA",9,"MARAICHERS A","A","BU","BUREAU","Bureaux (Bü)",392,11]
[2011,"MARA",9,"MARAICHERS A","A","BU","BUREAU","Bureaux (Bü)",392,11]
[2011,"MARA",9,"MARAICHERS A","A","BU","BUREAU","Bureaux (Bü)",392,11]
[2011,"MARA",9,"MARAICHERS A","A","BU","BUREAU","Bureaux (Bü)",392,11]
[2011,"MARA",9,"MARAICHERS A","A","BU","BUREAU","Bureaux (Bü)",392,11]
[2011,"MARA",9,"MARAICHERS A","A","BU","BUREAU","Bureaux (Bü)",392,12]
[2011,"MARA",9,"MARAICHERS A","A","BU","BUREAU","Bureaux (Bü)",392,13]
[2011,"MARA",9,"MARAICHERS A","A","BU","BUREAU","Bureaux (Bü)",392,13]
[2011,"MARA",9,"MARAICHERS A","A","BU","BUREAU","Bureaux (Bü)",392,13]
[2011,"MARA",9,"MARAICHERS A","A","BU","BUREAU","Bureaux (Bü)",392,13]
[2011,"MARA",9,"MARAICHERS A","A","BU","BUREAU","Bureaux (Bü)",392,13]
[2011,"MARA",9,"MARAICHERS A","A","BU","BUREAU","Bureaux (Bü)",392,13]
[2011,"MARA",9,"MARAICHERS A","A","BU","BUREAU","Bureaux (Bü)",392,15]
[2011,"MARA",9,"MARAICHERS A","A","BU","BUREAU","Bureaux (Bü)",392,15]
[2011,"MARA",9,"MARAICHERS A","A","BU","BUREAU","Bureaux (Bü)",392,15]
[2011,"MARA",9,"MARAICHERS A","A","BU","BUREAU","Bureaux (Bü)",392,15]
[2011,"MARA",9,"MARAICHERS A","A","BU","BUREAU","Bureaux (Bü)",392,15]
[2011,"MARA",9,"MARAICHERS A","A","BU","BUREAU","Bureaux (Bü)",392,15]
[2011,"MARA",9,"MARAICHERS A","A","BU","BUREAU","Bureaux (Bü)",392,15]
[2011,"MARA",9,"MARAICHERS A","A","BU","BUREAU","Bureaux (Bü)",392,15]
[2011,"MARA",9,"MARAICHERS A","A","BU","BUREAU","Bureaux (Bü)",392,16]
[2011,"MARA",9,"MARAICHERS A","A","BU","BUREAU","Bureaux (Bü)",392,16]
[2011,"MARA",9,"MARAICHERS A","A","BU","BUREAU","Bureaux (Bü)",392,16]
[2011,"MARA",9,"MARAICHERS A","A","BU","BUREAU","Bureaux (Bü)",392,16.5]
[2011,"MARA",9,"MARAICHERS A","A","BU","BUREAU","Bureaux (Bü)",392,16.5]
[2011,"MARA",9,"MARAICHERS A","A","BU","BUREAU","Bureaux (Bü)",392,17.5]
[2011,"MARA",9,"MARAICHERS A","A","BU","BUREAU","Bureaux (Bü)",392,18]
[2011,"MARA",9,"MARAICHERS A","A","BU","BUREAU","Bureaux (Bü)",392,18.5]
[2011,"MARA",9,"MARAICHERS A","A","BU","BUREAU","Bureaux (Bü)",392,20]
[2011,"MARA",9,"MARAICHERS A","A","BU","BUREAU","Bureaux (Bü)",392,20]
[2011,"MARA",9,"MARAICHERS A","A","BU","BUREAU","Bureaux (Bü)",392,20.5]
[2011,"MARA",9,"MARAICHERS A","A","BU","BUREAU","Bureaux (Bü)",392,25]
[2011,"MARA",9,"MARAICHERS A","A","BU","BUREAU","Bureaux (Bü)",392,27]
[2011,"MARA",9,"MARAICHERS A","A","BU","BUREAU","Bureaux (Bü)",392,28]
[2011,"MARA",9,"MARAICHERS A","A","BU","BUREAU","Bureaux (Bü)",392,28.5]
[2011,"MARA",9,"MARAICHERS A","A","BU","BUREAU","Bureaux (Bü)",392,33]
[2011,"MARA",9,"MARAICHERS A","A","BU","BUREAU","Bureaux (Bü)",392,33]
[2011,"MARA",9,"MARAICHERS A","A","BU","BUREAU","Bureaux (Bü)",392,33]
[2011,"MARA",9,"MARAICHERS A","A","BU","BUREAU","Bureaux (Bü)",392,33]
[2011,"MARA",9,"MARAICHERS A","A","BU","BUREAU","Bureaux (Bü)",392,33.5]
[2011,"MARA",9,"MARAICHERS A","A","BU","BUREAU","Bureaux (Bü)",392,36]
[2011,"MARA",9,"MARAICHERS A","A","BU","BUREAU","Bureaux (Bü)",392,36.5]
[2011,"MARA",9,"MARAICHERS A","A","BU","BUREAU","Bureaux (Bü)",392,51]
[2011,"MARA",9,"MARAICHERS A","A","BU","BUREAU","Bureaux (Bü)",392,56.5]
[2011,"MARA",9,"MARAICHERS A","A","LR","LABORATOIRE DE RECHERCHE","Laboratoires (La)",805,6.5]
[2011,"MARA",9,"MARAICHERS A","A","LR","LABORATOIRE DE RECHERCHE","Laboratoires (La)",805,15]
[2011,"MARA",9,"MARAICHERS A","A","LR","LABORATOIRE DE RECHERCHE","Laboratoires (La)",805,15.5]
[2011,"MARA",9,"MARAICHERS A","A","LR","LABORATOIRE DE RECHERCHE","Laboratoires (La)",805,17]
[2011,"MARA",9,"MARAICHERS A","A","LR","LABORATOIRE DE RECHERCHE","Laboratoires (La)",805,19]
[2011,"MARA",9,"MARAICHERS A","A","LR","LABORATOIRE DE RECHERCHE","Laboratoires (La)",805,65.5]
[2011,"MARA",9,"MARAICHERS A","A","ST","STOCKAGE","Archivage et surfaces d'entreposage (Ar)",196,4]
[2011,"MARA",9,"MARAICHERS A","A","ST","STOCKAGE","Archivage et surfaces d'entreposage (Ar)",196,4.5]
[2011,"MARA",9,"MARAICHERS A","A","ST","STOCKAGE","Archivage et surfaces d'entreposage (Ar)",196,5.5]
[2011,"MARA",9,"MARAICHERS A","A","ST","STOCKAGE","Archivage et surfaces d'entreposage (Ar)",196,5.5]
[2011,"MARA",9,"MARAICHERS A","A","ST","STOCKAGE","Archivage et surfaces d'entreposage (Ar)",196,5.5]
[2011,"MARA",9,"MARAICHERS A","A","ST","STOCKAGE","Archivage et surfaces d'entreposage (Ar)",196,5.5]
[2011,"MARA",9,"MARAICHERS A","A","ST","STOCKAGE","Archivage et surfaces d'entreposage (Ar)",196,6]
[2011,"MARA",9,"MARAICHERS A","A","ST","STOCKAGE","Archivage et surfaces d'entreposage (Ar)",196,6]
[2011,"MARA",9,"MARAICHERS A","A","ST","STOCKAGE","Archivage et surfaces d'entreposage (Ar)",196,7]
[2011,"MARA",9,"MARAICHERS A","A","ST","STOCKAGE","Archivage et surfaces d'entreposage (Ar)",196,7]
[2011,"MARA",9,"MARAICHERS A","A","ST","STOCKAGE","Archivage et surfaces d'entreposage (Ar)",196,10]
[2011,"MARA",9,"MARAICHERS A","A","ST","STOCKAGE","Archivage et surfaces d'entreposage (Ar)",196,11]
[2011,"MARA",9,"MARAICHERS A","A","ST","STOCKAGE","Archivage et surfaces d'entreposage (Ar)",196,11]
[2011,"MARA",9,"MARAICHERS A","A","ST","STOCKAGE","Archivage et surfaces d'entreposage (Ar)",196,12.5]
[2011,"MARA",9,"MARAICHERS A","A","ST","STOCKAGE","Archivage et surfaces d'entreposage (Ar)",196,14.5]
[2011,"MARA",9,"MARAICHERS A","A","ST","STOCKAGE","Archivage et surfaces d'entreposage (Ar)",196,19]
[2011,"MARB",10,"MARAICHERS B","A","AR","ARCHIVES","Archivage et surfaces d'entreposage (Ar)",196,47]
[2011,"MARB",10,"MARAICHERS B","A","AT","ATELIER","Laboratoires (La)",805,9.5]
[2011,"MARB",10,"MARAICHERS B","A","AT","ATELIER","Laboratoires (La)",805,10]
[2011,"MARB",10,"MARAICHERS B","A","AT","ATELIER","Laboratoires (La)",805,15]
[2011,"MARB",10,"MARAICHERS B","A","AT","ATELIER","Laboratoires (La)",805,16.5]
[2011,"MARB",10,"MARAICHERS B","A","AT","ATELIER","Laboratoires (La)",805,18]
[2011,"MARB",10,"MARAICHERS B","A","AT","ATELIER","Laboratoires (La)",805,19]
[2011,"MARB",10,"MARAICHERS B","A","AT","ATELIER","Laboratoires (La)",805,27]
[2011,"MARB",10,"MARAICHERS B","A","AT","ATELIER","Laboratoires (La)",805,51]
[2011,"MARB",10,"MARAICHERS B","A","AT","ATELIER","Laboratoires (La)",805,51]
[2011,"MARB",10,"MARAICHERS B","A","AT","ATELIER","Laboratoires (La)",805,70]
[2011,"MARB",10,"MARAICHERS B","A","AT","ATELIER","Laboratoires (La)",805,120]
[2011,"MARB",10,"MARAICHERS B","A","AT","ATELIER","Laboratoires (La)",805,126]
[2011,"MARB",10,"MARAICHERS B","A","AU","AUDITOIRE","Salles de cours (Hö)",667,95]
[2011,"MARB",10,"MARAICHERS B","A","BU","BUREAU","Bureaux (Bü)",392,7]
[2011,"MARB",10,"MARAICHERS B","A","BU","BUREAU","Bureaux (Bü)",392,11]
[2011,"MARB",10,"MARAICHERS B","A","BU","BUREAU","Bureaux (Bü)",392,11]
[2011,"MARB",10,"MARAICHERS B","A","BU","BUREAU","Bureaux (Bü)",392,11]
[2011,"MARB",10,"MARAICHERS B","A","BU","BUREAU","Bureaux (Bü)",392,11]
[2011,"MARB",10,"MARAICHERS B","A","BU","BUREAU","Bureaux (Bü)",392,11]
[2011,"MARB",10,"MARAICHERS B","A","BU","BUREAU","Bureaux (Bü)",392,11]
[2011,"MARB",10,"MARAICHERS B","A","BU","BUREAU","Bureaux (Bü)",392,11]
[2011,"MARB",10,"MARAICHERS B","A","BU","BUREAU","Bureaux (Bü)",392,11]
[2011,"MARB",10,"MARAICHERS B","A","BU","BUREAU","Bureaux (Bü)",392,18]
[2011,"MARB",10,"MARAICHERS B","A","BU","BUREAU","Bureaux (Bü)",392,18]
[2011,"MARB",10,"MARAICHERS B","A","BU","BUREAU","Bureaux (Bü)",392,22]
[2011,"MARB",10,"MARAICHERS B","A","BU","BUREAU","Bureaux (Bü)",392,23]
[2011,"MARB",10,"MARAICHERS B","A","CA","CAFETERIA","Locaux du domaine social (So)",430,33.5]
[2011,"MARB",10,"MARAICHERS B","A","LR","LABORATOIRE DE RECHERCHE","Laboratoires (La)",805,11.5]
[2011,"MARB",10,"MARAICHERS B","A","LR","LABORATOIRE DE RECHERCHE","Laboratoires (La)",805,17.5]
[2011,"MARB",10,"MARAICHERS B","A","LR","LABORATOIRE DE RECHERCHE","Laboratoires (La)",805,18]
[2011,"MARB",10,"MARAICHERS B","A","LR","LABORATOIRE DE RECHERCHE","Laboratoires (La)",805,20]
[2011,"MARB",10,"MARAICHERS B","A","LR","LABORATOIRE DE RECHERCHE","Laboratoires (La)",805,23]
[2011,"MARB",10,"MARAICHERS B","A","LR","LABORATOIRE DE RECHERCHE","Laboratoires (La)",805,27]
[2011,"MARB",10,"MARAICHERS B","A","LR","LABORATOIRE DE RECHERCHE","Laboratoires (La)",805,31.5]
[2011,"MARB",10,"MARAICHERS B","A","LR","LABORATOIRE DE RECHERCHE","Laboratoires (La)",805,32]
[2011,"MARB",10,"MARAICHERS B","A","LR","LABORATOIRE DE RECHERCHE","Laboratoires (La)",805,32]
[2011,"MARB",10,"MARAICHERS B","A","LR","LABORATOIRE DE RECHERCHE","Laboratoires (La)",805,32]
[2011,"MARB",10,"MARAICHERS B","A","ST","STOCKAGE","Archivage et surfaces d'entreposage (Ar)",196,10.5]
[2011,"MARB",10,"MARAICHERS B","A","ST","STOCKAGE","Archivage et surfaces d'entreposage (Ar)",196,52]
[2011,"PETIT",11,"MAISON DES PETITS","A","BI","BIBLIOTHEQUE, SALLE DE LECTURE","Bibliothèques (Bi)",468,38.5]
[2011,"PETIT",11,"MAISON DES PETITS","A","BU","BUREAU","Bureaux (Bü)",392,11.5]
[2011,"PETIT",11,"MAISON DES PETITS","A","LR","LABORATOIRE DE RECHERCHE","Laboratoires (La)",805,19.5]
[2011,"PETIT",11,"MAISON DES PETITS","A","SM","SALLE DE SEMINAIRE / COURS","Salles d'enseignement (UR)",392,52.5]
[2011,"PETIT",11,"MAISON DES PETITS","A","ST","STOCKAGE","Archivage et surfaces d'entreposage (Ar)",196,13]
[2011,"CAN18",12,"CANDOLLE 18","A","BU","BUREAU","Bureaux (Bü)",392,12]
[2011,"CAN18",12,"CANDOLLE 18","A","BU","BUREAU","Bureaux (Bü)",392,13.5]
[2011,"CAN18",12,"CANDOLLE 18","A","BU","BUREAU","Bureaux (Bü)",392,19]
[2011,"CAN18",12,"CANDOLLE 18","A","RE","SALLE DE REUNION","Salles d'enseignement (UR)",392,15]
[2011,"CAN18",12,"CANDOLLE 18","A","ST","STOCKAGE","Archivage et surfaces d'entreposage (Ar)",196,18]
[2011,"FISIC",13,"ECOLE DE PHYSIQUE","A","AT","ATELIER","Laboratoires (La)",805,5.5]
[2011,"FISIC",13,"ECOLE DE PHYSIQUE","A","AT","ATELIER","Laboratoires (La)",805,14]
[2011,"FISIC",13,"ECOLE DE PHYSIQUE","A","AT","ATELIER","Laboratoires (La)",805,14.5]
[2011,"FISIC",13,"ECOLE DE PHYSIQUE","A","AT","ATELIER","Laboratoires (La)",805,23]
[2011,"FISIC",13,"ECOLE DE PHYSIQUE","A","AT","ATELIER","Laboratoires (La)",805,24]
[2011,"FISIC",13,"ECOLE DE PHYSIQUE","A","AT","ATELIER","Laboratoires (La)",805,32]
[2011,"FISIC",13,"ECOLE DE PHYSIQUE","A","AT","ATELIER","Laboratoires (La)",805,32.5]
[2011,"FISIC",13,"ECOLE DE PHYSIQUE","A","AT","ATELIER","Laboratoires (La)",805,34]
[2011,"FISIC",13,"ECOLE DE PHYSIQUE","A","AT","ATELIER","Laboratoires (La)",805,35.5]
[2011,"FISIC",13,"ECOLE DE PHYSIQUE","A","AT","ATELIER","Laboratoires (La)",805,46.5]
[2011,"FISIC",13,"ECOLE DE PHYSIQUE","A","AU","AUDITOIRE","Salles de cours (Hö)",667,88.5]
[2011,"FISIC",13,"ECOLE DE PHYSIQUE","A","AU","AUDITOIRE","Salles de cours (Hö)",667,334.5]
[2011,"FISIC",13,"ECOLE DE PHYSIQUE","A","AX","ANNEXES","Archivage et surfaces d'entreposage (Ar)",196,3.5]
[2011,"FISIC",13,"ECOLE DE PHYSIQUE","A","AX","ANNEXES","Archivage et surfaces d'entreposage (Ar)",196,3.5]
[2011,"FISIC",13,"ECOLE DE PHYSIQUE","A","AX","ANNEXES","Archivage et surfaces d'entreposage (Ar)",196,6.5]
[2011,"FISIC",13,"ECOLE DE PHYSIQUE","A","AX","ANNEXES","Archivage et surfaces d'entreposage (Ar)",196,9]
[2011,"FISIC",13,"ECOLE DE PHYSIQUE","A","AX","ANNEXES","Archivage et surfaces d'entreposage (Ar)",196,48.5]
[2011,"FISIC",13,"ECOLE DE PHYSIQUE","A","BI","BIBLIOTHEQUE, SALLE DE LECTURE","Bibliothèques (Bi)",468,95.5]
[2011,"FISIC",13,"ECOLE DE PHYSIQUE","A","BU","BUREAU","Bureaux (Bü)",392,6]
[2011,"FISIC",13,"ECOLE DE PHYSIQUE","A","BU","BUREAU","Bureaux (Bü)",392,7.5]
[2011,"FISIC",13,"ECOLE DE PHYSIQUE","A","BU","BUREAU","Bureaux (Bü)",392,8]
[2011,"FISIC",13,"ECOLE DE PHYSIQUE","A","BU","BUREAU","Bureaux (Bü)",392,8]
[2011,"FISIC",13,"ECOLE DE PHYSIQUE","A","BU","BUREAU","Bureaux (Bü)",392,8.5]
[2011,"FISIC",13,"ECOLE DE PHYSIQUE","A","BU","BUREAU","Bureaux (Bü)",392,10]
[2011,"FISIC",13,"ECOLE DE PHYSIQUE","A","BU","BUREAU","Bureaux (Bü)",392,11.5]
[2011,"FISIC",13,"ECOLE DE PHYSIQUE","A","BU","BUREAU","Bureaux (Bü)",392,11.5]
[2011,"FISIC",13,"ECOLE DE PHYSIQUE","A","BU","BUREAU","Bureaux (Bü)",392,12]
[2011,"FISIC",13,"ECOLE DE PHYSIQUE","A","BU","BUREAU","Bureaux (Bü)",392,12.5]
[2011,"FISIC",13,"ECOLE DE PHYSIQUE","A","BU","BUREAU","Bureaux (Bü)",392,13]
[2011,"FISIC",13,"ECOLE DE PHYSIQUE","A","BU","BUREAU","Bureaux (Bü)",392,13]
[2011,"FISIC",13,"ECOLE DE PHYSIQUE","A","BU","BUREAU","Bureaux (Bü)",392,13.5]
[2011,"FISIC",13,"ECOLE DE PHYSIQUE","A","BU","BUREAU","Bureaux (Bü)",392,13.5]
[2011,"FISIC",13,"ECOLE DE PHYSIQUE","A","BU","BUREAU","Bureaux (Bü)",392,13.5]
[2011,"FISIC",13,"ECOLE DE PHYSIQUE","A","BU","BUREAU","Bureaux (Bü)",392,14]
[2011,"FISIC",13,"ECOLE DE PHYSIQUE","A","BU","BUREAU","Bureaux (Bü)",392,14]
[2011,"FISIC",13,"ECOLE DE PHYSIQUE","A","BU","BUREAU","Bureaux (Bü)",392,14]
[2011,"FISIC",13,"ECOLE DE PHYSIQUE","A","BU","BUREAU","Bureaux (Bü)",392,14.5]
[2011,"FISIC",13,"ECOLE DE PHYSIQUE","A","BU","BUREAU","Bureaux (Bü)",392,14.5]
[2011,"FISIC",13,"ECOLE DE PHYSIQUE","A","BU","BUREAU","Bureaux (Bü)",392,15]
[2011,"FISIC",13,"ECOLE DE PHYSIQUE","A","BU","BUREAU","Bureaux (Bü)",392,15.5]
[2011,"FISIC",13,"ECOLE DE PHYSIQUE","A","BU","BUREAU","Bureaux (Bü)",392,15.5]
[2011,"FISIC",13,"ECOLE DE PHYSIQUE","A","BU","BUREAU","Bureaux (Bü)",392,15.5]
[2011,"FISIC",13,"ECOLE DE PHYSIQUE","A","BU","BUREAU","Bureaux (Bü)",392,15.5]
[2011,"FISIC",13,"ECOLE DE PHYSIQUE","A","BU","BUREAU","Bureaux (Bü)",392,15.5]
[2011,"FISIC",13,"ECOLE DE PHYSIQUE","A","BU","BUREAU","Bureaux (Bü)",392,15.5]
[2011,"FISIC",13,"ECOLE DE PHYSIQUE","A","BU","BUREAU","Bureaux (Bü)",392,17]
[2011,"FISIC",13,"ECOLE DE PHYSIQUE","A","BU","BUREAU","Bureaux (Bü)",392,17]
[2011,"FISIC",13,"ECOLE DE PHYSIQUE","A","BU","BUREAU","Bureaux (Bü)",392,17]
[2011,"FISIC",13,"ECOLE DE PHYSIQUE","A","BU","BUREAU","Bureaux (Bü)",392,17]
[2011,"FISIC",13,"ECOLE DE PHYSIQUE","A","BU","BUREAU","Bureaux (Bü)",392,17.5]
[2011,"FISIC",13,"ECOLE DE PHYSIQUE","A","BU","BUREAU","Bureaux (Bü)",392,17.5]
[2011,"FISIC",13,"ECOLE DE PHYSIQUE","A","BU","BUREAU","Bureaux (Bü)",392,17.5]
[2011,"FISIC",13,"ECOLE DE PHYSIQUE","A","BU","BUREAU","Bureaux (Bü)",392,17.5]
[2011,"FISIC",13,"ECOLE DE PHYSIQUE","A","BU","BUREAU","Bureaux (Bü)",392,17.5]
[2011,"FISIC",13,"ECOLE DE PHYSIQUE","A","BU","BUREAU","Bureaux (Bü)",392,18]
[2011,"FISIC",13,"ECOLE DE PHYSIQUE","A","BU","BUREAU","Bureaux (Bü)",392,18]
[2011,"FISIC",13,"ECOLE DE PHYSIQUE","A","BU","BUREAU","Bureaux (Bü)",392,18]
[2011,"FISIC",13,"ECOLE DE PHYSIQUE","A","BU","BUREAU","Bureaux (Bü)",392,18.5]
[2011,"FISIC",13,"ECOLE DE PHYSIQUE","A","BU","BUREAU","Bureaux (Bü)",392,20]
[2011,"FISIC",13,"ECOLE DE PHYSIQUE","A","BU","BUREAU","Bureaux (Bü)",392,21]
[2011,"FISIC",13,"ECOLE DE PHYSIQUE","A","BU","BUREAU","Bureaux (Bü)",392,21]
[2011,"FISIC",13,"ECOLE DE PHYSIQUE","A","BU","BUREAU","Bureaux (Bü)",392,21]
[2011,"FISIC",13,"ECOLE DE PHYSIQUE","A","BU","BUREAU","Bureaux (Bü)",392,21]
[2011,"FISIC",13,"ECOLE DE PHYSIQUE","A","BU","BUREAU","Bureaux (Bü)",392,21.5]
[2011,"FISIC",13,"ECOLE DE PHYSIQUE","A","BU","BUREAU","Bureaux (Bü)",392,21.5]
[2011,"FISIC",13,"ECOLE DE PHYSIQUE","A","BU","BUREAU","Bureaux (Bü)",392,21.5]
[2011,"FISIC",13,"ECOLE DE PHYSIQUE","A","BU","BUREAU","Bureaux (Bü)",392,21.5]
[2011,"FISIC",13,"ECOLE DE PHYSIQUE","A","BU","BUREAU","Bureaux (Bü)",392,21.5]
[2011,"FISIC",13,"ECOLE DE PHYSIQUE","A","BU","BUREAU","Bureaux (Bü)",392,22]
[2011,"FISIC",13,"ECOLE DE PHYSIQUE","A","BU","BUREAU","Bureaux (Bü)",392,22]
[2011,"FISIC",13,"ECOLE DE PHYSIQUE","A","BU","BUREAU","Bureaux (Bü)",392,22]
[2011,"FISIC",13,"ECOLE DE PHYSIQUE","A","BU","BUREAU","Bureaux (Bü)",392,22]
[2011,"FISIC",13,"ECOLE DE PHYSIQUE","A","BU","BUREAU","Bureaux (Bü)",392,22]
[2011,"FISIC",13,"ECOLE DE PHYSIQUE","A","BU","BUREAU","Bureaux (Bü)",392,22.5]
[2011,"FISIC",13,"ECOLE DE PHYSIQUE","A","BU","BUREAU","Bureaux (Bü)",392,22.5]
[2011,"FISIC",13,"ECOLE DE PHYSIQUE","A","BU","BUREAU","Bureaux (Bü)",392,23]
[2011,"FISIC",13,"ECOLE DE PHYSIQUE","A","BU","BUREAU","Bureaux (Bü)",392,23]
[2011,"FISIC",13,"ECOLE DE PHYSIQUE","A","BU","BUREAU","Bureaux (Bü)",392,23]
[2011,"FISIC",13,"ECOLE DE PHYSIQUE","A","BU","BUREAU","Bureaux (Bü)",392,23]
[2011,"FISIC",13,"ECOLE DE PHYSIQUE","A","BU","BUREAU","Bureaux (Bü)",392,23]
[2011,"FISIC",13,"ECOLE DE PHYSIQUE","A","BU","BUREAU","Bureaux (Bü)",392,23]
[2011,"FISIC",13,"ECOLE DE PHYSIQUE","A","BU","BUREAU","Bureaux (Bü)",392,23]
[2011,"FISIC",13,"ECOLE DE PHYSIQUE","A","BU","BUREAU","Bureaux (Bü)",392,24]
[2011,"FISIC",13,"ECOLE DE PHYSIQUE","A","BU","BUREAU","Bureaux (Bü)",392,27]
[2011,"FISIC",13,"ECOLE DE PHYSIQUE","A","BU","BUREAU","Bureaux (Bü)",392,32.5]
[2011,"FISIC",13,"ECOLE DE PHYSIQUE","A","BU","BUREAU","Bureaux (Bü)",392,33.5]
[2011,"FISIC",13,"ECOLE DE PHYSIQUE","A","BU","BUREAU","Bureaux (Bü)",392,33.5]
[2011,"FISIC",13,"ECOLE DE PHYSIQUE","A","BU","BUREAU","Bureaux (Bü)",392,34]
[2011,"FISIC",13,"ECOLE DE PHYSIQUE","A","BU","BUREAU","Bureaux (Bü)",392,34]
[2011,"FISIC",13,"ECOLE DE PHYSIQUE","A","BU","BUREAU","Bureaux (Bü)",392,34]
[2011,"FISIC",13,"ECOLE DE PHYSIQUE","A","BU","BUREAU","Bureaux (Bü)",392,34.5]
[2011,"FISIC",13,"ECOLE DE PHYSIQUE","A","BU","BUREAU","Bureaux (Bü)",392,35]
[2011,"FISIC",13,"ECOLE DE PHYSIQUE","A","BU","BUREAU","Bureaux (Bü)",392,35.5]
[2011,"FISIC",13,"ECOLE DE PHYSIQUE","A","BU","BUREAU","Bureaux (Bü)",392,57.5]
[2011,"FISIC",13,"ECOLE DE PHYSIQUE","A","CA","CAFETERIA","Locaux du domaine social (So)",430,59]
[2011,"FISIC",13,"ECOLE DE PHYSIQUE","A","CN","CHAMBRE NOIRE","Laboratoires (La)",805,11.5]
[2011,"FISIC",13,"ECOLE DE PHYSIQUE","A","CO","COULOIR","Local fictif - sans coût",0,3.5]
[2011,"FISIC",13,"ECOLE DE PHYSIQUE","A","CO","COULOIR","Local fictif - sans coût",0,10.5]
[2011,"FISIC",13,"ECOLE DE PHYSIQUE","A","DV","DIVERS","Local fictif - sans coût",0,1.5]
[2011,"FISIC",13,"ECOLE DE PHYSIQUE","A","DV","DIVERS","Local fictif - sans coût",0,2.5]
[2011,"FISIC",13,"ECOLE DE PHYSIQUE","A","DV","DIVERS","Local fictif - sans coût",0,3]
[2011,"FISIC",13,"ECOLE DE PHYSIQUE","A","DV","DIVERS","Local fictif - sans coût",0,5]
[2011,"FISIC",13,"ECOLE DE PHYSIQUE","A","DV","DIVERS","Local fictif - sans coût",0,8]
[2011,"FISIC",13,"ECOLE DE PHYSIQUE","A","DV","DIVERS","Local fictif - sans coût",0,9]
[2011,"FISIC",13,"ECOLE DE PHYSIQUE","A","DV","DIVERS","Local fictif - sans coût",0,15]
[2011,"FISIC",13,"ECOLE DE PHYSIQUE","A","LH","LABO PHOTO HUMIDE","Laboratoires (La)",805,6]
[2011,"FISIC",13,"ECOLE DE PHYSIQUE","A","LH","LABO PHOTO HUMIDE","Laboratoires (La)",805,10]
[2011,"FISIC",13,"ECOLE DE PHYSIQUE","A","LH","LABO PHOTO HUMIDE","Laboratoires (La)",805,10]
[2011,"FISIC",13,"ECOLE DE PHYSIQUE","A","LR","LABORATOIRE DE RECHERCHE","Laboratoires (La)",805,5]
[2011,"FISIC",13,"ECOLE DE PHYSIQUE","A","LR","LABORATOIRE DE RECHERCHE","Laboratoires (La)",805,5]
[2011,"FISIC",13,"ECOLE DE PHYSIQUE","A","LR","LABORATOIRE DE RECHERCHE","Laboratoires (La)",805,6]
[2011,"FISIC",13,"ECOLE DE PHYSIQUE","A","LR","LABORATOIRE DE RECHERCHE","Laboratoires (La)",805,6.5]
[2011,"FISIC",13,"ECOLE DE PHYSIQUE","A","LR","LABORATOIRE DE RECHERCHE","Laboratoires (La)",805,7.5]
[2011,"FISIC",13,"ECOLE DE PHYSIQUE","A","LR","LABORATOIRE DE RECHERCHE","Laboratoires (La)",805,9.5]
[2011,"FISIC",13,"ECOLE DE PHYSIQUE","A","LR","LABORATOIRE DE RECHERCHE","Laboratoires (La)",805,9.5]
[2011,"FISIC",13,"ECOLE DE PHYSIQUE","A","LR","LABORATOIRE DE RECHERCHE","Laboratoires (La)",805,10.5]
[2011,"FISIC",13,"ECOLE DE PHYSIQUE","A","LR","LABORATOIRE DE RECHERCHE","Laboratoires (La)",805,10.5]
[2011,"FISIC",13,"ECOLE DE PHYSIQUE","A","LR","LABORATOIRE DE RECHERCHE","Laboratoires (La)",805,13]
[2011,"FISIC",13,"ECOLE DE PHYSIQUE","A","LR","LABORATOIRE DE RECHERCHE","Laboratoires (La)",805,13.5]
[2011,"FISIC",13,"ECOLE DE PHYSIQUE","A","LR","LABORATOIRE DE RECHERCHE","Laboratoires (La)",805,15.5]
[2011,"FISIC",13,"ECOLE DE PHYSIQUE","A","LR","LABORATOIRE DE RECHERCHE","Laboratoires (La)",805,15.5]
[2011,"FISIC",13,"ECOLE DE PHYSIQUE","A","LR","LABORATOIRE DE RECHERCHE","Laboratoires (La)",805,16.5]
[2011,"FISIC",13,"ECOLE DE PHYSIQUE","A","LR","LABORATOIRE DE RECHERCHE","Laboratoires (La)",805,18]
[2011,"FISIC",13,"ECOLE DE PHYSIQUE","A","LR","LABORATOIRE DE RECHERCHE","Laboratoires (La)",805,20]
[2011,"FISIC",13,"ECOLE DE PHYSIQUE","A","LR","LABORATOIRE DE RECHERCHE","Laboratoires (La)",805,21]
[2011,"FISIC",13,"ECOLE DE PHYSIQUE","A","LR","LABORATOIRE DE RECHERCHE","Laboratoires (La)",805,22]
[2011,"FISIC",13,"ECOLE DE PHYSIQUE","A","LR","LABORATOIRE DE RECHERCHE","Laboratoires (La)",805,22]
[2011,"FISIC",13,"ECOLE DE PHYSIQUE","A","LR","LABORATOIRE DE RECHERCHE","Laboratoires (La)",805,22]
[2011,"FISIC",13,"ECOLE DE PHYSIQUE","A","LR","LABORATOIRE DE RECHERCHE","Laboratoires (La)",805,22.5]
[2011,"FISIC",13,"ECOLE DE PHYSIQUE","A","LR","LABORATOIRE DE RECHERCHE","Laboratoires (La)",805,22.5]
[2011,"FISIC",13,"ECOLE DE PHYSIQUE","A","LR","LABORATOIRE DE RECHERCHE","Laboratoires (La)",805,22.5]
[2011,"FISIC",13,"ECOLE DE PHYSIQUE","A","LR","LABORATOIRE DE RECHERCHE","Laboratoires (La)",805,23]
[2011,"FISIC",13,"ECOLE DE PHYSIQUE","A","LR","LABORATOIRE DE RECHERCHE","Laboratoires (La)",805,23.5]
[2011,"FISIC",13,"ECOLE DE PHYSIQUE","A","LR","LABORATOIRE DE RECHERCHE","Laboratoires (La)",805,23.5]
[2011,"FISIC",13,"ECOLE DE PHYSIQUE","A","LR","LABORATOIRE DE RECHERCHE","Laboratoires (La)",805,24]
[2011,"FISIC",13,"ECOLE DE PHYSIQUE","A","LR","LABORATOIRE DE RECHERCHE","Laboratoires (La)",805,24.5]
[2011,"FISIC",13,"ECOLE DE PHYSIQUE","A","LR","LABORATOIRE DE RECHERCHE","Laboratoires (La)",805,24.5]
[2011,"FISIC",13,"ECOLE DE PHYSIQUE","A","LR","LABORATOIRE DE RECHERCHE","Laboratoires (La)",805,25]
[2011,"FISIC",13,"ECOLE DE PHYSIQUE","A","LR","LABORATOIRE DE RECHERCHE","Laboratoires (La)",805,29]
[2011,"FISIC",13,"ECOLE DE PHYSIQUE","A","LR","LABORATOIRE DE RECHERCHE","Laboratoires (La)",805,29]
[2011,"FISIC",13,"ECOLE DE PHYSIQUE","A","LR","LABORATOIRE DE RECHERCHE","Laboratoires (La)",805,31]
[2011,"FISIC",13,"ECOLE DE PHYSIQUE","A","LR","LABORATOIRE DE RECHERCHE","Laboratoires (La)",805,31.5]
[2011,"FISIC",13,"ECOLE DE PHYSIQUE","A","LR","LABORATOIRE DE RECHERCHE","Laboratoires (La)",805,31.5]
[2011,"FISIC",13,"ECOLE DE PHYSIQUE","A","LR","LABORATOIRE DE RECHERCHE","Laboratoires (La)",805,32]
[2011,"FISIC",13,"ECOLE DE PHYSIQUE","A","LR","LABORATOIRE DE RECHERCHE","Laboratoires (La)",805,33]
[2011,"FISIC",13,"ECOLE DE PHYSIQUE","A","LR","LABORATOIRE DE RECHERCHE","Laboratoires (La)",805,33]
[2011,"FISIC",13,"ECOLE DE PHYSIQUE","A","LR","LABORATOIRE DE RECHERCHE","Laboratoires (La)",805,33.5]
[2011,"FISIC",13,"ECOLE DE PHYSIQUE","A","LR","LABORATOIRE DE RECHERCHE","Laboratoires (La)",805,33.5]
[2011,"FISIC",13,"ECOLE DE PHYSIQUE","A","LR","LABORATOIRE DE RECHERCHE","Laboratoires (La)",805,35]
[2011,"FISIC",13,"ECOLE DE PHYSIQUE","A","LR","LABORATOIRE DE RECHERCHE","Laboratoires (La)",805,36.4]
[2011,"FISIC",13,"ECOLE DE PHYSIQUE","A","LR","LABORATOIRE DE RECHERCHE","Laboratoires (La)",805,39]
[2011,"FISIC",13,"ECOLE DE PHYSIQUE","A","LR","LABORATOIRE DE RECHERCHE","Laboratoires (La)",805,40]
[2011,"FISIC",13,"ECOLE DE PHYSIQUE","A","LR","LABORATOIRE DE RECHERCHE","Laboratoires (La)",805,44]
[2011,"FISIC",13,"ECOLE DE PHYSIQUE","A","LR","LABORATOIRE DE RECHERCHE","Laboratoires (La)",805,44]
[2011,"FISIC",13,"ECOLE DE PHYSIQUE","A","LR","LABORATOIRE DE RECHERCHE","Laboratoires (La)",805,45]
[2011,"FISIC",13,"ECOLE DE PHYSIQUE","A","LR","LABORATOIRE DE RECHERCHE","Laboratoires (La)",805,46]
[2011,"FISIC",13,"ECOLE DE PHYSIQUE","A","LR","LABORATOIRE DE RECHERCHE","Laboratoires (La)",805,46.5]
[2011,"FISIC",13,"ECOLE DE PHYSIQUE","A","LR","LABORATOIRE DE RECHERCHE","Laboratoires (La)",805,46.5]
[2011,"FISIC",13,"ECOLE DE PHYSIQUE","A","LR","LABORATOIRE DE RECHERCHE","Laboratoires (La)",805,48]
[2011,"FISIC",13,"ECOLE DE PHYSIQUE","A","LR","LABORATOIRE DE RECHERCHE","Laboratoires (La)",805,71]
[2011,"FISIC",13,"ECOLE DE PHYSIQUE","A","LR","LABORATOIRE DE RECHERCHE","Laboratoires (La)",805,71.5]
[2011,"FISIC",13,"ECOLE DE PHYSIQUE","A","RE","SALLE DE REUNION","Salles d'enseignement (UR)",392,14]
[2011,"FISIC",13,"ECOLE DE PHYSIQUE","A","RE","SALLE DE REUNION","Salles d'enseignement (UR)",392,19]
[2011,"FISIC",13,"ECOLE DE PHYSIQUE","A","RE","SALLE DE REUNION","Salles d'enseignement (UR)",392,44]
[2011,"FISIC",13,"ECOLE DE PHYSIQUE","A","SA","SANITAIRE","Local fictif - sans coût",0,8]
[2011,"FISIC",13,"ECOLE DE PHYSIQUE","A","SA","SANITAIRE","Local fictif - sans coût",0,11.5]
[2011,"FISIC",13,"ECOLE DE PHYSIQUE","A","SA","SANITAIRE","Local fictif - sans coût",0,12.5]
[2011,"FISIC",13,"ECOLE DE PHYSIQUE","A","ST","STOCKAGE","Archivage et surfaces d'entreposage (Ar)",196,4.5]
[2011,"FISIC",13,"ECOLE DE PHYSIQUE","A","ST","STOCKAGE","Archivage et surfaces d'entreposage (Ar)",196,6]
[2011,"FISIC",13,"ECOLE DE PHYSIQUE","A","ST","STOCKAGE","Archivage et surfaces d'entreposage (Ar)",196,8.5]
[2011,"FISIC",13,"ECOLE DE PHYSIQUE","A","ST","STOCKAGE","Archivage et surfaces d'entreposage (Ar)",196,8.5]
[2011,"FISIC",13,"ECOLE DE PHYSIQUE","A","ST","STOCKAGE","Archivage et surfaces d'entreposage (Ar)",196,14.5]
[2011,"FISIC",13,"ECOLE DE PHYSIQUE","A","ST","STOCKAGE","Archivage et surfaces d'entreposage (Ar)",196,15]
[2011,"FISIC",13,"ECOLE DE PHYSIQUE","A","ST","STOCKAGE","Archivage et surfaces d'entreposage (Ar)",196,16.5]
[2011,"FISIC",13,"ECOLE DE PHYSIQUE","A","ST","STOCKAGE","Archivage et surfaces d'entreposage (Ar)",196,17.5]
[2011,"FISIC",13,"ECOLE DE PHYSIQUE","A","ST","STOCKAGE","Archivage et surfaces d'entreposage (Ar)",196,24]
[2011,"FISIC",13,"ECOLE DE PHYSIQUE","A","ST","STOCKAGE","Archivage et surfaces d'entreposage (Ar)",196,25]
[2011,"FISIC",13,"ECOLE DE PHYSIQUE","A","ST","STOCKAGE","Archivage et surfaces d'entreposage (Ar)",196,32]
[2011,"FISIC",13,"ECOLE DE PHYSIQUE","A","ST","STOCKAGE","Archivage et surfaces d'entreposage (Ar)",196,98.5]
[2011,"FISIC",13,"ECOLE DE PHYSIQUE","A","ST","STOCKAGE","Archivage et surfaces d'entreposage (Ar)",196,141]
[2011,"FISIC",13,"ECOLE DE PHYSIQUE","A","ST","STOCKAGE","Archivage et surfaces d'entreposage (Ar)",196,160]
[2011,"FISIC",13,"ECOLE DE PHYSIQUE","A","TE","LOCAL TECHNIQUE","Laboratoires (La)",805,10]
[2011,"SC1",15,"SCIENCES 1","A","AT","ATELIER","Laboratoires (La)",805,20]
[2011,"SC1",15,"SCIENCES 1","A","AT","ATELIER","Laboratoires (La)",805,20]
[2011,"SC1",15,"SCIENCES 1","A","AT","ATELIER","Laboratoires (La)",805,23]
[2011,"SC1",15,"SCIENCES 1","A","AT","ATELIER","Laboratoires (La)",805,29]
[2011,"SC1",15,"SCIENCES 1","A","AT","ATELIER","Laboratoires (La)",805,37]
[2011,"SC1",15,"SCIENCES 1","A","AU","AUDITOIRE","Salles de cours (Hö)",667,43.5]
[2011,"SC1",15,"SCIENCES 1","A","AU","AUDITOIRE","Salles de cours (Hö)",667,45]
[2011,"SC1",15,"SCIENCES 1","A","AX","ANNEXES","Archivage et surfaces d'entreposage (Ar)",196,5]
[2011,"SC1",15,"SCIENCES 1","A","BU","BUREAU","Bureaux (Bü)",392,8]
[2011,"SC1",15,"SCIENCES 1","A","BU","BUREAU","Bureaux (Bü)",392,13]
[2011,"SC1",15,"SCIENCES 1","A","BU","BUREAU","Bureaux (Bü)",392,13]
[2011,"SC1",15,"SCIENCES 1","A","BU","BUREAU","Bureaux (Bü)",392,13]
[2011,"SC1",15,"SCIENCES 1","A","BU","BUREAU","Bureaux (Bü)",392,13.5]
[2011,"SC1",15,"SCIENCES 1","A","BU","BUREAU","Bureaux (Bü)",392,13.5]
[2011,"SC1",15,"SCIENCES 1","A","BU","BUREAU","Bureaux (Bü)",392,14]
[2011,"SC1",15,"SCIENCES 1","A","BU","BUREAU","Bureaux (Bü)",392,14]
[2011,"SC1",15,"SCIENCES 1","A","BU","BUREAU","Bureaux (Bü)",392,14]
[2011,"SC1",15,"SCIENCES 1","A","BU","BUREAU","Bureaux (Bü)",392,14]
[2011,"SC1",15,"SCIENCES 1","A","BU","BUREAU","Bureaux (Bü)",392,14]
[2011,"SC1",15,"SCIENCES 1","A","BU","BUREAU","Bureaux (Bü)",392,14]
[2011,"SC1",15,"SCIENCES 1","A","BU","BUREAU","Bureaux (Bü)",392,14]
[2011,"SC1",15,"SCIENCES 1","A","BU","BUREAU","Bureaux (Bü)",392,14]
[2011,"SC1",15,"SCIENCES 1","A","BU","BUREAU","Bureaux (Bü)",392,14]
[2011,"SC1",15,"SCIENCES 1","A","BU","BUREAU","Bureaux (Bü)",392,14]
[2011,"SC1",15,"SCIENCES 1","A","BU","BUREAU","Bureaux (Bü)",392,14]
[2011,"SC1",15,"SCIENCES 1","A","BU","BUREAU","Bureaux (Bü)",392,14]
[2011,"SC1",15,"SCIENCES 1","A","BU","BUREAU","Bureaux (Bü)",392,14.5]
[2011,"SC1",15,"SCIENCES 1","A","BU","BUREAU","Bureaux (Bü)",392,14.5]
[2011,"SC1",15,"SCIENCES 1","A","BU","BUREAU","Bureaux (Bü)",392,14.5]
[2011,"SC1",15,"SCIENCES 1","A","BU","BUREAU","Bureaux (Bü)",392,14.5]
[2011,"SC1",15,"SCIENCES 1","A","BU","BUREAU","Bureaux (Bü)",392,14.5]
[2011,"SC1",15,"SCIENCES 1","A","BU","BUREAU","Bureaux (Bü)",392,14.5]
[2011,"SC1",15,"SCIENCES 1","A","BU","BUREAU","Bureaux (Bü)",392,14.5]
[2011,"SC1",15,"SCIENCES 1","A","BU","BUREAU","Bureaux (Bü)",392,15]
[2011,"SC1",15,"SCIENCES 1","A","BU","BUREAU","Bureaux (Bü)",392,15]
[2011,"SC1",15,"SCIENCES 1","A","BU","BUREAU","Bureaux (Bü)",392,15]
[2011,"SC1",15,"SCIENCES 1","A","BU","BUREAU","Bureaux (Bü)",392,15]
[2011,"SC1",15,"SCIENCES 1","A","BU","BUREAU","Bureaux (Bü)",392,15]
[2011,"SC1",15,"SCIENCES 1","A","BU","BUREAU","Bureaux (Bü)",392,15]
[2011,"SC1",15,"SCIENCES 1","A","BU","BUREAU","Bureaux (Bü)",392,19]
[2011,"SC1",15,"SCIENCES 1","A","BU","BUREAU","Bureaux (Bü)",392,22]
[2011,"SC1",15,"SCIENCES 1","A","LR","LABORATOIRE DE RECHERCHE","Laboratoires (La)",805,5]
[2011,"SC1",15,"SCIENCES 1","A","LR","LABORATOIRE DE RECHERCHE","Laboratoires (La)",805,14]
[2011,"SC1",15,"SCIENCES 1","A","LR","LABORATOIRE DE RECHERCHE","Laboratoires (La)",805,19.5]
[2011,"SC1",15,"SCIENCES 1","A","LR","LABORATOIRE DE RECHERCHE","Laboratoires (La)",805,21.5]
[2011,"SC1",15,"SCIENCES 1","A","LR","LABORATOIRE DE RECHERCHE","Laboratoires (La)",805,22.5]
[2011,"SC1",15,"SCIENCES 1","A","LR","LABORATOIRE DE RECHERCHE","Laboratoires (La)",805,23]
[2011,"SC1",15,"SCIENCES 1","A","LR","LABORATOIRE DE RECHERCHE","Laboratoires (La)",805,27]
[2011,"SC1",15,"SCIENCES 1","A","LR","LABORATOIRE DE RECHERCHE","Laboratoires (La)",805,27.5]
[2011,"SC1",15,"SCIENCES 1","A","LR","LABORATOIRE DE RECHERCHE","Laboratoires (La)",805,28.5]
[2011,"SC1",15,"SCIENCES 1","A","LR","LABORATOIRE DE RECHERCHE","Laboratoires (La)",805,29]
[2011,"SC1",15,"SCIENCES 1","A","LR","LABORATOIRE DE RECHERCHE","Laboratoires (La)",805,29]
[2011,"SC1",15,"SCIENCES 1","A","LR","LABORATOIRE DE RECHERCHE","Laboratoires (La)",805,39]
[2011,"SC1",15,"SCIENCES 1","A","LR","LABORATOIRE DE RECHERCHE","Laboratoires (La)",805,51.5]
[2011,"SC1",15,"SCIENCES 1","A","LR","LABORATOIRE DE RECHERCHE","Laboratoires (La)",805,73]
[2011,"SC1",15,"SCIENCES 1","A","LR","LABORATOIRE DE RECHERCHE","Laboratoires (La)",805,85.5]
[2011,"SC1",15,"SCIENCES 1","A","LR","LABORATOIRE DE RECHERCHE","Laboratoires (La)",805,92]
[2011,"SC1",15,"SCIENCES 1","A","LR","LABORATOIRE DE RECHERCHE","Laboratoires (La)",805,93]
[2011,"SC1",15,"SCIENCES 1","A","LT","LABORATOIRE DE TRAVAUX PRATIQUES","Laboratoires (La)",805,9.5]
[2011,"SC1",15,"SCIENCES 1","A","LT","LABORATOIRE DE TRAVAUX PRATIQUES","Laboratoires (La)",805,13]
[2011,"SC1",15,"SCIENCES 1","A","LT","LABORATOIRE DE TRAVAUX PRATIQUES","Laboratoires (La)",805,13.5]
[2011,"SC1",15,"SCIENCES 1","A","LT","LABORATOIRE DE TRAVAUX PRATIQUES","Laboratoires (La)",805,13.5]
[2011,"SC1",15,"SCIENCES 1","A","LT","LABORATOIRE DE TRAVAUX PRATIQUES","Laboratoires (La)",805,13.5]
[2011,"SC1",15,"SCIENCES 1","A","LT","LABORATOIRE DE TRAVAUX PRATIQUES","Laboratoires (La)",805,13.5]
[2011,"SC1",15,"SCIENCES 1","A","LT","LABORATOIRE DE TRAVAUX PRATIQUES","Laboratoires (La)",805,13.5]
[2011,"SC1",15,"SCIENCES 1","A","LT","LABORATOIRE DE TRAVAUX PRATIQUES","Laboratoires (La)",805,13.5]
[2011,"SC1",15,"SCIENCES 1","A","LT","LABORATOIRE DE TRAVAUX PRATIQUES","Laboratoires (La)",805,14]
[2011,"SC1",15,"SCIENCES 1","A","LT","LABORATOIRE DE TRAVAUX PRATIQUES","Laboratoires (La)",805,14]
[2011,"SC1",15,"SCIENCES 1","A","LT","LABORATOIRE DE TRAVAUX PRATIQUES","Laboratoires (La)",805,14]
[2011,"SC1",15,"SCIENCES 1","A","LT","LABORATOIRE DE TRAVAUX PRATIQUES","Laboratoires (La)",805,14]
[2011,"SC1",15,"SCIENCES 1","A","LT","LABORATOIRE DE TRAVAUX PRATIQUES","Laboratoires (La)",805,14]
[2011,"SC1",15,"SCIENCES 1","A","LT","LABORATOIRE DE TRAVAUX PRATIQUES","Laboratoires (La)",805,14]
[2011,"SC1",15,"SCIENCES 1","A","LT","LABORATOIRE DE TRAVAUX PRATIQUES","Laboratoires (La)",805,14]
[2011,"SC1",15,"SCIENCES 1","A","LT","LABORATOIRE DE TRAVAUX PRATIQUES","Laboratoires (La)",805,14.5]
[2011,"SC1",15,"SCIENCES 1","A","LT","LABORATOIRE DE TRAVAUX PRATIQUES","Laboratoires (La)",805,15]
[2011,"SC1",15,"SCIENCES 1","A","LT","LABORATOIRE DE TRAVAUX PRATIQUES","Laboratoires (La)",805,19.5]
[2011,"SC1",15,"SCIENCES 1","A","LT","LABORATOIRE DE TRAVAUX PRATIQUES","Laboratoires (La)",805,21.5]
[2011,"SC1",15,"SCIENCES 1","A","LT","LABORATOIRE DE TRAVAUX PRATIQUES","Laboratoires (La)",805,21.5]
[2011,"SC1",15,"SCIENCES 1","A","LT","LABORATOIRE DE TRAVAUX PRATIQUES","Laboratoires (La)",805,22]
[2011,"SC1",15,"SCIENCES 1","A","LT","LABORATOIRE DE TRAVAUX PRATIQUES","Laboratoires (La)",805,23]
[2011,"SC1",15,"SCIENCES 1","A","LT","LABORATOIRE DE TRAVAUX PRATIQUES","Laboratoires (La)",805,37]
[2011,"SC1",15,"SCIENCES 1","A","LT","LABORATOIRE DE TRAVAUX PRATIQUES","Laboratoires (La)",805,46]
[2011,"SC1",15,"SCIENCES 1","A","LT","LABORATOIRE DE TRAVAUX PRATIQUES","Laboratoires (La)",805,49.5]
[2011,"SC1",15,"SCIENCES 1","A","LT","LABORATOIRE DE TRAVAUX PRATIQUES","Laboratoires (La)",805,79]
[2011,"SC1",15,"SCIENCES 1","A","LT","LABORATOIRE DE TRAVAUX PRATIQUES","Laboratoires (La)",805,132.5]
[2011,"SC1",15,"SCIENCES 1","A","LT","LABORATOIRE DE TRAVAUX PRATIQUES","Laboratoires (La)",805,157.5]
[2011,"SC1",15,"SCIENCES 1","A","RE","SALLE DE REUNION","Salles d'enseignement (UR)",392,28]
[2011,"SC1",15,"SCIENCES 1","A","SM","SALLE DE SEMINAIRE / COURS","Salles d'enseignement (UR)",392,45]
[2011,"SC1",15,"SCIENCES 1","A","ST","STOCKAGE","Archivage et surfaces d'entreposage (Ar)",196,5]
[2011,"SC1",15,"SCIENCES 1","A","ST","STOCKAGE","Archivage et surfaces d'entreposage (Ar)",196,5.5]
[2011,"SC1",15,"SCIENCES 1","A","ST","STOCKAGE","Archivage et surfaces d'entreposage (Ar)",196,8]
[2011,"SC1",15,"SCIENCES 1","A","ST","STOCKAGE","Archivage et surfaces d'entreposage (Ar)",196,8.5]
[2011,"SC1",15,"SCIENCES 1","A","ST","STOCKAGE","Archivage et surfaces d'entreposage (Ar)",196,19]
[2011,"SC1",15,"SCIENCES 1","A","ST","STOCKAGE","Archivage et surfaces d'entreposage (Ar)",196,26]
[2011,"SC1",15,"SCIENCES 1","A","TE","LOCAL TECHNIQUE","Laboratoires (La)",805,76.5]
[2011,"SC1",15,"SCIENCES 1","A","TP","SALLE DE TRAVAUX PRATIQUES","Salles d'enseignement (UR)",392,14]
[2011,"SC1",15,"SCIENCES 1","A","TP","SALLE DE TRAVAUX PRATIQUES","Salles d'enseignement (UR)",392,14]
[2011,"SC1",15,"SCIENCES 1","A","TP","SALLE DE TRAVAUX PRATIQUES","Salles d'enseignement (UR)",392,14]
[2011,"SC1",15,"SCIENCES 1","A","TP","SALLE DE TRAVAUX PRATIQUES","Salles d'enseignement (UR)",392,14]
[2011,"SC1",15,"SCIENCES 1","A","TP","SALLE DE TRAVAUX PRATIQUES","Salles d'enseignement (UR)",392,15]
[2011,"REAC",16,"REACTEUR","A","AT","ATELIER","Laboratoires (La)",805,35.5]
[2011,"REAC",16,"REACTEUR","A","AT","ATELIER","Laboratoires (La)",805,42]
[2011,"REAC",16,"REACTEUR","A","AT","ATELIER","Laboratoires (La)",805,43.5]
[2011,"REAC",16,"REACTEUR","A","AT","ATELIER","Laboratoires (La)",805,43.5]
[2011,"REAC",16,"REACTEUR","A","AT","ATELIER","Laboratoires (La)",805,62.5]
[2011,"REAC",16,"REACTEUR","A","AT","ATELIER","Laboratoires (La)",805,77.5]
[2011,"REAC",16,"REACTEUR","A","BU","BUREAU","Bureaux (Bü)",392,12]
[2011,"REAC",16,"REACTEUR","A","BU","BUREAU","Bureaux (Bü)",392,21]
[2011,"REAC",16,"REACTEUR","A","DV","DIVERS","Local fictif - sans coût",0,254]
[2011,"SPORT",18,"HALLE DE SPORT UNIVERSITAIRE","A","BU","BUREAU","Bureaux (Bü)",392,18.5]
[2011,"SPORT",18,"HALLE DE SPORT UNIVERSITAIRE","A","SM","SALLE DE SEMINAIRE / COURS","Salles d'enseignement (UR)",392,40]
[2011,"SPORT",18,"HALLE DE SPORT UNIVERSITAIRE","A","SM","SALLE DE SEMINAIRE / COURS","Salles d'enseignement (UR)",392,42]
[2011,"SPORT",18,"HALLE DE SPORT UNIVERSITAIRE","A","SO","LOCAL SOCIAL","Locaux du domaine social (So)",430,1.4]
[2011,"SPORT",18,"HALLE DE SPORT UNIVERSITAIRE","A","SO","LOCAL SOCIAL","Locaux du domaine social (So)",430,1.7]
[2011,"SPORT",18,"HALLE DE SPORT UNIVERSITAIRE","A","SO","LOCAL SOCIAL","Locaux du domaine social (So)",430,3]
[2011,"SPORT",18,"HALLE DE SPORT UNIVERSITAIRE","A","SO","LOCAL SOCIAL","Locaux du domaine social (So)",430,4.7]
[2011,"SPORT",18,"HALLE DE SPORT UNIVERSITAIRE","A","SO","LOCAL SOCIAL","Locaux du domaine social (So)",430,5.2]
[2011,"SPORT",18,"HALLE DE SPORT UNIVERSITAIRE","A","SO","LOCAL SOCIAL","Locaux du domaine social (So)",430,7]
[2011,"SPORT",18,"HALLE DE SPORT UNIVERSITAIRE","A","SO","LOCAL SOCIAL","Locaux du domaine social (So)",430,10]
[2011,"SPORT",18,"HALLE DE SPORT UNIVERSITAIRE","A","ST","STOCKAGE","Archivage et surfaces d'entreposage (Ar)",196,14]
[2011,"SPORT",18,"HALLE DE SPORT UNIVERSITAIRE","A","ST","STOCKAGE","Archivage et surfaces d'entreposage (Ar)",196,16.5]
[2011,"SPORT",18,"HALLE DE SPORT UNIVERSITAIRE","A","ST","STOCKAGE","Archivage et surfaces d'entreposage (Ar)",196,18]
[2011,"SPORT",18,"HALLE DE SPORT UNIVERSITAIRE","A","ST","STOCKAGE","Archivage et surfaces d'entreposage (Ar)",196,26.5]
[2011,"SPORT",18,"HALLE DE SPORT UNIVERSITAIRE","A","ST","STOCKAGE","Archivage et surfaces d'entreposage (Ar)",196,55.5]
[2011,"SPORT",18,"HALLE DE SPORT UNIVERSITAIRE","A","TP","SALLE DE TRAVAUX PRATIQUES","Salles d'enseignement (UR)",392,512]
[2011,"SPORT",18,"HALLE DE SPORT UNIVERSITAIRE","A","TP","SALLE DE TRAVAUX PRATIQUES","Salles d'enseignement (UR)",392,512]
[2011,"TENIS",19,"TENNIS CLUB UNIVERSITAIRE","A","SO","LOCAL SOCIAL","Locaux du domaine social (So)",430,16.5]
[2011,"TENIS",19,"TENNIS CLUB UNIVERSITAIRE","A","SO","LOCAL SOCIAL","Locaux du domaine social (So)",430,17.5]
[2011,"TENIS",19,"TENNIS CLUB UNIVERSITAIRE","A","SO","LOCAL SOCIAL","Locaux du domaine social (So)",430,20]
[2011,"TENIS",19,"TENNIS CLUB UNIVERSITAIRE","A","SO","LOCAL SOCIAL","Locaux du domaine social (So)",430,21]
[2011,"TENIS",19,"TENNIS CLUB UNIVERSITAIRE","A","ST","STOCKAGE","Archivage et surfaces d'entreposage (Ar)",196,3.5]
[2011,"TENIS",19,"TENNIS CLUB UNIVERSITAIRE","A","TP","SALLE DE TRAVAUX PRATIQUES","Salles d'enseignement (UR)",392,59.5]
[2011,"SC2",21,"SCIENCES 2","A","AR","ARCHIVES","Archivage et surfaces d'entreposage (Ar)",196,8]
[2011,"SC2",21,"SCIENCES 2","A","AR","ARCHIVES","Archivage et surfaces d'entreposage (Ar)",196,8]
[2011,"SC2",21,"SCIENCES 2","A","AT","ATELIER","Laboratoires (La)",805,8.5]
[2011,"SC2",21,"SCIENCES 2","A","AT","ATELIER","Laboratoires (La)",805,11]
[2011,"SC2",21,"SCIENCES 2","A","AT","ATELIER","Laboratoires (La)",805,13]
[2011,"SC2",21,"SCIENCES 2","A","AT","ATELIER","Laboratoires (La)",805,24]
[2011,"SC2",21,"SCIENCES 2","A","AT","ATELIER","Laboratoires (La)",805,48]
[2011,"SC2",21,"SCIENCES 2","A","AT","ATELIER","Laboratoires (La)",805,58]
[2011,"SC2",21,"SCIENCES 2","A","AT","ATELIER","Laboratoires (La)",805,92]
[2011,"SC2",21,"SCIENCES 2","A","AT","ATELIER","Laboratoires (La)",805,252.5]
[2011,"SC2",21,"SCIENCES 2","A","AU","AUDITOIRE","Salles de cours (Hö)",667,14]
[2011,"SC2",21,"SCIENCES 2","A","AU","AUDITOIRE","Salles de cours (Hö)",667,15]
[2011,"SC2",21,"SCIENCES 2","A","AU","AUDITOIRE","Salles de cours (Hö)",667,76]
[2011,"SC2",21,"SCIENCES 2","A","AU","AUDITOIRE","Salles de cours (Hö)",667,78]
[2011,"SC2",21,"SCIENCES 2","A","AU","AUDITOIRE","Salles de cours (Hö)",667,135]
[2011,"SC2",21,"SCIENCES 2","A","AU","AUDITOIRE","Salles de cours (Hö)",667,179]
[2011,"SC2",21,"SCIENCES 2","A","AU","AUDITOIRE","Salles de cours (Hö)",667,333]
[2011,"SC2",21,"SCIENCES 2","A","AX","ANNEXES","Archivage et surfaces d'entreposage (Ar)",196,2.5]
[2011,"SC2",21,"SCIENCES 2","A","AX","ANNEXES","Archivage et surfaces d'entreposage (Ar)",196,2.5]
[2011,"SC2",21,"SCIENCES 2","A","AX","ANNEXES","Archivage et surfaces d'entreposage (Ar)",196,5]
[2011,"SC2",21,"SCIENCES 2","A","AX","ANNEXES","Archivage et surfaces d'entreposage (Ar)",196,5.5]
[2011,"SC2",21,"SCIENCES 2","A","AX","ANNEXES","Archivage et surfaces d'entreposage (Ar)",196,5.5]
[2011,"SC2",21,"SCIENCES 2","A","AX","ANNEXES","Archivage et surfaces d'entreposage (Ar)",196,5.5]
[2011,"SC2",21,"SCIENCES 2","A","AX","ANNEXES","Archivage et surfaces d'entreposage (Ar)",196,8]
[2011,"SC2",21,"SCIENCES 2","A","AX","ANNEXES","Archivage et surfaces d'entreposage (Ar)",196,8]
[2011,"SC2",21,"SCIENCES 2","A","AX","ANNEXES","Archivage et surfaces d'entreposage (Ar)",196,8]
[2011,"SC2",21,"SCIENCES 2","A","AX","ANNEXES","Archivage et surfaces d'entreposage (Ar)",196,9.5]
[2011,"SC2",21,"SCIENCES 2","A","AX","ANNEXES","Archivage et surfaces d'entreposage (Ar)",196,11]
[2011,"SC2",21,"SCIENCES 2","A","AX","ANNEXES","Archivage et surfaces d'entreposage (Ar)",196,11.5]
[2011,"SC2",21,"SCIENCES 2","A","AX","ANNEXES","Archivage et surfaces d'entreposage (Ar)",196,11.5]
[2011,"SC2",21,"SCIENCES 2","A","AX","ANNEXES","Archivage et surfaces d'entreposage (Ar)",196,11.5]
[2011,"SC2",21,"SCIENCES 2","A","AX","ANNEXES","Archivage et surfaces d'entreposage (Ar)",196,11.5]
[2011,"SC2",21,"SCIENCES 2","A","AX","ANNEXES","Archivage et surfaces d'entreposage (Ar)",196,12]
[2011,"SC2",21,"SCIENCES 2","A","AX","ANNEXES","Archivage et surfaces d'entreposage (Ar)",196,12]
[2011,"SC2",21,"SCIENCES 2","A","AX","ANNEXES","Archivage et surfaces d'entreposage (Ar)",196,12]
[2011,"SC2",21,"SCIENCES 2","A","AX","ANNEXES","Archivage et surfaces d'entreposage (Ar)",196,12]
[2011,"SC2",21,"SCIENCES 2","A","AX","ANNEXES","Archivage et surfaces d'entreposage (Ar)",196,12]
[2011,"SC2",21,"SCIENCES 2","A","AX","ANNEXES","Archivage et surfaces d'entreposage (Ar)",196,12]
[2011,"SC2",21,"SCIENCES 2","A","AX","ANNEXES","Archivage et surfaces d'entreposage (Ar)",196,12]
[2011,"SC2",21,"SCIENCES 2","A","AX","ANNEXES","Archivage et surfaces d'entreposage (Ar)",196,12]
[2011,"SC2",21,"SCIENCES 2","A","AX","ANNEXES","Archivage et surfaces d'entreposage (Ar)",196,12]
[2011,"SC2",21,"SCIENCES 2","A","AX","ANNEXES","Archivage et surfaces d'entreposage (Ar)",196,13]
[2011,"SC2",21,"SCIENCES 2","A","AX","ANNEXES","Archivage et surfaces d'entreposage (Ar)",196,16.5]
[2011,"SC2",21,"SCIENCES 2","A","AX","ANNEXES","Archivage et surfaces d'entreposage (Ar)",196,20]
[2011,"SC2",21,"SCIENCES 2","A","AX","ANNEXES","Archivage et surfaces d'entreposage (Ar)",196,20.5]
[2011,"SC2",21,"SCIENCES 2","A","AX","ANNEXES","Archivage et surfaces d'entreposage (Ar)",196,22.5]
[2011,"SC2",21,"SCIENCES 2","A","AX","ANNEXES","Archivage et surfaces d'entreposage (Ar)",196,23]
[2011,"SC2",21,"SCIENCES 2","A","AX","ANNEXES","Archivage et surfaces d'entreposage (Ar)",196,24]
[2011,"SC2",21,"SCIENCES 2","A","AX","ANNEXES","Archivage et surfaces d'entreposage (Ar)",196,24]
[2011,"SC2",21,"SCIENCES 2","A","AX","ANNEXES","Archivage et surfaces d'entreposage (Ar)",196,24.5]
[2011,"SC2",21,"SCIENCES 2","A","AX","ANNEXES","Archivage et surfaces d'entreposage (Ar)",196,26.5]
[2011,"SC2",21,"SCIENCES 2","A","AX","ANNEXES","Archivage et surfaces d'entreposage (Ar)",196,28.5]
[2011,"SC2",21,"SCIENCES 2","A","AX","ANNEXES","Archivage et surfaces d'entreposage (Ar)",196,35.5]
[2011,"SC2",21,"SCIENCES 2","A","AX","ANNEXES","Archivage et surfaces d'entreposage (Ar)",196,41]
[2011,"SC2",21,"SCIENCES 2","A","AX","ANNEXES","Archivage et surfaces d'entreposage (Ar)",196,41]
[2011,"SC2",21,"SCIENCES 2","A","AX","ANNEXES","Archivage et surfaces d'entreposage (Ar)",196,41.5]
[2011,"SC2",21,"SCIENCES 2","A","AX","ANNEXES","Archivage et surfaces d'entreposage (Ar)",196,44]
[2011,"SC2",21,"SCIENCES 2","A","AX","ANNEXES","Archivage et surfaces d'entreposage (Ar)",196,44.5]
[2011,"SC2",21,"SCIENCES 2","A","AX","ANNEXES","Archivage et surfaces d'entreposage (Ar)",196,46.5]
[2011,"SC2",21,"SCIENCES 2","A","AX","ANNEXES","Archivage et surfaces d'entreposage (Ar)",196,48]
[2011,"SC2",21,"SCIENCES 2","A","AX","ANNEXES","Archivage et surfaces d'entreposage (Ar)",196,48.5]
[2011,"SC2",21,"SCIENCES 2","A","AX","ANNEXES","Archivage et surfaces d'entreposage (Ar)",196,70]
[2011,"SC2",21,"SCIENCES 2","A","AX","ANNEXES","Archivage et surfaces d'entreposage (Ar)",196,74]
[2011,"SC2",21,"SCIENCES 2","A","AX","ANNEXES","Archivage et surfaces d'entreposage (Ar)",196,110]
[2011,"SC2",21,"SCIENCES 2","A","BI","BIBLIOTHEQUE, SALLE DE LECTURE","Bibliothèques (Bi)",468,58]
[2011,"SC2",21,"SCIENCES 2","A","BI","BIBLIOTHEQUE, SALLE DE LECTURE","Bibliothèques (Bi)",468,94]
[2011,"SC2",21,"SCIENCES 2","A","BI","BIBLIOTHEQUE, SALLE DE LECTURE","Bibliothèques (Bi)",468,99.9]
[2011,"SC2",21,"SCIENCES 2","A","BI","BIBLIOTHEQUE, SALLE DE LECTURE","Bibliothèques (Bi)",468,174.6]
[2011,"SC2",21,"SCIENCES 2","A","BI","BIBLIOTHEQUE, SALLE DE LECTURE","Bibliothèques (Bi)",468,192.3]
[2011,"SC2",21,"SCIENCES 2","A","BI","BIBLIOTHEQUE, SALLE DE LECTURE","Bibliothèques (Bi)",468,207]
[2011,"SC2",21,"SCIENCES 2","A","BI","BIBLIOTHEQUE, SALLE DE LECTURE","Bibliothèques (Bi)",468,400.8]
[2011,"SC2",21,"SCIENCES 2","A","BU","BUREAU","Bureaux (Bü)",392,5.5]
[2011,"SC2",21,"SCIENCES 2","A","BU","BUREAU","Bureaux (Bü)",392,6]
[2011,"SC2",21,"SCIENCES 2","A","BU","BUREAU","Bureaux (Bü)",392,6]
[2011,"SC2",21,"SCIENCES 2","A","BU","BUREAU","Bureaux (Bü)",392,6]
[2011,"SC2",21,"SCIENCES 2","A","BU","BUREAU","Bureaux (Bü)",392,6]
[2011,"SC2",21,"SCIENCES 2","A","BU","BUREAU","Bureaux (Bü)",392,6]
[2011,"SC2",21,"SCIENCES 2","A","BU","BUREAU","Bureaux (Bü)",392,8]
[2011,"SC2",21,"SCIENCES 2","A","BU","BUREAU","Bureaux (Bü)",392,8]
[2011,"SC2",21,"SCIENCES 2","A","BU","BUREAU","Bureaux (Bü)",392,8]
[2011,"SC2",21,"SCIENCES 2","A","BU","BUREAU","Bureaux (Bü)",392,9]
[2011,"SC2",21,"SCIENCES 2","A","BU","BUREAU","Bureaux (Bü)",392,9.5]
[2011,"SC2",21,"SCIENCES 2","A","BU","BUREAU","Bureaux (Bü)",392,10]
[2011,"SC2",21,"SCIENCES 2","A","BU","BUREAU","Bureaux (Bü)",392,11]
[2011,"SC2",21,"SCIENCES 2","A","BU","BUREAU","Bureaux (Bü)",392,11]
[2011,"SC2",21,"SCIENCES 2","A","BU","BUREAU","Bureaux (Bü)",392,11.5]
[2011,"SC2",21,"SCIENCES 2","A","BU","BUREAU","Bureaux (Bü)",392,11.5]
[2011,"SC2",21,"SCIENCES 2","A","BU","BUREAU","Bureaux (Bü)",392,11.5]
[2011,"SC2",21,"SCIENCES 2","A","BU","BUREAU","Bureaux (Bü)",392,11.5]
[2011,"SC2",21,"SCIENCES 2","A","BU","BUREAU","Bureaux (Bü)",392,11.5]
[2011,"SC2",21,"SCIENCES 2","A","BU","BUREAU","Bureaux (Bü)",392,11.5]
[2011,"SC2",21,"SCIENCES 2","A","BU","BUREAU","Bureaux (Bü)",392,11.5]
[2011,"SC2",21,"SCIENCES 2","A","BU","BUREAU","Bureaux (Bü)",392,11.5]
[2011,"SC2",21,"SCIENCES 2","A","BU","BUREAU","Bureaux (Bü)",392,11.5]
[2011,"SC2",21,"SCIENCES 2","A","BU","BUREAU","Bureaux (Bü)",392,11.5]
[2011,"SC2",21,"SCIENCES 2","A","BU","BUREAU","Bureaux (Bü)",392,11.5]
[2011,"SC2",21,"SCIENCES 2","A","BU","BUREAU","Bureaux (Bü)",392,11.5]
[2011,"SC2",21,"SCIENCES 2","A","BU","BUREAU","Bureaux (Bü)",392,11.5]
[2011,"SC2",21,"SCIENCES 2","A","BU","BUREAU","Bureaux (Bü)",392,12]
[2011,"SC2",21,"SCIENCES 2","A","BU","BUREAU","Bureaux (Bü)",392,12]
[2011,"SC2",21,"SCIENCES 2","A","BU","BUREAU","Bureaux (Bü)",392,12]
[2011,"SC2",21,"SCIENCES 2","A","BU","BUREAU","Bureaux (Bü)",392,12]
[2011,"SC2",21,"SCIENCES 2","A","BU","BUREAU","Bureaux (Bü)",392,12]
[2011,"SC2",21,"SCIENCES 2","A","BU","BUREAU","Bureaux (Bü)",392,12]
[2011,"SC2",21,"SCIENCES 2","A","BU","BUREAU","Bureaux (Bü)",392,12]
[2011,"SC2",21,"SCIENCES 2","A","BU","BUREAU","Bureaux (Bü)",392,12]
[2011,"SC2",21,"SCIENCES 2","A","BU","BUREAU","Bureaux (Bü)",392,12]
[2011,"SC2",21,"SCIENCES 2","A","BU","BUREAU","Bureaux (Bü)",392,12]
[2011,"SC2",21,"SCIENCES 2","A","BU","BUREAU","Bureaux (Bü)",392,12]
[2011,"SC2",21,"SCIENCES 2","A","BU","BUREAU","Bureaux (Bü)",392,12]
[2011,"SC2",21,"SCIENCES 2","A","BU","BUREAU","Bureaux (Bü)",392,12]
[2011,"SC2",21,"SCIENCES 2","A","BU","BUREAU","Bureaux (Bü)",392,12]
[2011,"SC2",21,"SCIENCES 2","A","BU","BUREAU","Bureaux (Bü)",392,12]
[2011,"SC2",21,"SCIENCES 2","A","BU","BUREAU","Bureaux (Bü)",392,12]
[2011,"SC2",21,"SCIENCES 2","A","BU","BUREAU","Bureaux (Bü)",392,12]
[2011,"SC2",21,"SCIENCES 2","A","BU","BUREAU","Bureaux (Bü)",392,12]
[2011,"SC2",21,"SCIENCES 2","A","BU","BUREAU","Bureaux (Bü)",392,12.5]
[2011,"SC2",21,"SCIENCES 2","A","BU","BUREAU","Bureaux (Bü)",392,12.5]
[2011,"SC2",21,"SCIENCES 2","A","BU","BUREAU","Bureaux (Bü)",392,13]
[2011,"SC2",21,"SCIENCES 2","A","BU","BUREAU","Bureaux (Bü)",392,13]
[2011,"SC2",21,"SCIENCES 2","A","BU","BUREAU","Bureaux (Bü)",392,13.5]
[2011,"SC2",21,"SCIENCES 2","A","BU","BUREAU","Bureaux (Bü)",392,13.5]
[2011,"SC2",21,"SCIENCES 2","A","BU","BUREAU","Bureaux (Bü)",392,14]
[2011,"SC2",21,"SCIENCES 2","A","BU","BUREAU","Bureaux (Bü)",392,14]
[2011,"SC2",21,"SCIENCES 2","A","BU","BUREAU","Bureaux (Bü)",392,15]
[2011,"SC2",21,"SCIENCES 2","A","BU","BUREAU","Bureaux (Bü)",392,15]
[2011,"SC2",21,"SCIENCES 2","A","BU","BUREAU","Bureaux (Bü)",392,16]
[2011,"SC2",21,"SCIENCES 2","A","BU","BUREAU","Bureaux (Bü)",392,16]
[2011,"SC2",21,"SCIENCES 2","A","BU","BUREAU","Bureaux (Bü)",392,16]
[2011,"SC2",21,"SCIENCES 2","A","BU","BUREAU","Bureaux (Bü)",392,16]
[2011,"SC2",21,"SCIENCES 2","A","BU","BUREAU","Bureaux (Bü)",392,16]
[2011,"SC2",21,"SCIENCES 2","A","BU","BUREAU","Bureaux (Bü)",392,16]
[2011,"SC2",21,"SCIENCES 2","A","BU","BUREAU","Bureaux (Bü)",392,16]
[2011,"SC2",21,"SCIENCES 2","A","BU","BUREAU","Bureaux (Bü)",392,16]
[2011,"SC2",21,"SCIENCES 2","A","BU","BUREAU","Bureaux (Bü)",392,16]
[2011,"SC2",21,"SCIENCES 2","A","BU","BUREAU","Bureaux (Bü)",392,16.5]
[2011,"SC2",21,"SCIENCES 2","A","BU","BUREAU","Bureaux (Bü)",392,18]
[2011,"SC2",21,"SCIENCES 2","A","BU","BUREAU","Bureaux (Bü)",392,19]
[2011,"SC2",21,"SCIENCES 2","A","BU","BUREAU","Bureaux (Bü)",392,19]
[2011,"SC2",21,"SCIENCES 2","A","BU","BUREAU","Bureaux (Bü)",392,21]
[2011,"SC2",21,"SCIENCES 2","A","BU","BUREAU","Bureaux (Bü)",392,21]
[2011,"SC2",21,"SCIENCES 2","A","BU","BUREAU","Bureaux (Bü)",392,21]
[2011,"SC2",21,"SCIENCES 2","A","BU","BUREAU","Bureaux (Bü)",392,21.8]
[2011,"SC2",21,"SCIENCES 2","A","BU","BUREAU","Bureaux (Bü)",392,23.5]
[2011,"SC2",21,"SCIENCES 2","A","BU","BUREAU","Bureaux (Bü)",392,23.5]
[2011,"SC2",21,"SCIENCES 2","A","BU","BUREAU","Bureaux (Bü)",392,24]
[2011,"SC2",21,"SCIENCES 2","A","BU","BUREAU","Bureaux (Bü)",392,24]
[2011,"SC2",21,"SCIENCES 2","A","BU","BUREAU","Bureaux (Bü)",392,24]
[2011,"SC2",21,"SCIENCES 2","A","BU","BUREAU","Bureaux (Bü)",392,24]
[2011,"SC2",21,"SCIENCES 2","A","BU","BUREAU","Bureaux (Bü)",392,24]
[2011,"SC2",21,"SCIENCES 2","A","BU","BUREAU","Bureaux (Bü)",392,24]
[2011,"SC2",21,"SCIENCES 2","A","BU","BUREAU","Bureaux (Bü)",392,24]
[2011,"SC2",21,"SCIENCES 2","A","BU","BUREAU","Bureaux (Bü)",392,24]
[2011,"SC2",21,"SCIENCES 2","A","BU","BUREAU","Bureaux (Bü)",392,24]
[2011,"SC2",21,"SCIENCES 2","A","BU","BUREAU","Bureaux (Bü)",392,24]
[2011,"SC2",21,"SCIENCES 2","A","BU","BUREAU","Bureaux (Bü)",392,24]
[2011,"SC2",21,"SCIENCES 2","A","BU","BUREAU","Bureaux (Bü)",392,24]
[2011,"SC2",21,"SCIENCES 2","A","BU","BUREAU","Bureaux (Bü)",392,24]
[2011,"SC2",21,"SCIENCES 2","A","BU","BUREAU","Bureaux (Bü)",392,24]
[2011,"SC2",21,"SCIENCES 2","A","BU","BUREAU","Bureaux (Bü)",392,24]
[2011,"SC2",21,"SCIENCES 2","A","BU","BUREAU","Bureaux (Bü)",392,24]
[2011,"SC2",21,"SCIENCES 2","A","BU","BUREAU","Bureaux (Bü)",392,24]
[2011,"SC2",21,"SCIENCES 2","A","BU","BUREAU","Bureaux (Bü)",392,24]
[2011,"SC2",21,"SCIENCES 2","A","BU","BUREAU","Bureaux (Bü)",392,24]
[2011,"SC2",21,"SCIENCES 2","A","BU","BUREAU","Bureaux (Bü)",392,24]
[2011,"SC2",21,"SCIENCES 2","A","BU","BUREAU","Bureaux (Bü)",392,24]
[2011,"SC2",21,"SCIENCES 2","A","BU","BUREAU","Bureaux (Bü)",392,24]
[2011,"SC2",21,"SCIENCES 2","A","BU","BUREAU","Bureaux (Bü)",392,24]
[2011,"SC2",21,"SCIENCES 2","A","BU","BUREAU","Bureaux (Bü)",392,24]
[2011,"SC2",21,"SCIENCES 2","A","BU","BUREAU","Bureaux (Bü)",392,24]
[2011,"SC2",21,"SCIENCES 2","A","BU","BUREAU","Bureaux (Bü)",392,24]
[2011,"SC2",21,"SCIENCES 2","A","BU","BUREAU","Bureaux (Bü)",392,24]
[2011,"SC2",21,"SCIENCES 2","A","BU","BUREAU","Bureaux (Bü)",392,24]
[2011,"SC2",21,"SCIENCES 2","A","BU","BUREAU","Bureaux (Bü)",392,24]
[2011,"SC2",21,"SCIENCES 2","A","BU","BUREAU","Bureaux (Bü)",392,24]
[2011,"SC2",21,"SCIENCES 2","A","BU","BUREAU","Bureaux (Bü)",392,24]
[2011,"SC2",21,"SCIENCES 2","A","BU","BUREAU","Bureaux (Bü)",392,24]
[2011,"SC2",21,"SCIENCES 2","A","BU","BUREAU","Bureaux (Bü)",392,24]
[2011,"SC2",21,"SCIENCES 2","A","BU","BUREAU","Bureaux (Bü)",392,24]
[2011,"SC2",21,"SCIENCES 2","A","BU","BUREAU","Bureaux (Bü)",392,24]
[2011,"SC2",21,"SCIENCES 2","A","BU","BUREAU","Bureaux (Bü)",392,24]
[2011,"SC2",21,"SCIENCES 2","A","BU","BUREAU","Bureaux (Bü)",392,24]
[2011,"SC2",21,"SCIENCES 2","A","BU","BUREAU","Bureaux (Bü)",392,24]
[2011,"SC2",21,"SCIENCES 2","A","BU","BUREAU","Bureaux (Bü)",392,24]
[2011,"SC2",21,"SCIENCES 2","A","BU","BUREAU","Bureaux (Bü)",392,24]
[2011,"SC2",21,"SCIENCES 2","A","BU","BUREAU","Bureaux (Bü)",392,24]
[2011,"SC2",21,"SCIENCES 2","A","BU","BUREAU","Bureaux (Bü)",392,24]
[2011,"SC2",21,"SCIENCES 2","A","BU","BUREAU","Bureaux (Bü)",392,24]
[2011,"SC2",21,"SCIENCES 2","A","BU","BUREAU","Bureaux (Bü)",392,24]
[2011,"SC2",21,"SCIENCES 2","A","BU","BUREAU","Bureaux (Bü)",392,24]
[2011,"SC2",21,"SCIENCES 2","A","BU","BUREAU","Bureaux (Bü)",392,24]
[2011,"SC2",21,"SCIENCES 2","A","BU","BUREAU","Bureaux (Bü)",392,24]
[2011,"SC2",21,"SCIENCES 2","A","BU","BUREAU","Bureaux (Bü)",392,24]
[2011,"SC2",21,"SCIENCES 2","A","BU","BUREAU","Bureaux (Bü)",392,24]
[2011,"SC2",21,"SCIENCES 2","A","BU","BUREAU","Bureaux (Bü)",392,24]
[2011,"SC2",21,"SCIENCES 2","A","BU","BUREAU","Bureaux (Bü)",392,24]
[2011,"SC2",21,"SCIENCES 2","A","BU","BUREAU","Bureaux (Bü)",392,33]
[2011,"SC2",21,"SCIENCES 2","A","BU","BUREAU","Bureaux (Bü)",392,33]
[2011,"SC2",21,"SCIENCES 2","A","BU","BUREAU","Bureaux (Bü)",392,41]
[2011,"SC2",21,"SCIENCES 2","A","BU","BUREAU","Bureaux (Bü)",392,42]
[2011,"SC2",21,"SCIENCES 2","A","BU","BUREAU","Bureaux (Bü)",392,43.5]
[2011,"SC2",21,"SCIENCES 2","A","BU","BUREAU","Bureaux (Bü)",392,47.5]
[2011,"SC2",21,"SCIENCES 2","A","BU","BUREAU","Bureaux (Bü)",392,48]
[2011,"SC2",21,"SCIENCES 2","A","BU","BUREAU","Bureaux (Bü)",392,48]
[2011,"SC2",21,"SCIENCES 2","A","BU","BUREAU","Bureaux (Bü)",392,48.5]
[2011,"SC2",21,"SCIENCES 2","A","BU","BUREAU","Bureaux (Bü)",392,62]
[2011,"SC2",21,"SCIENCES 2","A","BU","BUREAU","Bureaux (Bü)",392,74]
[2011,"SC2",21,"SCIENCES 2","A","CA","CAFETERIA","Locaux du domaine social (So)",430,24]
[2011,"SC2",21,"SCIENCES 2","A","CA","CAFETERIA","Locaux du domaine social (So)",430,24.5]
[2011,"SC2",21,"SCIENCES 2","A","CA","CAFETERIA","Locaux du domaine social (So)",430,47.5]
[2011,"SC2",21,"SCIENCES 2","A","CA","CAFETERIA","Locaux du domaine social (So)",430,132]
[2011,"SC2",21,"SCIENCES 2","A","CC","CHAMBRE DE CULTURE","Laboratoires (La)",805,8]
[2011,"SC2",21,"SCIENCES 2","A","CC","CHAMBRE DE CULTURE","Laboratoires (La)",805,10]
[2011,"SC2",21,"SCIENCES 2","A","CF","CHAMBRE FROIDE","Laboratoires (La)",805,8]
[2011,"SC2",21,"SCIENCES 2","A","CF","CHAMBRE FROIDE","Laboratoires (La)",805,10]
[2011,"SC2",21,"SCIENCES 2","A","CF","CHAMBRE FROIDE","Laboratoires (La)",805,12]
[2011,"SC2",21,"SCIENCES 2","A","CN","CHAMBRE NOIRE","Laboratoires (La)",805,12]
[2011,"SC2",21,"SCIENCES 2","A","CS","COMPACTUS","Archivage et surfaces d'entreposage (Ar)",196,24]
[2011,"SC2",21,"SCIENCES 2","A","DP","DEPOT","Archivage et surfaces d'entreposage (Ar)",196,70]
[2011,"SC2",21,"SCIENCES 2","A","DP","DEPOT","Archivage et surfaces d'entreposage (Ar)",196,70]
[2011,"SC2",21,"SCIENCES 2","A","DP","DEPOT","Archivage et surfaces d'entreposage (Ar)",196,70]
[2011,"SC2",21,"SCIENCES 2","A","DP","DEPOT","Archivage et surfaces d'entreposage (Ar)",196,70]
[2011,"SC2",21,"SCIENCES 2","A","DP","DEPOT","Archivage et surfaces d'entreposage (Ar)",196,110]
[2011,"SC2",21,"SCIENCES 2","A","DV","DIVERS","Local fictif - sans coût",0,45]
[2011,"SC2",21,"SCIENCES 2","A","DV","DIVERS","Local fictif - sans coût",0,49]
[2011,"SC2",21,"SCIENCES 2","A","LA","LAVERIE","Laboratoires (La)",805,24]
[2011,"SC2",21,"SCIENCES 2","A","LA","LAVERIE","Laboratoires (La)",805,24]
[2011,"SC2",21,"SCIENCES 2","A","LR","LABORATOIRE DE RECHERCHE","Laboratoires (La)",805,3]
[2011,"SC2",21,"SCIENCES 2","A","LR","LABORATOIRE DE RECHERCHE","Laboratoires (La)",805,7.5]
[2011,"SC2",21,"SCIENCES 2","A","LR","LABORATOIRE DE RECHERCHE","Laboratoires (La)",805,8]
[2011,"SC2",21,"SCIENCES 2","A","LR","LABORATOIRE DE RECHERCHE","Laboratoires (La)",805,8]
[2011,"SC2",21,"SCIENCES 2","A","LR","LABORATOIRE DE RECHERCHE","Laboratoires (La)",805,9.5]
[2011,"SC2",21,"SCIENCES 2","A","LR","LABORATOIRE DE RECHERCHE","Laboratoires (La)",805,9.5]
[2011,"SC2",21,"SCIENCES 2","A","LR","LABORATOIRE DE RECHERCHE","Laboratoires (La)",805,10]
[2011,"SC2",21,"SCIENCES 2","A","LR","LABORATOIRE DE RECHERCHE","Laboratoires (La)",805,11]
[2011,"SC2",21,"SCIENCES 2","A","LR","LABORATOIRE DE RECHERCHE","Laboratoires (La)",805,11]
[2011,"SC2",21,"SCIENCES 2","A","LR","LABORATOIRE DE RECHERCHE","Laboratoires (La)",805,11.5]
[2011,"SC2",21,"SCIENCES 2","A","LR","LABORATOIRE DE RECHERCHE","Laboratoires (La)",805,11.5]
[2011,"SC2",21,"SCIENCES 2","A","LR","LABORATOIRE DE RECHERCHE","Laboratoires (La)",805,11.5]
[2011,"SC2",21,"SCIENCES 2","A","LR","LABORATOIRE DE RECHERCHE","Laboratoires (La)",805,11.5]
[2011,"SC2",21,"SCIENCES 2","A","LR","LABORATOIRE DE RECHERCHE","Laboratoires (La)",805,11.5]
[2011,"SC2",21,"SCIENCES 2","A","LR","LABORATOIRE DE RECHERCHE","Laboratoires (La)",805,11.5]
[2011,"SC2",21,"SCIENCES 2","A","LR","LABORATOIRE DE RECHERCHE","Laboratoires (La)",805,12]
[2011,"SC2",21,"SCIENCES 2","A","LR","LABORATOIRE DE RECHERCHE","Laboratoires (La)",805,12]
[2011,"SC2",21,"SCIENCES 2","A","LR","LABORATOIRE DE RECHERCHE","Laboratoires (La)",805,12]
[2011,"SC2",21,"SCIENCES 2","A","LR","LABORATOIRE DE RECHERCHE","Laboratoires (La)",805,12]
[2011,"SC2",21,"SCIENCES 2","A","LR","LABORATOIRE DE RECHERCHE","Laboratoires (La)",805,12]
[2011,"SC2",21,"SCIENCES 2","A","LR","LABORATOIRE DE RECHERCHE","Laboratoires (La)",805,12]
[2011,"SC2",21,"SCIENCES 2","A","LR","LABORATOIRE DE RECHERCHE","Laboratoires (La)",805,12]
[2011,"SC2",21,"SCIENCES 2","A","LR","LABORATOIRE DE RECHERCHE","Laboratoires (La)",805,13]
[2011,"SC2",21,"SCIENCES 2","A","LR","LABORATOIRE DE RECHERCHE","Laboratoires (La)",805,13.5]
[2011,"SC2",21,"SCIENCES 2","A","LR","LABORATOIRE DE RECHERCHE","Laboratoires (La)",805,14]
[2011,"SC2",21,"SCIENCES 2","A","LR","LABORATOIRE DE RECHERCHE","Laboratoires (La)",805,15]
[2011,"SC2",21,"SCIENCES 2","A","LR","LABORATOIRE DE RECHERCHE","Laboratoires (La)",805,17.5]
[2011,"SC2",21,"SCIENCES 2","A","LR","LABORATOIRE DE RECHERCHE","Laboratoires (La)",805,19]
[2011,"SC2",21,"SCIENCES 2","A","LR","LABORATOIRE DE RECHERCHE","Laboratoires (La)",805,21]
[2011,"SC2",21,"SCIENCES 2","A","LR","LABORATOIRE DE RECHERCHE","Laboratoires (La)",805,21]
[2011,"SC2",21,"SCIENCES 2","A","LR","LABORATOIRE DE RECHERCHE","Laboratoires (La)",805,21]
[2011,"SC2",21,"SCIENCES 2","A","LR","LABORATOIRE DE RECHERCHE","Laboratoires (La)",805,22.5]
[2011,"SC2",21,"SCIENCES 2","A","LR","LABORATOIRE DE RECHERCHE","Laboratoires (La)",805,23]
[2011,"SC2",21,"SCIENCES 2","A","LR","LABORATOIRE DE RECHERCHE","Laboratoires (La)",805,24]
[2011,"SC2",21,"SCIENCES 2","A","LR","LABORATOIRE DE RECHERCHE","Laboratoires (La)",805,24]
[2011,"SC2",21,"SCIENCES 2","A","LR","LABORATOIRE DE RECHERCHE","Laboratoires (La)",805,24]
[2011,"SC2",21,"SCIENCES 2","A","LR","LABORATOIRE DE RECHERCHE","Laboratoires (La)",805,24]
[2011,"SC2",21,"SCIENCES 2","A","LR","LABORATOIRE DE RECHERCHE","Laboratoires (La)",805,24]
[2011,"SC2",21,"SCIENCES 2","A","LR","LABORATOIRE DE RECHERCHE","Laboratoires (La)",805,24]
[2011,"SC2",21,"SCIENCES 2","A","LR","LABORATOIRE DE RECHERCHE","Laboratoires (La)",805,24]
[2011,"SC2",21,"SCIENCES 2","A","LR","LABORATOIRE DE RECHERCHE","Laboratoires (La)",805,24]
[2011,"SC2",21,"SCIENCES 2","A","LR","LABORATOIRE DE RECHERCHE","Laboratoires (La)",805,24]
[2011,"SC2",21,"SCIENCES 2","A","LR","LABORATOIRE DE RECHERCHE","Laboratoires (La)",805,24]
[2011,"SC2",21,"SCIENCES 2","A","LR","LABORATOIRE DE RECHERCHE","Laboratoires (La)",805,24]
[2011,"SC2",21,"SCIENCES 2","A","LR","LABORATOIRE DE RECHERCHE","Laboratoires (La)",805,24]
[2011,"SC2",21,"SCIENCES 2","A","LR","LABORATOIRE DE RECHERCHE","Laboratoires (La)",805,24]
[2011,"SC2",21,"SCIENCES 2","A","LR","LABORATOIRE DE RECHERCHE","Laboratoires (La)",805,24]
[2011,"SC2",21,"SCIENCES 2","A","LR","LABORATOIRE DE RECHERCHE","Laboratoires (La)",805,24]
[2011,"SC2",21,"SCIENCES 2","A","LR","LABORATOIRE DE RECHERCHE","Laboratoires (La)",805,24]
[2011,"SC2",21,"SCIENCES 2","A","LR","LABORATOIRE DE RECHERCHE","Laboratoires (La)",805,24]
[2011,"SC2",21,"SCIENCES 2","A","LR","LABORATOIRE DE RECHERCHE","Laboratoires (La)",805,24]
[2011,"SC2",21,"SCIENCES 2","A","LR","LABORATOIRE DE RECHERCHE","Laboratoires (La)",805,24]
[2011,"SC2",21,"SCIENCES 2","A","LR","LABORATOIRE DE RECHERCHE","Laboratoires (La)",805,24]
[2011,"SC2",21,"SCIENCES 2","A","LR","LABORATOIRE DE RECHERCHE","Laboratoires (La)",805,24]
[2011,"SC2",21,"SCIENCES 2","A","LR","LABORATOIRE DE RECHERCHE","Laboratoires (La)",805,24]
[2011,"SC2",21,"SCIENCES 2","A","LR","LABORATOIRE DE RECHERCHE","Laboratoires (La)",805,24]
[2011,"SC2",21,"SCIENCES 2","A","LR","LABORATOIRE DE RECHERCHE","Laboratoires (La)",805,24]
[2011,"SC2",21,"SCIENCES 2","A","LR","LABORATOIRE DE RECHERCHE","Laboratoires (La)",805,24]
[2011,"SC2",21,"SCIENCES 2","A","LR","LABORATOIRE DE RECHERCHE","Laboratoires (La)",805,24]
[2011,"SC2",21,"SCIENCES 2","A","LR","LABORATOIRE DE RECHERCHE","Laboratoires (La)",805,24]
[2011,"SC2",21,"SCIENCES 2","A","LR","LABORATOIRE DE RECHERCHE","Laboratoires (La)",805,24]
[2011,"SC2",21,"SCIENCES 2","A","LR","LABORATOIRE DE RECHERCHE","Laboratoires (La)",805,24]
[2011,"SC2",21,"SCIENCES 2","A","LR","LABORATOIRE DE RECHERCHE","Laboratoires (La)",805,24]
[2011,"SC2",21,"SCIENCES 2","A","LR","LABORATOIRE DE RECHERCHE","Laboratoires (La)",805,24]
[2011,"SC2",21,"SCIENCES 2","A","LR","LABORATOIRE DE RECHERCHE","Laboratoires (La)",805,24]
[2011,"SC2",21,"SCIENCES 2","A","LR","LABORATOIRE DE RECHERCHE","Laboratoires (La)",805,24]
[2011,"SC2",21,"SCIENCES 2","A","LR","LABORATOIRE DE RECHERCHE","Laboratoires (La)",805,24]
[2011,"SC2",21,"SCIENCES 2","A","LR","LABORATOIRE DE RECHERCHE","Laboratoires (La)",805,24]
[2011,"SC2",21,"SCIENCES 2","A","LR","LABORATOIRE DE RECHERCHE","Laboratoires (La)",805,24]
[2011,"SC2",21,"SCIENCES 2","A","LR","LABORATOIRE DE RECHERCHE","Laboratoires (La)",805,24]
[2011,"SC2",21,"SCIENCES 2","A","LR","LABORATOIRE DE RECHERCHE","Laboratoires (La)",805,24]
[2011,"SC2",21,"SCIENCES 2","A","LR","LABORATOIRE DE RECHERCHE","Laboratoires (La)",805,24]
[2011,"SC2",21,"SCIENCES 2","A","LR","LABORATOIRE DE RECHERCHE","Laboratoires (La)",805,24]
[2011,"SC2",21,"SCIENCES 2","A","LR","LABORATOIRE DE RECHERCHE","Laboratoires (La)",805,24]
[2011,"SC2",21,"SCIENCES 2","A","LR","LABORATOIRE DE RECHERCHE","Laboratoires (La)",805,24]
[2011,"SC2",21,"SCIENCES 2","A","LR","LABORATOIRE DE RECHERCHE","Laboratoires (La)",805,24]
[2011,"SC2",21,"SCIENCES 2","A","LR","LABORATOIRE DE RECHERCHE","Laboratoires (La)",805,24]
[2011,"SC2",21,"SCIENCES 2","A","LR","LABORATOIRE DE RECHERCHE","Laboratoires (La)",805,24]
[2011,"SC2",21,"SCIENCES 2","A","LR","LABORATOIRE DE RECHERCHE","Laboratoires (La)",805,24]
[2011,"SC2",21,"SCIENCES 2","A","LR","LABORATOIRE DE RECHERCHE","Laboratoires (La)",805,24]
[2011,"SC2",21,"SCIENCES 2","A","LR","LABORATOIRE DE RECHERCHE","Laboratoires (La)",805,24]
[2011,"SC2",21,"SCIENCES 2","A","LR","LABORATOIRE DE RECHERCHE","Laboratoires (La)",805,26.5]
[2011,"SC2",21,"SCIENCES 2","A","LR","LABORATOIRE DE RECHERCHE","Laboratoires (La)",805,27.5]
[2011,"SC2",21,"SCIENCES 2","A","LR","LABORATOIRE DE RECHERCHE","Laboratoires (La)",805,32.5]
[2011,"SC2",21,"SCIENCES 2","A","LR","LABORATOIRE DE RECHERCHE","Laboratoires (La)",805,32.5]
[2011,"SC2",21,"SCIENCES 2","A","LR","LABORATOIRE DE RECHERCHE","Laboratoires (La)",805,34]
[2011,"SC2",21,"SCIENCES 2","A","LR","LABORATOIRE DE RECHERCHE","Laboratoires (La)",805,43]
[2011,"SC2",21,"SCIENCES 2","A","LR","LABORATOIRE DE RECHERCHE","Laboratoires (La)",805,43]
[2011,"SC2",21,"SCIENCES 2","A","LR","LABORATOIRE DE RECHERCHE","Laboratoires (La)",805,43]
[2011,"SC2",21,"SCIENCES 2","A","LR","LABORATOIRE DE RECHERCHE","Laboratoires (La)",805,44.5]
[2011,"SC2",21,"SCIENCES 2","A","LR","LABORATOIRE DE RECHERCHE","Laboratoires (La)",805,45]
[2011,"SC2",21,"SCIENCES 2","A","LR","LABORATOIRE DE RECHERCHE","Laboratoires (La)",805,45]
[2011,"SC2",21,"SCIENCES 2","A","LR","LABORATOIRE DE RECHERCHE","Laboratoires (La)",805,46.5]
[2011,"SC2",21,"SCIENCES 2","A","LR","LABORATOIRE DE RECHERCHE","Laboratoires (La)",805,46.5]
[2011,"SC2",21,"SCIENCES 2","A","LR","LABORATOIRE DE RECHERCHE","Laboratoires (La)",805,46.5]
[2011,"SC2",21,"SCIENCES 2","A","LR","LABORATOIRE DE RECHERCHE","Laboratoires (La)",805,47]
[2011,"SC2",21,"SCIENCES 2","A","LR","LABORATOIRE DE RECHERCHE","Laboratoires (La)",805,47]
[2011,"SC2",21,"SCIENCES 2","A","LR","LABORATOIRE DE RECHERCHE","Laboratoires (La)",805,47]
[2011,"SC2",21,"SCIENCES 2","A","LR","LABORATOIRE DE RECHERCHE","Laboratoires (La)",805,48]
[2011,"SC2",21,"SCIENCES 2","A","LR","LABORATOIRE DE RECHERCHE","Laboratoires (La)",805,48]
[2011,"SC2",21,"SCIENCES 2","A","LR","LABORATOIRE DE RECHERCHE","Laboratoires (La)",805,48]
[2011,"SC2",21,"SCIENCES 2","A","LR","LABORATOIRE DE RECHERCHE","Laboratoires (La)",805,48]
[2011,"SC2",21,"SCIENCES 2","A","LR","LABORATOIRE DE RECHERCHE","Laboratoires (La)",805,48]
[2011,"SC2",21,"SCIENCES 2","A","LR","LABORATOIRE DE RECHERCHE","Laboratoires (La)",805,48]
[2011,"SC2",21,"SCIENCES 2","A","LR","LABORATOIRE DE RECHERCHE","Laboratoires (La)",805,48]
[2011,"SC2",21,"SCIENCES 2","A","LR","LABORATOIRE DE RECHERCHE","Laboratoires (La)",805,48]
[2011,"SC2",21,"SCIENCES 2","A","LR","LABORATOIRE DE RECHERCHE","Laboratoires (La)",805,48]
[2011,"SC2",21,"SCIENCES 2","A","LR","LABORATOIRE DE RECHERCHE","Laboratoires (La)",805,48]
[2011,"SC2",21,"SCIENCES 2","A","LR","LABORATOIRE DE RECHERCHE","Laboratoires (La)",805,48]
[2011,"SC2",21,"SCIENCES 2","A","LR","LABORATOIRE DE RECHERCHE","Laboratoires (La)",805,48]
[2011,"SC2",21,"SCIENCES 2","A","LR","LABORATOIRE DE RECHERCHE","Laboratoires (La)",805,48]
[2011,"SC2",21,"SCIENCES 2","A","LR","LABORATOIRE DE RECHERCHE","Laboratoires (La)",805,48.5]
[2011,"SC2",21,"SCIENCES 2","A","LR","LABORATOIRE DE RECHERCHE","Laboratoires (La)",805,48.5]
[2011,"SC2",21,"SCIENCES 2","A","LR","LABORATOIRE DE RECHERCHE","Laboratoires (La)",805,48.5]
[2011,"SC2",21,"SCIENCES 2","A","LR","LABORATOIRE DE RECHERCHE","Laboratoires (La)",805,48.5]
[2011,"SC2",21,"SCIENCES 2","A","LR","LABORATOIRE DE RECHERCHE","Laboratoires (La)",805,48.5]
[2011,"SC2",21,"SCIENCES 2","A","LR","LABORATOIRE DE RECHERCHE","Laboratoires (La)",805,48.5]
[2011,"SC2",21,"SCIENCES 2","A","LR","LABORATOIRE DE RECHERCHE","Laboratoires (La)",805,48.5]
[2011,"SC2",21,"SCIENCES 2","A","LR","LABORATOIRE DE RECHERCHE","Laboratoires (La)",805,48.5]
[2011,"SC2",21,"SCIENCES 2","A","LR","LABORATOIRE DE RECHERCHE","Laboratoires (La)",805,48.5]
[2011,"SC2",21,"SCIENCES 2","A","LR","LABORATOIRE DE RECHERCHE","Laboratoires (La)",805,48.5]
[2011,"SC2",21,"SCIENCES 2","A","LR","LABORATOIRE DE RECHERCHE","Laboratoires (La)",805,48.5]
[2011,"SC2",21,"SCIENCES 2","A","LR","LABORATOIRE DE RECHERCHE","Laboratoires (La)",805,48.5]
[2011,"SC2",21,"SCIENCES 2","A","LR","LABORATOIRE DE RECHERCHE","Laboratoires (La)",805,48.5]
[2011,"SC2",21,"SCIENCES 2","A","LR","LABORATOIRE DE RECHERCHE","Laboratoires (La)",805,48.5]
[2011,"SC2",21,"SCIENCES 2","A","LR","LABORATOIRE DE RECHERCHE","Laboratoires (La)",805,48.5]
[2011,"SC2",21,"SCIENCES 2","A","LR","LABORATOIRE DE RECHERCHE","Laboratoires (La)",805,48.5]
[2011,"SC2",21,"SCIENCES 2","A","LR","LABORATOIRE DE RECHERCHE","Laboratoires (La)",805,48.5]
[2011,"SC2",21,"SCIENCES 2","A","LR","LABORATOIRE DE RECHERCHE","Laboratoires (La)",805,48.5]
[2011,"SC2",21,"SCIENCES 2","A","LR","LABORATOIRE DE RECHERCHE","Laboratoires (La)",805,48.5]
[2011,"SC2",21,"SCIENCES 2","A","LR","LABORATOIRE DE RECHERCHE","Laboratoires (La)",805,48.5]
[2011,"SC2",21,"SCIENCES 2","A","LR","LABORATOIRE DE RECHERCHE","Laboratoires (La)",805,48.5]
[2011,"SC2",21,"SCIENCES 2","A","LR","LABORATOIRE DE RECHERCHE","Laboratoires (La)",805,48.5]
[2011,"SC2",21,"SCIENCES 2","A","LR","LABORATOIRE DE RECHERCHE","Laboratoires (La)",805,48.5]
[2011,"SC2",21,"SCIENCES 2","A","LR","LABORATOIRE DE RECHERCHE","Laboratoires (La)",805,48.5]
[2011,"SC2",21,"SCIENCES 2","A","LR","LABORATOIRE DE RECHERCHE","Laboratoires (La)",805,48.5]
[2011,"SC2",21,"SCIENCES 2","A","LR","LABORATOIRE DE RECHERCHE","Laboratoires (La)",805,48.5]
[2011,"SC2",21,"SCIENCES 2","A","LR","LABORATOIRE DE RECHERCHE","Laboratoires (La)",805,51]
[2011,"SC2",21,"SCIENCES 2","A","LR","LABORATOIRE DE RECHERCHE","Laboratoires (La)",805,57.5]
[2011,"SC2",21,"SCIENCES 2","A","LR","LABORATOIRE DE RECHERCHE","Laboratoires (La)",805,72]
[2011,"SC2",21,"SCIENCES 2","A","LR","LABORATOIRE DE RECHERCHE","Laboratoires (La)",805,73]
[2011,"SC2",21,"SCIENCES 2","A","LR","LABORATOIRE DE RECHERCHE","Laboratoires (La)",805,75.5]
[2011,"SC2",21,"SCIENCES 2","A","LR","LABORATOIRE DE RECHERCHE","Laboratoires (La)",805,96]
[2011,"SC2",21,"SCIENCES 2","A","LR","LABORATOIRE DE RECHERCHE","Laboratoires (La)",805,96]
[2011,"SC2",21,"SCIENCES 2","A","LR","LABORATOIRE DE RECHERCHE","Laboratoires (La)",805,98]
[2011,"SC2",21,"SCIENCES 2","A","LR","LABORATOIRE DE RECHERCHE","Laboratoires (La)",805,98]
[2011,"SC2",21,"SCIENCES 2","A","LR","LABORATOIRE DE RECHERCHE","Laboratoires (La)",805,98]
[2011,"SC2",21,"SCIENCES 2","A","LR","LABORATOIRE DE RECHERCHE","Laboratoires (La)",805,98]
[2011,"SC2",21,"SCIENCES 2","A","LR","LABORATOIRE DE RECHERCHE","Laboratoires (La)",805,98]
[2011,"SC2",21,"SCIENCES 2","A","LR","LABORATOIRE DE RECHERCHE","Laboratoires (La)",805,98]
[2011,"SC2",21,"SCIENCES 2","A","LR","LABORATOIRE DE RECHERCHE","Laboratoires (La)",805,98]
[2011,"SC2",21,"SCIENCES 2","A","LR","LABORATOIRE DE RECHERCHE","Laboratoires (La)",805,100]
[2011,"SC2",21,"SCIENCES 2","A","LR","LABORATOIRE DE RECHERCHE","Laboratoires (La)",805,101.5]
[2011,"SC2",21,"SCIENCES 2","A","LR","LABORATOIRE DE RECHERCHE","Laboratoires (La)",805,146]
[2011,"SC2",21,"SCIENCES 2","A","LT","LABORATOIRE DE TRAVAUX PRATIQUES","Laboratoires (La)",805,15.5]
[2011,"SC2",21,"SCIENCES 2","A","LT","LABORATOIRE DE TRAVAUX PRATIQUES","Laboratoires (La)",805,15.5]
[2011,"SC2",21,"SCIENCES 2","A","LT","LABORATOIRE DE TRAVAUX PRATIQUES","Laboratoires (La)",805,15.5]
[2011,"SC2",21,"SCIENCES 2","A","LT","LABORATOIRE DE TRAVAUX PRATIQUES","Laboratoires (La)",805,15.5]
[2011,"SC2",21,"SCIENCES 2","A","LT","LABORATOIRE DE TRAVAUX PRATIQUES","Laboratoires (La)",805,15.5]
[2011,"SC2",21,"SCIENCES 2","A","LT","LABORATOIRE DE TRAVAUX PRATIQUES","Laboratoires (La)",805,15.5]
[2011,"SC2",21,"SCIENCES 2","A","LT","LABORATOIRE DE TRAVAUX PRATIQUES","Laboratoires (La)",805,15.5]
[2011,"SC2",21,"SCIENCES 2","A","LT","LABORATOIRE DE TRAVAUX PRATIQUES","Laboratoires (La)",805,15.5]
[2011,"SC2",21,"SCIENCES 2","A","LT","LABORATOIRE DE TRAVAUX PRATIQUES","Laboratoires (La)",805,48.5]
[2011,"SC2",21,"SCIENCES 2","A","LT","LABORATOIRE DE TRAVAUX PRATIQUES","Laboratoires (La)",805,64.5]
[2011,"SC2",21,"SCIENCES 2","A","LT","LABORATOIRE DE TRAVAUX PRATIQUES","Laboratoires (La)",805,64.5]
[2011,"SC2",21,"SCIENCES 2","A","LT","LABORATOIRE DE TRAVAUX PRATIQUES","Laboratoires (La)",805,173.5]
[2011,"SC2",21,"SCIENCES 2","A","LT","LABORATOIRE DE TRAVAUX PRATIQUES","Laboratoires (La)",805,173.5]
[2011,"SC2",21,"SCIENCES 2","A","LT","LABORATOIRE DE TRAVAUX PRATIQUES","Laboratoires (La)",805,173.5]
[2011,"SC2",21,"SCIENCES 2","A","LT","LABORATOIRE DE TRAVAUX PRATIQUES","Laboratoires (La)",805,173.5]
[2011,"SC2",21,"SCIENCES 2","A","LT","LABORATOIRE DE TRAVAUX PRATIQUES","Laboratoires (La)",805,173.5]
[2011,"SC2",21,"SCIENCES 2","A","LT","LABORATOIRE DE TRAVAUX PRATIQUES","Laboratoires (La)",805,173.5]
[2011,"SC2",21,"SCIENCES 2","A","LT","LABORATOIRE DE TRAVAUX PRATIQUES","Laboratoires (La)",805,173.5]
[2011,"SC2",21,"SCIENCES 2","A","LT","LABORATOIRE DE TRAVAUX PRATIQUES","Laboratoires (La)",805,173.5]
[2011,"SC2",21,"SCIENCES 2","A","MA","LOCAL MACHINES","Laboratoires (La)",805,14]
[2011,"SC2",21,"SCIENCES 2","A","MA","LOCAL MACHINES","Laboratoires (La)",805,16]
[2011,"SC2",21,"SCIENCES 2","A","MA","LOCAL MACHINES","Laboratoires (La)",805,16]
[2011,"SC2",21,"SCIENCES 2","A","MA","LOCAL MACHINES","Laboratoires (La)",805,24]
[2011,"SC2",21,"SCIENCES 2","A","ME","MICROSCOPIE ELECTRONIQUE","Laboratoires (La)",805,13]
[2011,"SC2",21,"SCIENCES 2","A","ME","MICROSCOPIE ELECTRONIQUE","Laboratoires (La)",805,15]
[2011,"SC2",21,"SCIENCES 2","A","RE","SALLE DE REUNION","Salles d'enseignement (UR)",392,26]
[2011,"SC2",21,"SCIENCES 2","A","RE","SALLE DE REUNION","Salles d'enseignement (UR)",392,48]
[2011,"SC2",21,"SCIENCES 2","A","RE","SALLE DE REUNION","Salles d'enseignement (UR)",392,48]
[2011,"SC2",21,"SCIENCES 2","A","RE","SALLE DE REUNION","Salles d'enseignement (UR)",392,48]
[2011,"SC2",21,"SCIENCES 2","A","SM","SALLE DE SEMINAIRE / COURS","Salles d'enseignement (UR)",392,46.5]
[2011,"SC2",21,"SCIENCES 2","A","SM","SALLE DE SEMINAIRE / COURS","Salles d'enseignement (UR)",392,48]
[2011,"SC2",21,"SCIENCES 2","A","SM","SALLE DE SEMINAIRE / COURS","Salles d'enseignement (UR)",392,48]
[2011,"SC2",21,"SCIENCES 2","A","SM","SALLE DE SEMINAIRE / COURS","Salles d'enseignement (UR)",392,48.5]
[2011,"SC2",21,"SCIENCES 2","A","SM","SALLE DE SEMINAIRE / COURS","Salles d'enseignement (UR)",392,51]
[2011,"SC2",21,"SCIENCES 2","A","SM","SALLE DE SEMINAIRE / COURS","Salles d'enseignement (UR)",392,72]
[2011,"SC2",21,"SCIENCES 2","A","SM","SALLE DE SEMINAIRE / COURS","Salles d'enseignement (UR)",392,72.5]
[2011,"SC2",21,"SCIENCES 2","A","SM","SALLE DE SEMINAIRE / COURS","Salles d'enseignement (UR)",392,98]
[2011,"SC2",21,"SCIENCES 2","A","ST","STOCKAGE","Archivage et surfaces d'entreposage (Ar)",196,11.5]
[2011,"SC2",21,"SCIENCES 2","A","ST","STOCKAGE","Archivage et surfaces d'entreposage (Ar)",196,12]
[2011,"SC2",21,"SCIENCES 2","A","ST","STOCKAGE","Archivage et surfaces d'entreposage (Ar)",196,22]
[2011,"SC2",21,"SCIENCES 2","A","ST","STOCKAGE","Archivage et surfaces d'entreposage (Ar)",196,24]
[2011,"SC2",21,"SCIENCES 2","A","ST","STOCKAGE","Archivage et surfaces d'entreposage (Ar)",196,41.5]
[2011,"SC2",21,"SCIENCES 2","A","ST","STOCKAGE","Archivage et surfaces d'entreposage (Ar)",196,42.5]
[2011,"SC2",21,"SCIENCES 2","A","ST","STOCKAGE","Archivage et surfaces d'entreposage (Ar)",196,44]
[2011,"SC2",21,"SCIENCES 2","A","ST","STOCKAGE","Archivage et surfaces d'entreposage (Ar)",196,44]
[2011,"SC2",21,"SCIENCES 2","A","ST","STOCKAGE","Archivage et surfaces d'entreposage (Ar)",196,44]
[2011,"SC2",21,"SCIENCES 2","A","ST","STOCKAGE","Archivage et surfaces d'entreposage (Ar)",196,44]
[2011,"SC2",21,"SCIENCES 2","A","ST","STOCKAGE","Archivage et surfaces d'entreposage (Ar)",196,44]
[2011,"SC2",21,"SCIENCES 2","A","ST","STOCKAGE","Archivage et surfaces d'entreposage (Ar)",196,44]
[2011,"SC2",21,"SCIENCES 2","A","ST","STOCKAGE","Archivage et surfaces d'entreposage (Ar)",196,45]
[2011,"SC2",21,"SCIENCES 2","A","ST","STOCKAGE","Archivage et surfaces d'entreposage (Ar)",196,46.5]
[2011,"SC2",21,"SCIENCES 2","A","ST","STOCKAGE","Archivage et surfaces d'entreposage (Ar)",196,46.5]
[2011,"SC2",21,"SCIENCES 2","A","ST","STOCKAGE","Archivage et surfaces d'entreposage (Ar)",196,47]
[2011,"SC2",21,"SCIENCES 2","A","ST","STOCKAGE","Archivage et surfaces d'entreposage (Ar)",196,65.5]
[2011,"SC2",21,"SCIENCES 2","A","ST","STOCKAGE","Archivage et surfaces d'entreposage (Ar)",196,67.5]
[2011,"SC2",21,"SCIENCES 2","A","ST","STOCKAGE","Archivage et surfaces d'entreposage (Ar)",196,70]
[2011,"SC2",21,"SCIENCES 2","A","ST","STOCKAGE","Archivage et surfaces d'entreposage (Ar)",196,70]
[2011,"SC2",21,"SCIENCES 2","A","ST","STOCKAGE","Archivage et surfaces d'entreposage (Ar)",196,70.5]
[2011,"SC2",21,"SCIENCES 2","A","ST","STOCKAGE","Archivage et surfaces d'entreposage (Ar)",196,70.5]
[2011,"SC2",21,"SCIENCES 2","A","ST","STOCKAGE","Archivage et surfaces d'entreposage (Ar)",196,92]
[2011,"SC2",21,"SCIENCES 2","A","ST","STOCKAGE","Archivage et surfaces d'entreposage (Ar)",196,92]
[2011,"SC2",21,"SCIENCES 2","A","ST","STOCKAGE","Archivage et surfaces d'entreposage (Ar)",196,98.5]
[2011,"SC2",21,"SCIENCES 2","A","ST","STOCKAGE","Archivage et surfaces d'entreposage (Ar)",196,149.5]
[2011,"SC2",21,"SCIENCES 2","A","TE","LOCAL TECHNIQUE","Laboratoires (La)",805,44]
[2011,"SC2",21,"SCIENCES 2","A","TE","LOCAL TECHNIQUE","Laboratoires (La)",805,70]
[2011,"SC2",21,"SCIENCES 2","A","TE","LOCAL TECHNIQUE","Laboratoires (La)",805,92]
[2011,"SC2",21,"SCIENCES 2","A","TP","SALLE DE TRAVAUX PRATIQUES","Salles d'enseignement (UR)",392,12.5]
[2011,"SC2",21,"SCIENCES 2","A","TP","SALLE DE TRAVAUX PRATIQUES","Salles d'enseignement (UR)",392,43]
[2011,"SC2",21,"SCIENCES 2","A","TP","SALLE DE TRAVAUX PRATIQUES","Salles d'enseignement (UR)",392,44]
[2011,"SC2",21,"SCIENCES 2","A","TP","SALLE DE TRAVAUX PRATIQUES","Salles d'enseignement (UR)",392,45]
[2011,"SC3",22,"SCIENCES 3","A","AN","ANIMALERIE","Laboratoires (La)",805,15.25]
[2011,"SC3",22,"SCIENCES 3","A","AN","ANIMALERIE","Laboratoires (La)",805,15.5]
[2011,"SC3",22,"SCIENCES 3","A","AN","ANIMALERIE","Laboratoires (La)",805,15.75]
[2011,"SC3",22,"SCIENCES 3","A","AN","ANIMALERIE","Laboratoires (La)",805,15.9]
[2011,"SC3",22,"SCIENCES 3","A","AN","ANIMALERIE","Laboratoires (La)",805,16]
[2011,"SC3",22,"SCIENCES 3","A","AN","ANIMALERIE","Laboratoires (La)",805,16]
[2011,"SC3",22,"SCIENCES 3","A","AN","ANIMALERIE","Laboratoires (La)",805,16]
[2011,"SC3",22,"SCIENCES 3","A","AN","ANIMALERIE","Laboratoires (La)",805,16]
[2011,"SC3",22,"SCIENCES 3","A","AN","ANIMALERIE","Laboratoires (La)",805,16]
[2011,"SC3",22,"SCIENCES 3","A","AN","ANIMALERIE","Laboratoires (La)",805,16]
[2011,"SC3",22,"SCIENCES 3","A","AN","ANIMALERIE","Laboratoires (La)",805,16]
[2011,"SC3",22,"SCIENCES 3","A","AN","ANIMALERIE","Laboratoires (La)",805,16]
[2011,"SC3",22,"SCIENCES 3","A","AN","ANIMALERIE","Laboratoires (La)",805,16]
[2011,"SC3",22,"SCIENCES 3","A","AN","ANIMALERIE","Laboratoires (La)",805,16]
[2011,"SC3",22,"SCIENCES 3","A","AN","ANIMALERIE","Laboratoires (La)",805,16]
[2011,"SC3",22,"SCIENCES 3","A","AN","ANIMALERIE","Laboratoires (La)",805,16]
[2011,"SC3",22,"SCIENCES 3","A","AN","ANIMALERIE","Laboratoires (La)",805,16]
[2011,"SC3",22,"SCIENCES 3","A","AN","ANIMALERIE","Laboratoires (La)",805,16]
[2011,"SC3",22,"SCIENCES 3","A","AN","ANIMALERIE","Laboratoires (La)",805,16]
[2011,"SC3",22,"SCIENCES 3","A","AN","ANIMALERIE","Laboratoires (La)",805,41.5]
[2011,"SC3",22,"SCIENCES 3","A","AN","ANIMALERIE","Laboratoires (La)",805,83.2]
[2011,"SC3",22,"SCIENCES 3","A","AR","ARCHIVES","Archivage et surfaces d'entreposage (Ar)",196,303.3]
[2011,"SC3",22,"SCIENCES 3","A","AT","ATELIER","Laboratoires (La)",805,20]
[2011,"SC3",22,"SCIENCES 3","A","AT","ATELIER","Laboratoires (La)",805,20.5]
[2011,"SC3",22,"SCIENCES 3","A","AT","ATELIER","Laboratoires (La)",805,21.5]
[2011,"SC3",22,"SCIENCES 3","A","AT","ATELIER","Laboratoires (La)",805,23]
[2011,"SC3",22,"SCIENCES 3","A","AT","ATELIER","Laboratoires (La)",805,44]
[2011,"SC3",22,"SCIENCES 3","A","AT","ATELIER","Laboratoires (La)",805,44]
[2011,"SC3",22,"SCIENCES 3","A","AT","ATELIER","Laboratoires (La)",805,48.35]
[2011,"SC3",22,"SCIENCES 3","A","AU","AUDITOIRE","Salles de cours (Hö)",667,68.7]
[2011,"SC3",22,"SCIENCES 3","A","AU","AUDITOIRE","Salles de cours (Hö)",667,90]
[2011,"SC3",22,"SCIENCES 3","A","AU","AUDITOIRE","Salles de cours (Hö)",667,139.5]
[2011,"SC3",22,"SCIENCES 3","A","AU","AUDITOIRE","Salles de cours (Hö)",667,140]
[2011,"SC3",22,"SCIENCES 3","A","AX","ANNEXES","Archivage et surfaces d'entreposage (Ar)",196,10]
[2011,"SC3",22,"SCIENCES 3","A","AX","ANNEXES","Archivage et surfaces d'entreposage (Ar)",196,10.4]
[2011,"SC3",22,"SCIENCES 3","A","AX","ANNEXES","Archivage et surfaces d'entreposage (Ar)",196,10.5]
[2011,"SC3",22,"SCIENCES 3","A","AX","ANNEXES","Archivage et surfaces d'entreposage (Ar)",196,10.5]
[2011,"SC3",22,"SCIENCES 3","A","AX","ANNEXES","Archivage et surfaces d'entreposage (Ar)",196,11]
[2011,"SC3",22,"SCIENCES 3","A","AX","ANNEXES","Archivage et surfaces d'entreposage (Ar)",196,11.5]
[2011,"SC3",22,"SCIENCES 3","A","AX","ANNEXES","Archivage et surfaces d'entreposage (Ar)",196,11.5]
[2011,"SC3",22,"SCIENCES 3","A","AX","ANNEXES","Archivage et surfaces d'entreposage (Ar)",196,11.5]
[2011,"SC3",22,"SCIENCES 3","A","AX","ANNEXES","Archivage et surfaces d'entreposage (Ar)",196,19.5]
[2011,"SC3",22,"SCIENCES 3","A","AX","ANNEXES","Archivage et surfaces d'entreposage (Ar)",196,20.25]
[2011,"SC3",22,"SCIENCES 3","A","AX","ANNEXES","Archivage et surfaces d'entreposage (Ar)",196,20.5]
[2011,"SC3",22,"SCIENCES 3","A","AX","ANNEXES","Archivage et surfaces d'entreposage (Ar)",196,20.5]
[2011,"SC3",22,"SCIENCES 3","A","AX","ANNEXES","Archivage et surfaces d'entreposage (Ar)",196,20.5]
[2011,"SC3",22,"SCIENCES 3","A","AX","ANNEXES","Archivage et surfaces d'entreposage (Ar)",196,79.5]
[2011,"SC3",22,"SCIENCES 3","A","BI","BIBLIOTHEQUE, SALLE DE LECTURE","Bibliothèques (Bi)",468,9.5]
[2011,"SC3",22,"SCIENCES 3","A","BI","BIBLIOTHEQUE, SALLE DE LECTURE","Bibliothèques (Bi)",468,10.5]
[2011,"SC3",22,"SCIENCES 3","A","BI","BIBLIOTHEQUE, SALLE DE LECTURE","Bibliothèques (Bi)",468,10.5]
[2011,"SC3",22,"SCIENCES 3","A","BI","BIBLIOTHEQUE, SALLE DE LECTURE","Bibliothèques (Bi)",468,10.5]
[2011,"SC3",22,"SCIENCES 3","A","BI","BIBLIOTHEQUE, SALLE DE LECTURE","Bibliothèques (Bi)",468,10.5]
[2011,"SC3",22,"SCIENCES 3","A","BU","BUREAU","Bureaux (Bü)",392,6]
[2011,"SC3",22,"SCIENCES 3","A","BU","BUREAU","Bureaux (Bü)",392,8.5]
[2011,"SC3",22,"SCIENCES 3","A","BU","BUREAU","Bureaux (Bü)",392,8.5]
[2011,"SC3",22,"SCIENCES 3","A","BU","BUREAU","Bureaux (Bü)",392,10.5]
[2011,"SC3",22,"SCIENCES 3","A","BU","BUREAU","Bureaux (Bü)",392,10.8]
[2011,"SC3",22,"SCIENCES 3","A","BU","BUREAU","Bureaux (Bü)",392,10.85]
[2011,"SC3",22,"SCIENCES 3","A","BU","BUREAU","Bureaux (Bü)",392,10.85]
[2011,"SC3",22,"SCIENCES 3","A","BU","BUREAU","Bureaux (Bü)",392,11]
[2011,"SC3",22,"SCIENCES 3","A","BU","BUREAU","Bureaux (Bü)",392,11]
[2011,"SC3",22,"SCIENCES 3","A","BU","BUREAU","Bureaux (Bü)",392,11]
[2011,"SC3",22,"SCIENCES 3","A","BU","BUREAU","Bureaux (Bü)",392,11]
[2011,"SC3",22,"SCIENCES 3","A","BU","BUREAU","Bureaux (Bü)",392,11]
[2011,"SC3",22,"SCIENCES 3","A","BU","BUREAU","Bureaux (Bü)",392,11.5]
[2011,"SC3",22,"SCIENCES 3","A","BU","BUREAU","Bureaux (Bü)",392,11.5]
[2011,"SC3",22,"SCIENCES 3","A","BU","BUREAU","Bureaux (Bü)",392,11.5]
[2011,"SC3",22,"SCIENCES 3","A","BU","BUREAU","Bureaux (Bü)",392,11.5]
[2011,"SC3",22,"SCIENCES 3","A","BU","BUREAU","Bureaux (Bü)",392,11.5]
[2011,"SC3",22,"SCIENCES 3","A","BU","BUREAU","Bureaux (Bü)",392,11.5]
[2011,"SC3",22,"SCIENCES 3","A","BU","BUREAU","Bureaux (Bü)",392,11.5]
[2011,"SC3",22,"SCIENCES 3","A","BU","BUREAU","Bureaux (Bü)",392,11.5]
[2011,"SC3",22,"SCIENCES 3","A","BU","BUREAU","Bureaux (Bü)",392,11.5]
[2011,"SC3",22,"SCIENCES 3","A","BU","BUREAU","Bureaux (Bü)",392,11.5]
[2011,"SC3",22,"SCIENCES 3","A","BU","BUREAU","Bureaux (Bü)",392,11.5]
[2011,"SC3",22,"SCIENCES 3","A","BU","BUREAU","Bureaux (Bü)",392,11.5]
[2011,"SC3",22,"SCIENCES 3","A","BU","BUREAU","Bureaux (Bü)",392,11.5]
[2011,"SC3",22,"SCIENCES 3","A","BU","BUREAU","Bureaux (Bü)",392,11.5]
[2011,"SC3",22,"SCIENCES 3","A","BU","BUREAU","Bureaux (Bü)",392,11.5]
[2011,"SC3",22,"SCIENCES 3","A","BU","BUREAU","Bureaux (Bü)",392,11.5]
[2011,"SC3",22,"SCIENCES 3","A","BU","BUREAU","Bureaux (Bü)",392,11.5]
[2011,"SC3",22,"SCIENCES 3","A","BU","BUREAU","Bureaux (Bü)",392,11.5]
[2011,"SC3",22,"SCIENCES 3","A","BU","BUREAU","Bureaux (Bü)",392,11.5]
[2011,"SC3",22,"SCIENCES 3","A","BU","BUREAU","Bureaux (Bü)",392,11.5]
[2011,"SC3",22,"SCIENCES 3","A","BU","BUREAU","Bureaux (Bü)",392,11.5]
[2011,"SC3",22,"SCIENCES 3","A","BU","BUREAU","Bureaux (Bü)",392,11.5]
[2011,"SC3",22,"SCIENCES 3","A","BU","BUREAU","Bureaux (Bü)",392,11.5]
[2011,"SC3",22,"SCIENCES 3","A","BU","BUREAU","Bureaux (Bü)",392,11.5]
[2011,"SC3",22,"SCIENCES 3","A","BU","BUREAU","Bureaux (Bü)",392,11.5]
[2011,"SC3",22,"SCIENCES 3","A","BU","BUREAU","Bureaux (Bü)",392,11.5]
[2011,"SC3",22,"SCIENCES 3","A","BU","BUREAU","Bureaux (Bü)",392,11.5]
[2011,"SC3",22,"SCIENCES 3","A","BU","BUREAU","Bureaux (Bü)",392,11.5]
[2011,"SC3",22,"SCIENCES 3","A","BU","BUREAU","Bureaux (Bü)",392,11.5]
[2011,"SC3",22,"SCIENCES 3","A","BU","BUREAU","Bureaux (Bü)",392,11.5]
[2011,"SC3",22,"SCIENCES 3","A","BU","BUREAU","Bureaux (Bü)",392,11.5]
[2011,"SC3",22,"SCIENCES 3","A","BU","BUREAU","Bureaux (Bü)",392,11.5]
[2011,"SC3",22,"SCIENCES 3","A","BU","BUREAU","Bureaux (Bü)",392,11.5]
[2011,"SC3",22,"SCIENCES 3","A","BU","BUREAU","Bureaux (Bü)",392,11.65]
[2011,"SC3",22,"SCIENCES 3","A","BU","BUREAU","Bureaux (Bü)",392,11.65]
[2011,"SC3",22,"SCIENCES 3","A","BU","BUREAU","Bureaux (Bü)",392,11.65]
[2011,"SC3",22,"SCIENCES 3","A","BU","BUREAU","Bureaux (Bü)",392,11.7]
[2011,"SC3",22,"SCIENCES 3","A","BU","BUREAU","Bureaux (Bü)",392,12]
[2011,"SC3",22,"SCIENCES 3","A","BU","BUREAU","Bureaux (Bü)",392,12]
[2011,"SC3",22,"SCIENCES 3","A","BU","BUREAU","Bureaux (Bü)",392,12.1]
[2011,"SC3",22,"SCIENCES 3","A","BU","BUREAU","Bureaux (Bü)",392,12.1]
[2011,"SC3",22,"SCIENCES 3","A","BU","BUREAU","Bureaux (Bü)",392,12.1]
[2011,"SC3",22,"SCIENCES 3","A","BU","BUREAU","Bureaux (Bü)",392,12.1]
[2011,"SC3",22,"SCIENCES 3","A","BU","BUREAU","Bureaux (Bü)",392,12.1]
[2011,"SC3",22,"SCIENCES 3","A","BU","BUREAU","Bureaux (Bü)",392,12.1]
[2011,"SC3",22,"SCIENCES 3","A","BU","BUREAU","Bureaux (Bü)",392,12.1]
[2011,"SC3",22,"SCIENCES 3","A","BU","BUREAU","Bureaux (Bü)",392,12.1]
[2011,"SC3",22,"SCIENCES 3","A","BU","BUREAU","Bureaux (Bü)",392,12.1]
[2011,"SC3",22,"SCIENCES 3","A","BU","BUREAU","Bureaux (Bü)",392,12.1]
[2011,"SC3",22,"SCIENCES 3","A","BU","BUREAU","Bureaux (Bü)",392,12.1]
[2011,"SC3",22,"SCIENCES 3","A","BU","BUREAU","Bureaux (Bü)",392,12.1]
[2011,"SC3",22,"SCIENCES 3","A","BU","BUREAU","Bureaux (Bü)",392,12.1]
[2011,"SC3",22,"SCIENCES 3","A","BU","BUREAU","Bureaux (Bü)",392,12.1]
[2011,"SC3",22,"SCIENCES 3","A","BU","BUREAU","Bureaux (Bü)",392,12.2]
[2011,"SC3",22,"SCIENCES 3","A","BU","BUREAU","Bureaux (Bü)",392,12.2]
[2011,"SC3",22,"SCIENCES 3","A","BU","BUREAU","Bureaux (Bü)",392,12.25]
[2011,"SC3",22,"SCIENCES 3","A","BU","BUREAU","Bureaux (Bü)",392,12.25]
[2011,"SC3",22,"SCIENCES 3","A","BU","BUREAU","Bureaux (Bü)",392,12.25]
[2011,"SC3",22,"SCIENCES 3","A","BU","BUREAU","Bureaux (Bü)",392,12.25]
[2011,"SC3",22,"SCIENCES 3","A","BU","BUREAU","Bureaux (Bü)",392,14]
[2011,"SC3",22,"SCIENCES 3","A","BU","BUREAU","Bureaux (Bü)",392,21.5]
[2011,"SC3",22,"SCIENCES 3","A","BU","BUREAU","Bureaux (Bü)",392,21.5]
[2011,"SC3",22,"SCIENCES 3","A","BU","BUREAU","Bureaux (Bü)",392,21.5]
[2011,"SC3",22,"SCIENCES 3","A","BU","BUREAU","Bureaux (Bü)",392,21.95]
[2011,"SC3",22,"SCIENCES 3","A","BU","BUREAU","Bureaux (Bü)",392,22.1]
[2011,"SC3",22,"SCIENCES 3","A","BU","BUREAU","Bureaux (Bü)",392,22.3]
[2011,"SC3",22,"SCIENCES 3","A","BU","BUREAU","Bureaux (Bü)",392,22.3]
[2011,"SC3",22,"SCIENCES 3","A","BU","BUREAU","Bureaux (Bü)",392,22.3]
[2011,"SC3",22,"SCIENCES 3","A","BU","BUREAU","Bureaux (Bü)",392,22.5]
[2011,"SC3",22,"SCIENCES 3","A","BU","BUREAU","Bureaux (Bü)",392,22.5]
[2011,"SC3",22,"SCIENCES 3","A","BU","BUREAU","Bureaux (Bü)",392,22.65]
[2011,"SC3",22,"SCIENCES 3","A","BU","BUREAU","Bureaux (Bü)",392,22.65]
[2011,"SC3",22,"SCIENCES 3","A","BU","BUREAU","Bureaux (Bü)",392,23]
[2011,"SC3",22,"SCIENCES 3","A","BU","BUREAU","Bureaux (Bü)",392,23]
[2011,"SC3",22,"SCIENCES 3","A","BU","BUREAU","Bureaux (Bü)",392,23]
[2011,"SC3",22,"SCIENCES 3","A","BU","BUREAU","Bureaux (Bü)",392,23]
[2011,"SC3",22,"SCIENCES 3","A","BU","BUREAU","Bureaux (Bü)",392,23.35]
[2011,"SC3",22,"SCIENCES 3","A","BU","BUREAU","Bureaux (Bü)",392,23.35]
[2011,"SC3",22,"SCIENCES 3","A","BU","BUREAU","Bureaux (Bü)",392,23.5]
[2011,"SC3",22,"SCIENCES 3","A","BU","BUREAU","Bureaux (Bü)",392,23.5]
[2011,"SC3",22,"SCIENCES 3","A","BU","BUREAU","Bureaux (Bü)",392,23.5]
[2011,"SC3",22,"SCIENCES 3","A","BU","BUREAU","Bureaux (Bü)",392,23.5]
[2011,"SC3",22,"SCIENCES 3","A","BU","BUREAU","Bureaux (Bü)",392,24.55]
[2011,"SC3",22,"SCIENCES 3","A","BU","BUREAU","Bureaux (Bü)",392,31.5]
[2011,"SC3",22,"SCIENCES 3","A","BU","BUREAU","Bureaux (Bü)",392,46]
[2011,"SC3",22,"SCIENCES 3","A","BU","BUREAU","Bureaux (Bü)",392,47.25]
[2011,"SC3",22,"SCIENCES 3","A","BU","BUREAU","Bureaux (Bü)",392,68.7]
[2011,"SC3",22,"SCIENCES 3","A","CC","CHAMBRE DE CULTURE","Laboratoires (La)",805,6.5]
[2011,"SC3",22,"SCIENCES 3","A","CC","CHAMBRE DE CULTURE","Laboratoires (La)",805,8.8000000000000007]
[2011,"SC3",22,"SCIENCES 3","A","CC","CHAMBRE DE CULTURE","Laboratoires (La)",805,8.8000000000000007]
[2011,"SC3",22,"SCIENCES 3","A","CC","CHAMBRE DE CULTURE","Laboratoires (La)",805,10.5]
[2011,"SC3",22,"SCIENCES 3","A","CC","CHAMBRE DE CULTURE","Laboratoires (La)",805,10.5]
[2011,"SC3",22,"SCIENCES 3","A","CC","CHAMBRE DE CULTURE","Laboratoires (La)",805,11]
[2011,"SC3",22,"SCIENCES 3","A","CC","CHAMBRE DE CULTURE","Laboratoires (La)",805,11.5]
[2011,"SC3",22,"SCIENCES 3","A","CC","CHAMBRE DE CULTURE","Laboratoires (La)",805,22.5]
[2011,"SC3",22,"SCIENCES 3","A","CC","CHAMBRE DE CULTURE","Laboratoires (La)",805,48.5]
[2011,"SC3",22,"SCIENCES 3","A","CF","CHAMBRE FROIDE","Laboratoires (La)",805,6.4]
[2011,"SC3",22,"SCIENCES 3","A","CF","CHAMBRE FROIDE","Laboratoires (La)",805,9]
[2011,"SC3",22,"SCIENCES 3","A","CF","CHAMBRE FROIDE","Laboratoires (La)",805,9]
[2011,"SC3",22,"SCIENCES 3","A","CF","CHAMBRE FROIDE","Laboratoires (La)",805,9.5]
[2011,"SC3",22,"SCIENCES 3","A","CF","CHAMBRE FROIDE","Laboratoires (La)",805,9.5]
[2011,"SC3",22,"SCIENCES 3","A","CF","CHAMBRE FROIDE","Laboratoires (La)",805,9.5]
[2011,"SC3",22,"SCIENCES 3","A","CF","CHAMBRE FROIDE","Laboratoires (La)",805,9.5]
[2011,"SC3",22,"SCIENCES 3","A","CF","CHAMBRE FROIDE","Laboratoires (La)",805,9.5]
[2011,"SC3",22,"SCIENCES 3","A","CF","CHAMBRE FROIDE","Laboratoires (La)",805,9.5]
[2011,"SC3",22,"SCIENCES 3","A","CF","CHAMBRE FROIDE","Laboratoires (La)",805,9.5]
[2011,"SC3",22,"SCIENCES 3","A","CF","CHAMBRE FROIDE","Laboratoires (La)",805,9.5]
[2011,"SC3",22,"SCIENCES 3","A","CF","CHAMBRE FROIDE","Laboratoires (La)",805,9.5]
[2011,"SC3",22,"SCIENCES 3","A","CF","CHAMBRE FROIDE","Laboratoires (La)",805,10.5]
[2011,"SC3",22,"SCIENCES 3","A","CF","CHAMBRE FROIDE","Laboratoires (La)",805,10.95]
[2011,"SC3",22,"SCIENCES 3","A","CF","CHAMBRE FROIDE","Laboratoires (La)",805,14.7]
[2011,"SC3",22,"SCIENCES 3","A","CF","CHAMBRE FROIDE","Laboratoires (La)",805,14.7]
[2011,"SC3",22,"SCIENCES 3","A","CF","CHAMBRE FROIDE","Laboratoires (La)",805,15.2]
[2011,"SC3",22,"SCIENCES 3","A","CF","CHAMBRE FROIDE","Laboratoires (La)",805,15.5]
[2011,"SC3",22,"SCIENCES 3","A","CF","CHAMBRE FROIDE","Laboratoires (La)",805,18.7]
[2011,"SC3",22,"SCIENCES 3","A","CF","CHAMBRE FROIDE","Laboratoires (La)",805,19]
[2011,"SC3",22,"SCIENCES 3","A","CF","CHAMBRE FROIDE","Laboratoires (La)",805,20]
[2011,"SC3",22,"SCIENCES 3","A","CF","CHAMBRE FROIDE","Laboratoires (La)",805,20]
[2011,"SC3",22,"SCIENCES 3","A","CF","CHAMBRE FROIDE","Laboratoires (La)",805,20]
[2011,"SC3",22,"SCIENCES 3","A","CF","CHAMBRE FROIDE","Laboratoires (La)",805,20]
[2011,"SC3",22,"SCIENCES 3","A","CF","CHAMBRE FROIDE","Laboratoires (La)",805,20]
[2011,"SC3",22,"SCIENCES 3","A","CF","CHAMBRE FROIDE","Laboratoires (La)",805,22]
[2011,"SC3",22,"SCIENCES 3","A","CF","CHAMBRE FROIDE","Laboratoires (La)",805,22]
[2011,"SC3",22,"SCIENCES 3","A","CN","CHAMBRE NOIRE","Laboratoires (La)",805,10.5]
[2011,"SC3",22,"SCIENCES 3","A","CN","CHAMBRE NOIRE","Laboratoires (La)",805,10.5]
[2011,"SC3",22,"SCIENCES 3","A","CN","CHAMBRE NOIRE","Laboratoires (La)",805,10.5]
[2011,"SC3",22,"SCIENCES 3","A","CN","CHAMBRE NOIRE","Laboratoires (La)",805,11]
[2011,"SC3",22,"SCIENCES 3","A","CN","CHAMBRE NOIRE","Laboratoires (La)",805,11]
[2011,"SC3",22,"SCIENCES 3","A","CN","CHAMBRE NOIRE","Laboratoires (La)",805,11.05]
[2011,"SC3",22,"SCIENCES 3","A","CN","CHAMBRE NOIRE","Laboratoires (La)",805,11.5]
[2011,"SC3",22,"SCIENCES 3","A","CN","CHAMBRE NOIRE","Laboratoires (La)",805,22]
[2011,"SC3",22,"SCIENCES 3","A","CN","CHAMBRE NOIRE","Laboratoires (La)",805,23]
[2011,"SC3",22,"SCIENCES 3","A","CO","COULOIR","Local fictif - sans coût",0,5.0999999999999996]
[2011,"SC3",22,"SCIENCES 3","A","CO","COULOIR","Local fictif - sans coût",0,6.8]
[2011,"SC3",22,"SCIENCES 3","A","CO","COULOIR","Local fictif - sans coût",0,7.8]
[2011,"SC3",22,"SCIENCES 3","A","CO","COULOIR","Local fictif - sans coût",0,9]
[2011,"SC3",22,"SCIENCES 3","A","CO","COULOIR","Local fictif - sans coût",0,10]
[2011,"SC3",22,"SCIENCES 3","A","CO","COULOIR","Local fictif - sans coût",0,10.75]
[2011,"SC3",22,"SCIENCES 3","A","CO","COULOIR","Local fictif - sans coût",0,11.5]
[2011,"SC3",22,"SCIENCES 3","A","CO","COULOIR","Local fictif - sans coût",0,11.5]
[2011,"SC3",22,"SCIENCES 3","A","CO","COULOIR","Local fictif - sans coût",0,11.9]
[2011,"SC3",22,"SCIENCES 3","A","CO","COULOIR","Local fictif - sans coût",0,36.4]
[2011,"SC3",22,"SCIENCES 3","A","CO","COULOIR","Local fictif - sans coût",0,65.5]
[2011,"SC3",22,"SCIENCES 3","A","CO","COULOIR","Local fictif - sans coût",0,75]
[2011,"SC3",22,"SCIENCES 3","A","CO","COULOIR","Local fictif - sans coût",0,126.95]
[2011,"SC3",22,"SCIENCES 3","A","CO","COULOIR","Local fictif - sans coût",0,133.69999999999999]
[2011,"SC3",22,"SCIENCES 3","A","CO","COULOIR","Local fictif - sans coût",0,133.69999999999999]
[2011,"SC3",22,"SCIENCES 3","A","CO","COULOIR","Local fictif - sans coût",0,133.69999999999999]
[2011,"SC3",22,"SCIENCES 3","A","CO","COULOIR","Local fictif - sans coût",0,133.69999999999999]
[2011,"SC3",22,"SCIENCES 3","A","CO","COULOIR","Local fictif - sans coût",0,161.69999999999999]
[2011,"SC3",22,"SCIENCES 3","A","CO","COULOIR","Local fictif - sans coût",0,162.85]
[2011,"SC3",22,"SCIENCES 3","A","DP","DEPOT","Archivage et surfaces d'entreposage (Ar)",196,11.75]
[2011,"SC3",22,"SCIENCES 3","A","DP","DEPOT","Archivage et surfaces d'entreposage (Ar)",196,19.2]
[2011,"SC3",22,"SCIENCES 3","A","DV","DIVERS","Local fictif - sans coût",0,10.5]
[2011,"SC3",22,"SCIENCES 3","A","DV","DIVERS","Local fictif - sans coût",0,115.5]
[2011,"SC3",22,"SCIENCES 3","A","LA","LAVERIE","Laboratoires (La)",805,7.9]
[2011,"SC3",22,"SCIENCES 3","A","LA","LAVERIE","Laboratoires (La)",805,15]
[2011,"SC3",22,"SCIENCES 3","A","LA","LAVERIE","Laboratoires (La)",805,23.5]
[2011,"SC3",22,"SCIENCES 3","A","LA","LAVERIE","Laboratoires (La)",805,23.5]
[2011,"SC3",22,"SCIENCES 3","A","LA","LAVERIE","Laboratoires (La)",805,33]
[2011,"SC3",22,"SCIENCES 3","A","LA","LAVERIE","Laboratoires (La)",805,40]
[2011,"SC3",22,"SCIENCES 3","A","LA","LAVERIE","Laboratoires (La)",805,42]
[2011,"SC3",22,"SCIENCES 3","A","LA","LAVERIE","Laboratoires (La)",805,45]
[2011,"SC3",22,"SCIENCES 3","A","LA","LAVERIE","Laboratoires (La)",805,45.5]
[2011,"SC3",22,"SCIENCES 3","A","LA","LAVERIE","Laboratoires (La)",805,57.5]
[2011,"SC3",22,"SCIENCES 3","A","LH","LABO PHOTO HUMIDE","Laboratoires (La)",805,6.55]
[2011,"SC3",22,"SCIENCES 3","A","LH","LABO PHOTO HUMIDE","Laboratoires (La)",805,10.8]
[2011,"SC3",22,"SCIENCES 3","A","LH","LABO PHOTO HUMIDE","Laboratoires (La)",805,10.8]
[2011,"SC3",22,"SCIENCES 3","A","LH","LABO PHOTO HUMIDE","Laboratoires (La)",805,10.8]
[2011,"SC3",22,"SCIENCES 3","A","LH","LABO PHOTO HUMIDE","Laboratoires (La)",805,10.8]
[2011,"SC3",22,"SCIENCES 3","A","LH","LABO PHOTO HUMIDE","Laboratoires (La)",805,16]
[2011,"SC3",22,"SCIENCES 3","A","LR","LABORATOIRE DE RECHERCHE","Laboratoires (La)",805,4.5]
[2011,"SC3",22,"SCIENCES 3","A","LR","LABORATOIRE DE RECHERCHE","Laboratoires (La)",805,11]
[2011,"SC3",22,"SCIENCES 3","A","LR","LABORATOIRE DE RECHERCHE","Laboratoires (La)",805,20]
[2011,"SC3",22,"SCIENCES 3","A","LR","LABORATOIRE DE RECHERCHE","Laboratoires (La)",805,21.5]
[2011,"SC3",22,"SCIENCES 3","A","LR","LABORATOIRE DE RECHERCHE","Laboratoires (La)",805,21.5]
[2011,"SC3",22,"SCIENCES 3","A","LR","LABORATOIRE DE RECHERCHE","Laboratoires (La)",805,21.5]
[2011,"SC3",22,"SCIENCES 3","A","LR","LABORATOIRE DE RECHERCHE","Laboratoires (La)",805,21.5]
[2011,"SC3",22,"SCIENCES 3","A","LR","LABORATOIRE DE RECHERCHE","Laboratoires (La)",805,21.5]
[2011,"SC3",22,"SCIENCES 3","A","LR","LABORATOIRE DE RECHERCHE","Laboratoires (La)",805,21.5]
[2011,"SC3",22,"SCIENCES 3","A","LR","LABORATOIRE DE RECHERCHE","Laboratoires (La)",805,21.5]
[2011,"SC3",22,"SCIENCES 3","A","LR","LABORATOIRE DE RECHERCHE","Laboratoires (La)",805,21.5]
[2011,"SC3",22,"SCIENCES 3","A","LR","LABORATOIRE DE RECHERCHE","Laboratoires (La)",805,22.5]
[2011,"SC3",22,"SCIENCES 3","A","LR","LABORATOIRE DE RECHERCHE","Laboratoires (La)",805,22.5]
[2011,"SC3",22,"SCIENCES 3","A","LR","LABORATOIRE DE RECHERCHE","Laboratoires (La)",805,22.5]
[2011,"SC3",22,"SCIENCES 3","A","LR","LABORATOIRE DE RECHERCHE","Laboratoires (La)",805,22.5]
[2011,"SC3",22,"SCIENCES 3","A","LR","LABORATOIRE DE RECHERCHE","Laboratoires (La)",805,22.5]
[2011,"SC3",22,"SCIENCES 3","A","LR","LABORATOIRE DE RECHERCHE","Laboratoires (La)",805,22.5]
[2011,"SC3",22,"SCIENCES 3","A","LR","LABORATOIRE DE RECHERCHE","Laboratoires (La)",805,22.5]
[2011,"SC3",22,"SCIENCES 3","A","LR","LABORATOIRE DE RECHERCHE","Laboratoires (La)",805,22.5]
[2011,"SC3",22,"SCIENCES 3","A","LR","LABORATOIRE DE RECHERCHE","Laboratoires (La)",805,22.5]
[2011,"SC3",22,"SCIENCES 3","A","LR","LABORATOIRE DE RECHERCHE","Laboratoires (La)",805,22.5]
[2011,"SC3",22,"SCIENCES 3","A","LR","LABORATOIRE DE RECHERCHE","Laboratoires (La)",805,22.5]
[2011,"SC3",22,"SCIENCES 3","A","LR","LABORATOIRE DE RECHERCHE","Laboratoires (La)",805,22.5]
[2011,"SC3",22,"SCIENCES 3","A","LR","LABORATOIRE DE RECHERCHE","Laboratoires (La)",805,22.5]
[2011,"SC3",22,"SCIENCES 3","A","LR","LABORATOIRE DE RECHERCHE","Laboratoires (La)",805,22.5]
[2011,"SC3",22,"SCIENCES 3","A","LR","LABORATOIRE DE RECHERCHE","Laboratoires (La)",805,22.5]
[2011,"SC3",22,"SCIENCES 3","A","LR","LABORATOIRE DE RECHERCHE","Laboratoires (La)",805,22.5]
[2011,"SC3",22,"SCIENCES 3","A","LR","LABORATOIRE DE RECHERCHE","Laboratoires (La)",805,22.5]
[2011,"SC3",22,"SCIENCES 3","A","LR","LABORATOIRE DE RECHERCHE","Laboratoires (La)",805,22.65]
[2011,"SC3",22,"SCIENCES 3","A","LR","LABORATOIRE DE RECHERCHE","Laboratoires (La)",805,22.8]
[2011,"SC3",22,"SCIENCES 3","A","LR","LABORATOIRE DE RECHERCHE","Laboratoires (La)",805,23]
[2011,"SC3",22,"SCIENCES 3","A","LR","LABORATOIRE DE RECHERCHE","Laboratoires (La)",805,23]
[2011,"SC3",22,"SCIENCES 3","A","LR","LABORATOIRE DE RECHERCHE","Laboratoires (La)",805,23.05]
[2011,"SC3",22,"SCIENCES 3","A","LR","LABORATOIRE DE RECHERCHE","Laboratoires (La)",805,23.05]
[2011,"SC3",22,"SCIENCES 3","A","LR","LABORATOIRE DE RECHERCHE","Laboratoires (La)",805,23.05]
[2011,"SC3",22,"SCIENCES 3","A","LR","LABORATOIRE DE RECHERCHE","Laboratoires (La)",805,23.05]
[2011,"SC3",22,"SCIENCES 3","A","LR","LABORATOIRE DE RECHERCHE","Laboratoires (La)",805,23.3]
[2011,"SC3",22,"SCIENCES 3","A","LR","LABORATOIRE DE RECHERCHE","Laboratoires (La)",805,23.3]
[2011,"SC3",22,"SCIENCES 3","A","LR","LABORATOIRE DE RECHERCHE","Laboratoires (La)",805,23.5]
[2011,"SC3",22,"SCIENCES 3","A","LR","LABORATOIRE DE RECHERCHE","Laboratoires (La)",805,23.5]
[2011,"SC3",22,"SCIENCES 3","A","LR","LABORATOIRE DE RECHERCHE","Laboratoires (La)",805,23.5]
[2011,"SC3",22,"SCIENCES 3","A","LR","LABORATOIRE DE RECHERCHE","Laboratoires (La)",805,23.5]
[2011,"SC3",22,"SCIENCES 3","A","LR","LABORATOIRE DE RECHERCHE","Laboratoires (La)",805,23.5]
[2011,"SC3",22,"SCIENCES 3","A","LR","LABORATOIRE DE RECHERCHE","Laboratoires (La)",805,23.5]
[2011,"SC3",22,"SCIENCES 3","A","LR","LABORATOIRE DE RECHERCHE","Laboratoires (La)",805,23.5]
[2011,"SC3",22,"SCIENCES 3","A","LR","LABORATOIRE DE RECHERCHE","Laboratoires (La)",805,23.5]
[2011,"SC3",22,"SCIENCES 3","A","LR","LABORATOIRE DE RECHERCHE","Laboratoires (La)",805,23.5]
[2011,"SC3",22,"SCIENCES 3","A","LR","LABORATOIRE DE RECHERCHE","Laboratoires (La)",805,24.5]
[2011,"SC3",22,"SCIENCES 3","A","LR","LABORATOIRE DE RECHERCHE","Laboratoires (La)",805,33]
[2011,"SC3",22,"SCIENCES 3","A","LR","LABORATOIRE DE RECHERCHE","Laboratoires (La)",805,33.4]
[2011,"SC3",22,"SCIENCES 3","A","LR","LABORATOIRE DE RECHERCHE","Laboratoires (La)",805,34.5]
[2011,"SC3",22,"SCIENCES 3","A","LR","LABORATOIRE DE RECHERCHE","Laboratoires (La)",805,34.5]
[2011,"SC3",22,"SCIENCES 3","A","LR","LABORATOIRE DE RECHERCHE","Laboratoires (La)",805,34.9]
[2011,"SC3",22,"SCIENCES 3","A","LR","LABORATOIRE DE RECHERCHE","Laboratoires (La)",805,34.950000000000003]
[2011,"SC3",22,"SCIENCES 3","A","LR","LABORATOIRE DE RECHERCHE","Laboratoires (La)",805,35]
[2011,"SC3",22,"SCIENCES 3","A","LR","LABORATOIRE DE RECHERCHE","Laboratoires (La)",805,35]
[2011,"SC3",22,"SCIENCES 3","A","LR","LABORATOIRE DE RECHERCHE","Laboratoires (La)",805,35.9]
[2011,"SC3",22,"SCIENCES 3","A","LR","LABORATOIRE DE RECHERCHE","Laboratoires (La)",805,35.9]
[2011,"SC3",22,"SCIENCES 3","A","LR","LABORATOIRE DE RECHERCHE","Laboratoires (La)",805,35.9]
[2011,"SC3",22,"SCIENCES 3","A","LR","LABORATOIRE DE RECHERCHE","Laboratoires (La)",805,35.9]
[2011,"SC3",22,"SCIENCES 3","A","LR","LABORATOIRE DE RECHERCHE","Laboratoires (La)",805,39.5]
[2011,"SC3",22,"SCIENCES 3","A","LR","LABORATOIRE DE RECHERCHE","Laboratoires (La)",805,41.5]
[2011,"SC3",22,"SCIENCES 3","A","LR","LABORATOIRE DE RECHERCHE","Laboratoires (La)",805,41.5]
[2011,"SC3",22,"SCIENCES 3","A","LR","LABORATOIRE DE RECHERCHE","Laboratoires (La)",805,45]
[2011,"SC3",22,"SCIENCES 3","A","LR","LABORATOIRE DE RECHERCHE","Laboratoires (La)",805,45]
[2011,"SC3",22,"SCIENCES 3","A","LR","LABORATOIRE DE RECHERCHE","Laboratoires (La)",805,45]
[2011,"SC3",22,"SCIENCES 3","A","LR","LABORATOIRE DE RECHERCHE","Laboratoires (La)",805,45.5]
[2011,"SC3",22,"SCIENCES 3","A","LR","LABORATOIRE DE RECHERCHE","Laboratoires (La)",805,45.5]
[2011,"SC3",22,"SCIENCES 3","A","LR","LABORATOIRE DE RECHERCHE","Laboratoires (La)",805,45.5]
[2011,"SC3",22,"SCIENCES 3","A","LR","LABORATOIRE DE RECHERCHE","Laboratoires (La)",805,45.5]
[2011,"SC3",22,"SCIENCES 3","A","LR","LABORATOIRE DE RECHERCHE","Laboratoires (La)",805,45.5]
[2011,"SC3",22,"SCIENCES 3","A","LR","LABORATOIRE DE RECHERCHE","Laboratoires (La)",805,45.5]
[2011,"SC3",22,"SCIENCES 3","A","LR","LABORATOIRE DE RECHERCHE","Laboratoires (La)",805,45.5]
[2011,"SC3",22,"SCIENCES 3","A","LR","LABORATOIRE DE RECHERCHE","Laboratoires (La)",805,45.5]
[2011,"SC3",22,"SCIENCES 3","A","LR","LABORATOIRE DE RECHERCHE","Laboratoires (La)",805,46]
[2011,"SC3",22,"SCIENCES 3","A","LR","LABORATOIRE DE RECHERCHE","Laboratoires (La)",805,46]
[2011,"SC3",22,"SCIENCES 3","A","LR","LABORATOIRE DE RECHERCHE","Laboratoires (La)",805,46]
[2011,"SC3",22,"SCIENCES 3","A","LR","LABORATOIRE DE RECHERCHE","Laboratoires (La)",805,46]
[2011,"SC3",22,"SCIENCES 3","A","LR","LABORATOIRE DE RECHERCHE","Laboratoires (La)",805,46]
[2011,"SC3",22,"SCIENCES 3","A","LR","LABORATOIRE DE RECHERCHE","Laboratoires (La)",805,46.95]
[2011,"SC3",22,"SCIENCES 3","A","LR","LABORATOIRE DE RECHERCHE","Laboratoires (La)",805,47.65]
[2011,"SC3",22,"SCIENCES 3","A","LR","LABORATOIRE DE RECHERCHE","Laboratoires (La)",805,47.7]
[2011,"SC3",22,"SCIENCES 3","A","LR","LABORATOIRE DE RECHERCHE","Laboratoires (La)",805,47.7]
[2011,"SC3",22,"SCIENCES 3","A","LR","LABORATOIRE DE RECHERCHE","Laboratoires (La)",805,53.5]
[2011,"SC3",22,"SCIENCES 3","A","LR","LABORATOIRE DE RECHERCHE","Laboratoires (La)",805,56.5]
[2011,"SC3",22,"SCIENCES 3","A","LR","LABORATOIRE DE RECHERCHE","Laboratoires (La)",805,56.5]
[2011,"SC3",22,"SCIENCES 3","A","LR","LABORATOIRE DE RECHERCHE","Laboratoires (La)",805,57]
[2011,"SC3",22,"SCIENCES 3","A","LR","LABORATOIRE DE RECHERCHE","Laboratoires (La)",805,59.15]
[2011,"SC3",22,"SCIENCES 3","A","LR","LABORATOIRE DE RECHERCHE","Laboratoires (La)",805,68]
[2011,"SC3",22,"SCIENCES 3","A","LR","LABORATOIRE DE RECHERCHE","Laboratoires (La)",805,68.5]
[2011,"SC3",22,"SCIENCES 3","A","LR","LABORATOIRE DE RECHERCHE","Laboratoires (La)",805,70]
[2011,"SC3",22,"SCIENCES 3","A","LR","LABORATOIRE DE RECHERCHE","Laboratoires (La)",805,71.900000000000006]
[2011,"SC3",22,"SCIENCES 3","A","LR","LABORATOIRE DE RECHERCHE","Laboratoires (La)",805,91]
[2011,"SC3",22,"SCIENCES 3","A","LT","LABORATOIRE DE TRAVAUX PRATIQUES","Laboratoires (La)",805,69.3]
[2011,"SC3",22,"SCIENCES 3","A","LT","LABORATOIRE DE TRAVAUX PRATIQUES","Laboratoires (La)",805,138.85]
[2011,"SC3",22,"SCIENCES 3","A","MA","LOCAL MACHINES","Laboratoires (La)",805,7.5]
[2011,"SC3",22,"SCIENCES 3","A","MA","LOCAL MACHINES","Laboratoires (La)",805,10]
[2011,"SC3",22,"SCIENCES 3","A","MA","LOCAL MACHINES","Laboratoires (La)",805,10.5]
[2011,"SC3",22,"SCIENCES 3","A","MA","LOCAL MACHINES","Laboratoires (La)",805,10.5]
[2011,"SC3",22,"SCIENCES 3","A","MA","LOCAL MACHINES","Laboratoires (La)",805,16]
[2011,"SC3",22,"SCIENCES 3","A","MA","LOCAL MACHINES","Laboratoires (La)",805,16]
[2011,"SC3",22,"SCIENCES 3","A","MA","LOCAL MACHINES","Laboratoires (La)",805,21]
[2011,"SC3",22,"SCIENCES 3","A","MA","LOCAL MACHINES","Laboratoires (La)",805,21]
[2011,"SC3",22,"SCIENCES 3","A","MA","LOCAL MACHINES","Laboratoires (La)",805,21.5]
[2011,"SC3",22,"SCIENCES 3","A","MA","LOCAL MACHINES","Laboratoires (La)",805,21.5]
[2011,"SC3",22,"SCIENCES 3","A","MA","LOCAL MACHINES","Laboratoires (La)",805,21.5]
[2011,"SC3",22,"SCIENCES 3","A","MA","LOCAL MACHINES","Laboratoires (La)",805,21.5]
[2011,"SC3",22,"SCIENCES 3","A","MA","LOCAL MACHINES","Laboratoires (La)",805,22]
[2011,"SC3",22,"SCIENCES 3","A","MA","LOCAL MACHINES","Laboratoires (La)",805,22]
[2011,"SC3",22,"SCIENCES 3","A","MA","LOCAL MACHINES","Laboratoires (La)",805,22.5]
[2011,"SC3",22,"SCIENCES 3","A","MA","LOCAL MACHINES","Laboratoires (La)",805,22.5]
[2011,"SC3",22,"SCIENCES 3","A","MA","LOCAL MACHINES","Laboratoires (La)",805,22.5]
[2011,"SC3",22,"SCIENCES 3","A","MA","LOCAL MACHINES","Laboratoires (La)",805,22.5]
[2011,"SC3",22,"SCIENCES 3","A","MA","LOCAL MACHINES","Laboratoires (La)",805,22.5]
[2011,"SC3",22,"SCIENCES 3","A","MA","LOCAL MACHINES","Laboratoires (La)",805,34]
[2011,"SC3",22,"SCIENCES 3","A","MA","LOCAL MACHINES","Laboratoires (La)",805,40]
[2011,"SC3",22,"SCIENCES 3","A","MA","LOCAL MACHINES","Laboratoires (La)",805,40]
[2011,"SC3",22,"SCIENCES 3","A","MA","LOCAL MACHINES","Laboratoires (La)",805,43.5]
[2011,"SC3",22,"SCIENCES 3","A","MA","LOCAL MACHINES","Laboratoires (La)",805,45.5]
[2011,"SC3",22,"SCIENCES 3","A","MA","LOCAL MACHINES","Laboratoires (La)",805,46.5]
[2011,"SC3",22,"SCIENCES 3","A","ME","MICROSCOPIE ELECTRONIQUE","Laboratoires (La)",805,8.5]
[2011,"SC3",22,"SCIENCES 3","A","ME","MICROSCOPIE ELECTRONIQUE","Laboratoires (La)",805,8.5]
[2011,"SC3",22,"SCIENCES 3","A","ME","MICROSCOPIE ELECTRONIQUE","Laboratoires (La)",805,8.5]
[2011,"SC3",22,"SCIENCES 3","A","ME","MICROSCOPIE ELECTRONIQUE","Laboratoires (La)",805,10.5]
[2011,"SC3",22,"SCIENCES 3","A","ME","MICROSCOPIE ELECTRONIQUE","Laboratoires (La)",805,11]
[2011,"SC3",22,"SCIENCES 3","A","ME","MICROSCOPIE ELECTRONIQUE","Laboratoires (La)",805,13.25]
[2011,"SC3",22,"SCIENCES 3","A","ME","MICROSCOPIE ELECTRONIQUE","Laboratoires (La)",805,13.7]
[2011,"SC3",22,"SCIENCES 3","A","ME","MICROSCOPIE ELECTRONIQUE","Laboratoires (La)",805,14.5]
[2011,"SC3",22,"SCIENCES 3","A","ME","MICROSCOPIE ELECTRONIQUE","Laboratoires (La)",805,15.25]
[2011,"SC3",22,"SCIENCES 3","A","PC","SALLE DE TERMINAUX","Laboratoires (La)",805,10.5]
[2011,"SC3",22,"SCIENCES 3","A","PC","SALLE DE TERMINAUX","Laboratoires (La)",805,13.5]
[2011,"SC3",22,"SCIENCES 3","A","PC","SALLE DE TERMINAUX","Laboratoires (La)",805,14]
[2011,"SC3",22,"SCIENCES 3","A","PC","SALLE DE TERMINAUX","Laboratoires (La)",805,31.5]
[2011,"SC3",22,"SCIENCES 3","A","RE","SALLE DE REUNION","Salles d'enseignement (UR)",392,22.5]
[2011,"SC3",22,"SCIENCES 3","A","RE","SALLE DE REUNION","Salles d'enseignement (UR)",392,35.799999999999997]
[2011,"SC3",22,"SCIENCES 3","A","SA","SANITAIRE","Local fictif - sans coût",0,1.55]
[2011,"SC3",22,"SCIENCES 3","A","SA","SANITAIRE","Local fictif - sans coût",0,2.25]
[2011,"SC3",22,"SCIENCES 3","A","SA","SANITAIRE","Local fictif - sans coût",0,3]
[2011,"SC3",22,"SCIENCES 3","A","SA","SANITAIRE","Local fictif - sans coût",0,3.2]
[2011,"SC3",22,"SCIENCES 3","A","SA","SANITAIRE","Local fictif - sans coût",0,4.7]
[2011,"SC3",22,"SCIENCES 3","A","SA","SANITAIRE","Local fictif - sans coût",0,4.95]
[2011,"SC3",22,"SCIENCES 3","A","SA","SANITAIRE","Local fictif - sans coût",0,5.9]
[2011,"SC3",22,"SCIENCES 3","A","SA","SANITAIRE","Local fictif - sans coût",0,8.1]
[2011,"SC3",22,"SCIENCES 3","A","SA","SANITAIRE","Local fictif - sans coût",0,37]
[2011,"SC3",22,"SCIENCES 3","A","SA","SANITAIRE","Local fictif - sans coût",0,41.5]
[2011,"SC3",22,"SCIENCES 3","A","SM","SALLE DE SEMINAIRE / COURS","Salles d'enseignement (UR)",392,22.5]
[2011,"SC3",22,"SCIENCES 3","A","SM","SALLE DE SEMINAIRE / COURS","Salles d'enseignement (UR)",392,44.5]
[2011,"SC3",22,"SCIENCES 3","A","SM","SALLE DE SEMINAIRE / COURS","Salles d'enseignement (UR)",392,45]
[2011,"SC3",22,"SCIENCES 3","A","SM","SALLE DE SEMINAIRE / COURS","Salles d'enseignement (UR)",392,46.95]
[2011,"SC3",22,"SCIENCES 3","A","SM","SALLE DE SEMINAIRE / COURS","Salles d'enseignement (UR)",392,47.2]
[2011,"SC3",22,"SCIENCES 3","A","SM","SALLE DE SEMINAIRE / COURS","Salles d'enseignement (UR)",392,88]
[2011,"SC3",22,"SCIENCES 3","A","ST","STOCKAGE","Archivage et surfaces d'entreposage (Ar)",196,6.8]
[2011,"SC3",22,"SCIENCES 3","A","ST","STOCKAGE","Archivage et surfaces d'entreposage (Ar)",196,11.05]
[2011,"SC3",22,"SCIENCES 3","A","ST","STOCKAGE","Archivage et surfaces d'entreposage (Ar)",196,24.4]
[2011,"SC3",22,"SCIENCES 3","A","ST","STOCKAGE","Archivage et surfaces d'entreposage (Ar)",196,38.1]
[2011,"SC3",22,"SCIENCES 3","A","ST","STOCKAGE","Archivage et surfaces d'entreposage (Ar)",196,41.5]
[2011,"SC3",22,"SCIENCES 3","A","ST","STOCKAGE","Archivage et surfaces d'entreposage (Ar)",196,62.35]
[2011,"SC3",22,"SCIENCES 3","A","TE","LOCAL TECHNIQUE","Laboratoires (La)",805,4.9000000000000004]
[2011,"SC3",22,"SCIENCES 3","A","TE","LOCAL TECHNIQUE","Laboratoires (La)",805,12.5]
[2011,"SC3",22,"SCIENCES 3","A","TE","LOCAL TECHNIQUE","Laboratoires (La)",805,15.2]
[2011,"SC3",22,"SCIENCES 3","A","TE","LOCAL TECHNIQUE","Laboratoires (La)",805,15.2]
[2011,"SC3",22,"SCIENCES 3","A","TE","LOCAL TECHNIQUE","Laboratoires (La)",805,15.2]
[2011,"SC3",22,"SCIENCES 3","A","TE","LOCAL TECHNIQUE","Laboratoires (La)",805,15.2]
[2011,"SC3",22,"SCIENCES 3","A","TE","LOCAL TECHNIQUE","Laboratoires (La)",805,15.2]
[2011,"SC3",22,"SCIENCES 3","A","TE","LOCAL TECHNIQUE","Laboratoires (La)",805,16]
[2011,"SC3",22,"SCIENCES 3","A","TE","LOCAL TECHNIQUE","Laboratoires (La)",805,21.6]
[2011,"SC3",22,"SCIENCES 3","A","TE","LOCAL TECHNIQUE","Laboratoires (La)",805,34.299999999999997]
[2011,"SC3",22,"SCIENCES 3","A","TE","LOCAL TECHNIQUE","Laboratoires (La)",805,107]
[2011,"SC3",22,"SCIENCES 3","A","TE","LOCAL TECHNIQUE","Laboratoires (La)",805,182.45]
[2011,"SC3",22,"SCIENCES 3","A","TE","LOCAL TECHNIQUE","Laboratoires (La)",805,318.5]
[2011,"SC3",22,"SCIENCES 3","A","TP","SALLE DE TRAVAUX PRATIQUES","Salles d'enseignement (UR)",392,111]
[2011,"SC3",22,"SCIENCES 3","A","TP","SALLE DE TRAVAUX PRATIQUES","Salles d'enseignement (UR)",392,153.5]
[2011,"SC3",22,"SCIENCES 3","A","TP","SALLE DE TRAVAUX PRATIQUES","Salles d'enseignement (UR)",392,180]
[2011,"SC3",22,"SCIENCES 3","A","TP","SALLE DE TRAVAUX PRATIQUES","Salles d'enseignement (UR)",392,365.5]
[2011,"MALA2",25,"MALAGNOU HANGAR","A","ST","STOCKAGE","Archivage et surfaces d'entreposage (Ar)",196,2.5]
[2011,"MALA2",25,"MALAGNOU HANGAR","A","ST","STOCKAGE","Archivage et surfaces d'entreposage (Ar)",196,3]
[2011,"MALA2",25,"MALAGNOU HANGAR","A","ST","STOCKAGE","Archivage et surfaces d'entreposage (Ar)",196,5.5]
[2011,"MALA2",25,"MALAGNOU HANGAR","A","ST","STOCKAGE","Archivage et surfaces d'entreposage (Ar)",196,6]
[2011,"MALA2",25,"MALAGNOU HANGAR","A","ST","STOCKAGE","Archivage et surfaces d'entreposage (Ar)",196,7]
[2011,"MALA2",25,"MALAGNOU HANGAR","A","ST","STOCKAGE","Archivage et surfaces d'entreposage (Ar)",196,9]
[2011,"MALA2",25,"MALAGNOU HANGAR","A","ST","STOCKAGE","Archivage et surfaces d'entreposage (Ar)",196,10]
[2011,"MALA2",25,"MALAGNOU HANGAR","A","ST","STOCKAGE","Archivage et surfaces d'entreposage (Ar)",196,12]
[2011,"MALA2",25,"MALAGNOU HANGAR","A","ST","STOCKAGE","Archivage et surfaces d'entreposage (Ar)",196,12]
[2011,"MALA2",25,"MALAGNOU HANGAR","A","ST","STOCKAGE","Archivage et surfaces d'entreposage (Ar)",196,15]
[2011,"MALA2",25,"MALAGNOU HANGAR","A","ST","STOCKAGE","Archivage et surfaces d'entreposage (Ar)",196,16]
[2011,"MALA2",25,"MALAGNOU HANGAR","A","ST","STOCKAGE","Archivage et surfaces d'entreposage (Ar)",196,24]
[2011,"MALA2",25,"MALAGNOU HANGAR","A","ST","STOCKAGE","Archivage et surfaces d'entreposage (Ar)",196,29.5]
[2011,"MALA2",25,"MALAGNOU HANGAR","A","ST","STOCKAGE","Archivage et surfaces d'entreposage (Ar)",196,36.5]
[2011,"ECMED",26,"ECOLE DE MEDECINE","A","AT","ATELIER","Laboratoires (La)",805,35]
[2011,"ECMED",26,"ECOLE DE MEDECINE","A","AT","ATELIER","Laboratoires (La)",805,42.5]
[2011,"ECMED",26,"ECOLE DE MEDECINE","A","AT","ATELIER","Laboratoires (La)",805,49]
[2011,"ECMED",26,"ECOLE DE MEDECINE","A","AU","AUDITOIRE","Salles de cours (Hö)",667,167.5]
[2011,"ECMED",26,"ECOLE DE MEDECINE","A","BU","BUREAU","Bureaux (Bü)",392,6.5]
[2011,"ECMED",26,"ECOLE DE MEDECINE","A","BU","BUREAU","Bureaux (Bü)",392,10]
[2011,"ECMED",26,"ECOLE DE MEDECINE","A","BU","BUREAU","Bureaux (Bü)",392,14]
[2011,"ECMED",26,"ECOLE DE MEDECINE","A","BU","BUREAU","Bureaux (Bü)",392,16]
[2011,"ECMED",26,"ECOLE DE MEDECINE","A","BU","BUREAU","Bureaux (Bü)",392,16.5]
[2011,"ECMED",26,"ECOLE DE MEDECINE","A","BU","BUREAU","Bureaux (Bü)",392,16.5]
[2011,"ECMED",26,"ECOLE DE MEDECINE","A","BU","BUREAU","Bureaux (Bü)",392,16.5]
[2011,"ECMED",26,"ECOLE DE MEDECINE","A","BU","BUREAU","Bureaux (Bü)",392,17]
[2011,"ECMED",26,"ECOLE DE MEDECINE","A","BU","BUREAU","Bureaux (Bü)",392,17]
[2011,"ECMED",26,"ECOLE DE MEDECINE","A","BU","BUREAU","Bureaux (Bü)",392,17]
[2011,"ECMED",26,"ECOLE DE MEDECINE","A","BU","BUREAU","Bureaux (Bü)",392,17.5]
[2011,"ECMED",26,"ECOLE DE MEDECINE","A","BU","BUREAU","Bureaux (Bü)",392,17.5]
[2011,"ECMED",26,"ECOLE DE MEDECINE","A","BU","BUREAU","Bureaux (Bü)",392,17.5]
[2011,"ECMED",26,"ECOLE DE MEDECINE","A","BU","BUREAU","Bureaux (Bü)",392,18]
[2011,"ECMED",26,"ECOLE DE MEDECINE","A","BU","BUREAU","Bureaux (Bü)",392,20]
[2011,"ECMED",26,"ECOLE DE MEDECINE","A","BU","BUREAU","Bureaux (Bü)",392,21.5]
[2011,"ECMED",26,"ECOLE DE MEDECINE","A","BU","BUREAU","Bureaux (Bü)",392,22]
[2011,"ECMED",26,"ECOLE DE MEDECINE","A","BU","BUREAU","Bureaux (Bü)",392,30]
[2011,"ECMED",26,"ECOLE DE MEDECINE","A","BU","BUREAU","Bureaux (Bü)",392,30.5]
[2011,"ECMED",26,"ECOLE DE MEDECINE","A","BU","BUREAU","Bureaux (Bü)",392,31.5]
[2011,"ECMED",26,"ECOLE DE MEDECINE","A","BU","BUREAU","Bureaux (Bü)",392,50]
[2011,"ECMED",26,"ECOLE DE MEDECINE","A","CA","CAFETERIA","Locaux du domaine social (So)",430,17.5]
[2011,"ECMED",26,"ECOLE DE MEDECINE","A","DV","DIVERS","Local fictif - sans coût",0,14.5]
[2011,"ECMED",26,"ECOLE DE MEDECINE","A","ET","LOCAL EN TRANSFORMATION","Local fictif - sans coût",0,6.5]
[2011,"ECMED",26,"ECOLE DE MEDECINE","A","ET","LOCAL EN TRANSFORMATION","Local fictif - sans coût",0,6.5]
[2011,"ECMED",26,"ECOLE DE MEDECINE","A","ET","LOCAL EN TRANSFORMATION","Local fictif - sans coût",0,17.5]
[2011,"ECMED",26,"ECOLE DE MEDECINE","A","ET","LOCAL EN TRANSFORMATION","Local fictif - sans coût",0,36.5]
[2011,"ECMED",26,"ECOLE DE MEDECINE","A","ET","LOCAL EN TRANSFORMATION","Local fictif - sans coût",0,36.5]
[2011,"ECMED",26,"ECOLE DE MEDECINE","A","ET","LOCAL EN TRANSFORMATION","Local fictif - sans coût",0,46]
[2011,"ECMED",26,"ECOLE DE MEDECINE","A","ET","LOCAL EN TRANSFORMATION","Local fictif - sans coût",0,50]
[2011,"ECMED",26,"ECOLE DE MEDECINE","A","ET","LOCAL EN TRANSFORMATION","Local fictif - sans coût",0,51.5]
[2011,"ECMED",26,"ECOLE DE MEDECINE","A","ET","LOCAL EN TRANSFORMATION","Local fictif - sans coût",0,64]
[2011,"ECMED",26,"ECOLE DE MEDECINE","A","ET","LOCAL EN TRANSFORMATION","Local fictif - sans coût",0,71.5]
[2011,"ECMED",26,"ECOLE DE MEDECINE","A","ET","LOCAL EN TRANSFORMATION","Local fictif - sans coût",0,104]
[2011,"ECMED",26,"ECOLE DE MEDECINE","A","ET","LOCAL EN TRANSFORMATION","Local fictif - sans coût",0,122.5]
[2011,"ECMED",26,"ECOLE DE MEDECINE","A","LR","LABORATOIRE DE RECHERCHE","Laboratoires (La)",805,3.5]
[2011,"ECMED",26,"ECOLE DE MEDECINE","A","LR","LABORATOIRE DE RECHERCHE","Laboratoires (La)",805,7]
[2011,"ECMED",26,"ECOLE DE MEDECINE","A","LR","LABORATOIRE DE RECHERCHE","Laboratoires (La)",805,10]
[2011,"ECMED",26,"ECOLE DE MEDECINE","A","LR","LABORATOIRE DE RECHERCHE","Laboratoires (La)",805,12]
[2011,"ECMED",26,"ECOLE DE MEDECINE","A","LR","LABORATOIRE DE RECHERCHE","Laboratoires (La)",805,13]
[2011,"ECMED",26,"ECOLE DE MEDECINE","A","LR","LABORATOIRE DE RECHERCHE","Laboratoires (La)",805,14.5]
[2011,"ECMED",26,"ECOLE DE MEDECINE","A","LR","LABORATOIRE DE RECHERCHE","Laboratoires (La)",805,16]
[2011,"ECMED",26,"ECOLE DE MEDECINE","A","LR","LABORATOIRE DE RECHERCHE","Laboratoires (La)",805,16]
[2011,"ECMED",26,"ECOLE DE MEDECINE","A","LR","LABORATOIRE DE RECHERCHE","Laboratoires (La)",805,16]
[2011,"ECMED",26,"ECOLE DE MEDECINE","A","LR","LABORATOIRE DE RECHERCHE","Laboratoires (La)",805,17]
[2011,"ECMED",26,"ECOLE DE MEDECINE","A","LR","LABORATOIRE DE RECHERCHE","Laboratoires (La)",805,17]
[2011,"ECMED",26,"ECOLE DE MEDECINE","A","LR","LABORATOIRE DE RECHERCHE","Laboratoires (La)",805,17]
[2011,"ECMED",26,"ECOLE DE MEDECINE","A","LR","LABORATOIRE DE RECHERCHE","Laboratoires (La)",805,18]
[2011,"ECMED",26,"ECOLE DE MEDECINE","A","LR","LABORATOIRE DE RECHERCHE","Laboratoires (La)",805,20]
[2011,"ECMED",26,"ECOLE DE MEDECINE","A","LR","LABORATOIRE DE RECHERCHE","Laboratoires (La)",805,23]
[2011,"ECMED",26,"ECOLE DE MEDECINE","A","LR","LABORATOIRE DE RECHERCHE","Laboratoires (La)",805,24]
[2011,"ECMED",26,"ECOLE DE MEDECINE","A","LR","LABORATOIRE DE RECHERCHE","Laboratoires (La)",805,28.5]
[2011,"ECMED",26,"ECOLE DE MEDECINE","A","LR","LABORATOIRE DE RECHERCHE","Laboratoires (La)",805,32.5]
[2011,"ECMED",26,"ECOLE DE MEDECINE","A","LR","LABORATOIRE DE RECHERCHE","Laboratoires (La)",805,33]
[2011,"ECMED",26,"ECOLE DE MEDECINE","A","LR","LABORATOIRE DE RECHERCHE","Laboratoires (La)",805,33]
[2011,"ECMED",26,"ECOLE DE MEDECINE","A","LR","LABORATOIRE DE RECHERCHE","Laboratoires (La)",805,34]
[2011,"ECMED",26,"ECOLE DE MEDECINE","A","LR","LABORATOIRE DE RECHERCHE","Laboratoires (La)",805,35]
[2011,"ECMED",26,"ECOLE DE MEDECINE","A","LR","LABORATOIRE DE RECHERCHE","Laboratoires (La)",805,36.5]
[2011,"ECMED",26,"ECOLE DE MEDECINE","A","LR","LABORATOIRE DE RECHERCHE","Laboratoires (La)",805,38]
[2011,"ECMED",26,"ECOLE DE MEDECINE","A","LR","LABORATOIRE DE RECHERCHE","Laboratoires (La)",805,43]
[2011,"ECMED",26,"ECOLE DE MEDECINE","A","LR","LABORATOIRE DE RECHERCHE","Laboratoires (La)",805,43.5]
[2011,"ECMED",26,"ECOLE DE MEDECINE","A","LR","LABORATOIRE DE RECHERCHE","Laboratoires (La)",805,44.5]
[2011,"ECMED",26,"ECOLE DE MEDECINE","A","LR","LABORATOIRE DE RECHERCHE","Laboratoires (La)",805,45.5]
[2011,"ECMED",26,"ECOLE DE MEDECINE","A","LR","LABORATOIRE DE RECHERCHE","Laboratoires (La)",805,50]
[2011,"ECMED",26,"ECOLE DE MEDECINE","A","LR","LABORATOIRE DE RECHERCHE","Laboratoires (La)",805,50]
[2011,"ECMED",26,"ECOLE DE MEDECINE","A","LR","LABORATOIRE DE RECHERCHE","Laboratoires (La)",805,66]
[2011,"ECMED",26,"ECOLE DE MEDECINE","A","LR","LABORATOIRE DE RECHERCHE","Laboratoires (La)",805,169.5]
[2011,"ECMED",26,"ECOLE DE MEDECINE","A","RE","SALLE DE REUNION","Salles d'enseignement (UR)",392,51]
[2011,"ECMED",26,"ECOLE DE MEDECINE","A","ST","STOCKAGE","Archivage et surfaces d'entreposage (Ar)",196,2]
[2011,"ECMED",26,"ECOLE DE MEDECINE","A","ST","STOCKAGE","Archivage et surfaces d'entreposage (Ar)",196,6]
[2011,"ECMED",26,"ECOLE DE MEDECINE","A","ST","STOCKAGE","Archivage et surfaces d'entreposage (Ar)",196,16]
[2011,"ECMED",26,"ECOLE DE MEDECINE","A","ST","STOCKAGE","Archivage et surfaces d'entreposage (Ar)",196,30.5]
[2011,"ECMED",26,"ECOLE DE MEDECINE","A","TE","LOCAL TECHNIQUE","Laboratoires (La)",805,50]
[2011,"UNI2",27,"UNI DUFOUR","A","AR","ARCHIVES","Archivage et surfaces d'entreposage (Ar)",196,11]
[2011,"UNI2",27,"UNI DUFOUR","A","AR","ARCHIVES","Archivage et surfaces d'entreposage (Ar)",196,14.5]
[2011,"UNI2",27,"UNI DUFOUR","A","AR","ARCHIVES","Archivage et surfaces d'entreposage (Ar)",196,14.5]
[2011,"UNI2",27,"UNI DUFOUR","A","AR","ARCHIVES","Archivage et surfaces d'entreposage (Ar)",196,14.5]
[2011,"UNI2",27,"UNI DUFOUR","A","AR","ARCHIVES","Archivage et surfaces d'entreposage (Ar)",196,14.5]
[2011,"UNI2",27,"UNI DUFOUR","A","AR","ARCHIVES","Archivage et surfaces d'entreposage (Ar)",196,17]
[2011,"UNI2",27,"UNI DUFOUR","A","AR","ARCHIVES","Archivage et surfaces d'entreposage (Ar)",196,17]
[2011,"UNI2",27,"UNI DUFOUR","A","AR","ARCHIVES","Archivage et surfaces d'entreposage (Ar)",196,17]
[2011,"UNI2",27,"UNI DUFOUR","A","AR","ARCHIVES","Archivage et surfaces d'entreposage (Ar)",196,17]
[2011,"UNI2",27,"UNI DUFOUR","A","AR","ARCHIVES","Archivage et surfaces d'entreposage (Ar)",196,19.5]
[2011,"UNI2",27,"UNI DUFOUR","A","AR","ARCHIVES","Archivage et surfaces d'entreposage (Ar)",196,19.5]
[2011,"UNI2",27,"UNI DUFOUR","A","AR","ARCHIVES","Archivage et surfaces d'entreposage (Ar)",196,19.5]
[2011,"UNI2",27,"UNI DUFOUR","A","AR","ARCHIVES","Archivage et surfaces d'entreposage (Ar)",196,19.5]
[2011,"UNI2",27,"UNI DUFOUR","A","AR","ARCHIVES","Archivage et surfaces d'entreposage (Ar)",196,19.5]
[2011,"UNI2",27,"UNI DUFOUR","A","AR","ARCHIVES","Archivage et surfaces d'entreposage (Ar)",196,19.5]
[2011,"UNI2",27,"UNI DUFOUR","A","AR","ARCHIVES","Archivage et surfaces d'entreposage (Ar)",196,19.5]
[2011,"UNI2",27,"UNI DUFOUR","A","AR","ARCHIVES","Archivage et surfaces d'entreposage (Ar)",196,19.5]
[2011,"UNI2",27,"UNI DUFOUR","A","AR","ARCHIVES","Archivage et surfaces d'entreposage (Ar)",196,19.5]
[2011,"UNI2",27,"UNI DUFOUR","A","AR","ARCHIVES","Archivage et surfaces d'entreposage (Ar)",196,19.5]
[2011,"UNI2",27,"UNI DUFOUR","A","AR","ARCHIVES","Archivage et surfaces d'entreposage (Ar)",196,19.5]
[2011,"UNI2",27,"UNI DUFOUR","A","AR","ARCHIVES","Archivage et surfaces d'entreposage (Ar)",196,19.5]
[2011,"UNI2",27,"UNI DUFOUR","A","AR","ARCHIVES","Archivage et surfaces d'entreposage (Ar)",196,19.5]
[2011,"UNI2",27,"UNI DUFOUR","A","AR","ARCHIVES","Archivage et surfaces d'entreposage (Ar)",196,19.5]
[2011,"UNI2",27,"UNI DUFOUR","A","AR","ARCHIVES","Archivage et surfaces d'entreposage (Ar)",196,19.5]
[2011,"UNI2",27,"UNI DUFOUR","A","AR","ARCHIVES","Archivage et surfaces d'entreposage (Ar)",196,19.5]
[2011,"UNI2",27,"UNI DUFOUR","A","AR","ARCHIVES","Archivage et surfaces d'entreposage (Ar)",196,19.5]
[2011,"UNI2",27,"UNI DUFOUR","A","AR","ARCHIVES","Archivage et surfaces d'entreposage (Ar)",196,19.5]
[2011,"UNI2",27,"UNI DUFOUR","A","AR","ARCHIVES","Archivage et surfaces d'entreposage (Ar)",196,19.5]
[2011,"UNI2",27,"UNI DUFOUR","A","AR","ARCHIVES","Archivage et surfaces d'entreposage (Ar)",196,19.5]
[2011,"UNI2",27,"UNI DUFOUR","A","AR","ARCHIVES","Archivage et surfaces d'entreposage (Ar)",196,19.5]
[2011,"UNI2",27,"UNI DUFOUR","A","AR","ARCHIVES","Archivage et surfaces d'entreposage (Ar)",196,19.5]
[2011,"UNI2",27,"UNI DUFOUR","A","AR","ARCHIVES","Archivage et surfaces d'entreposage (Ar)",196,19.5]
[2011,"UNI2",27,"UNI DUFOUR","A","AR","ARCHIVES","Archivage et surfaces d'entreposage (Ar)",196,19.5]
[2011,"UNI2",27,"UNI DUFOUR","A","AR","ARCHIVES","Archivage et surfaces d'entreposage (Ar)",196,19.5]
[2011,"UNI2",27,"UNI DUFOUR","A","AR","ARCHIVES","Archivage et surfaces d'entreposage (Ar)",196,19.5]
[2011,"UNI2",27,"UNI DUFOUR","A","AR","ARCHIVES","Archivage et surfaces d'entreposage (Ar)",196,19.5]
[2011,"UNI2",27,"UNI DUFOUR","A","AR","ARCHIVES","Archivage et surfaces d'entreposage (Ar)",196,19.5]
[2011,"UNI2",27,"UNI DUFOUR","A","AR","ARCHIVES","Archivage et surfaces d'entreposage (Ar)",196,19.5]
[2011,"UNI2",27,"UNI DUFOUR","A","AR","ARCHIVES","Archivage et surfaces d'entreposage (Ar)",196,19.5]
[2011,"UNI2",27,"UNI DUFOUR","A","AR","ARCHIVES","Archivage et surfaces d'entreposage (Ar)",196,19.5]
[2011,"UNI2",27,"UNI DUFOUR","A","AR","ARCHIVES","Archivage et surfaces d'entreposage (Ar)",196,19.5]
[2011,"UNI2",27,"UNI DUFOUR","A","AR","ARCHIVES","Archivage et surfaces d'entreposage (Ar)",196,53]
[2011,"UNI2",27,"UNI DUFOUR","A","AR","ARCHIVES","Archivage et surfaces d'entreposage (Ar)",196,53]
[2011,"UNI2",27,"UNI DUFOUR","A","AR","ARCHIVES","Archivage et surfaces d'entreposage (Ar)",196,54.5]
[2011,"UNI2",27,"UNI DUFOUR","A","AR","ARCHIVES","Archivage et surfaces d'entreposage (Ar)",196,54.5]
[2011,"UNI2",27,"UNI DUFOUR","A","AR","ARCHIVES","Archivage et surfaces d'entreposage (Ar)",196,59.5]
[2011,"UNI2",27,"UNI DUFOUR","A","AR","ARCHIVES","Archivage et surfaces d'entreposage (Ar)",196,61]
[2011,"UNI2",27,"UNI DUFOUR","A","AR","ARCHIVES","Archivage et surfaces d'entreposage (Ar)",196,61]
[2011,"UNI2",27,"UNI DUFOUR","A","AT","ATELIER","Laboratoires (La)",805,13]
[2011,"UNI2",27,"UNI DUFOUR","A","AT","ATELIER","Laboratoires (La)",805,18]
[2011,"UNI2",27,"UNI DUFOUR","A","AT","ATELIER","Laboratoires (La)",805,20]
[2011,"UNI2",27,"UNI DUFOUR","A","AU","AUDITOIRE","Salles de cours (Hö)",667,153]
[2011,"UNI2",27,"UNI DUFOUR","A","AU","AUDITOIRE","Salles de cours (Hö)",667,154.5]
[2011,"UNI2",27,"UNI DUFOUR","A","AU","AUDITOIRE","Salles de cours (Hö)",667,158.5]
[2011,"UNI2",27,"UNI DUFOUR","A","AU","AUDITOIRE","Salles de cours (Hö)",667,328.5]
[2011,"UNI2",27,"UNI DUFOUR","A","AU","AUDITOIRE","Salles de cours (Hö)",667,716.5]
[2011,"UNI2",27,"UNI DUFOUR","A","AX","ANNEXES","Archivage et surfaces d'entreposage (Ar)",196,4]
[2011,"UNI2",27,"UNI DUFOUR","A","AX","ANNEXES","Archivage et surfaces d'entreposage (Ar)",196,4]
[2011,"UNI2",27,"UNI DUFOUR","A","AX","ANNEXES","Archivage et surfaces d'entreposage (Ar)",196,4]
[2011,"UNI2",27,"UNI DUFOUR","A","AX","ANNEXES","Archivage et surfaces d'entreposage (Ar)",196,4]
[2011,"UNI2",27,"UNI DUFOUR","A","AX","ANNEXES","Archivage et surfaces d'entreposage (Ar)",196,4.5]
[2011,"UNI2",27,"UNI DUFOUR","A","AX","ANNEXES","Archivage et surfaces d'entreposage (Ar)",196,5]
[2011,"UNI2",27,"UNI DUFOUR","A","AX","ANNEXES","Archivage et surfaces d'entreposage (Ar)",196,5]
[2011,"UNI2",27,"UNI DUFOUR","A","AX","ANNEXES","Archivage et surfaces d'entreposage (Ar)",196,5]
[2011,"UNI2",27,"UNI DUFOUR","A","AX","ANNEXES","Archivage et surfaces d'entreposage (Ar)",196,5]
[2011,"UNI2",27,"UNI DUFOUR","A","AX","ANNEXES","Archivage et surfaces d'entreposage (Ar)",196,5]
[2011,"UNI2",27,"UNI DUFOUR","A","AX","ANNEXES","Archivage et surfaces d'entreposage (Ar)",196,10]
[2011,"UNI2",27,"UNI DUFOUR","A","AX","ANNEXES","Archivage et surfaces d'entreposage (Ar)",196,12]
[2011,"UNI2",27,"UNI DUFOUR","A","AX","ANNEXES","Archivage et surfaces d'entreposage (Ar)",196,20]
[2011,"UNI2",27,"UNI DUFOUR","A","AX","ANNEXES","Archivage et surfaces d'entreposage (Ar)",196,20]
[2011,"UNI2",27,"UNI DUFOUR","A","AX","ANNEXES","Archivage et surfaces d'entreposage (Ar)",196,20]
[2011,"UNI2",27,"UNI DUFOUR","A","BI","BIBLIOTHEQUE, SALLE DE LECTURE","Bibliothèques (Bi)",468,11.5]
[2011,"UNI2",27,"UNI DUFOUR","A","BI","BIBLIOTHEQUE, SALLE DE LECTURE","Bibliothèques (Bi)",468,77.5]
[2011,"UNI2",27,"UNI DUFOUR","A","BI","BIBLIOTHEQUE, SALLE DE LECTURE","Bibliothèques (Bi)",468,113]
[2011,"UNI2",27,"UNI DUFOUR","A","BU","BUREAU","Bureaux (Bü)",392,5.5]
[2011,"UNI2",27,"UNI DUFOUR","A","BU","BUREAU","Bureaux (Bü)",392,10]
[2011,"UNI2",27,"UNI DUFOUR","A","BU","BUREAU","Bureaux (Bü)",392,10]
[2011,"UNI2",27,"UNI DUFOUR","A","BU","BUREAU","Bureaux (Bü)",392,10.5]
[2011,"UNI2",27,"UNI DUFOUR","A","BU","BUREAU","Bureaux (Bü)",392,10.5]
[2011,"UNI2",27,"UNI DUFOUR","A","BU","BUREAU","Bureaux (Bü)",392,11]
[2011,"UNI2",27,"UNI DUFOUR","A","BU","BUREAU","Bureaux (Bü)",392,11]
[2011,"UNI2",27,"UNI DUFOUR","A","BU","BUREAU","Bureaux (Bü)",392,11]
[2011,"UNI2",27,"UNI DUFOUR","A","BU","BUREAU","Bureaux (Bü)",392,11]
[2011,"UNI2",27,"UNI DUFOUR","A","BU","BUREAU","Bureaux (Bü)",392,11]
[2011,"UNI2",27,"UNI DUFOUR","A","BU","BUREAU","Bureaux (Bü)",392,12]
[2011,"UNI2",27,"UNI DUFOUR","A","BU","BUREAU","Bureaux (Bü)",392,13]
[2011,"UNI2",27,"UNI DUFOUR","A","BU","BUREAU","Bureaux (Bü)",392,13]
[2011,"UNI2",27,"UNI DUFOUR","A","BU","BUREAU","Bureaux (Bü)",392,13]
[2011,"UNI2",27,"UNI DUFOUR","A","BU","BUREAU","Bureaux (Bü)",392,13]
[2011,"UNI2",27,"UNI DUFOUR","A","BU","BUREAU","Bureaux (Bü)",392,13]
[2011,"UNI2",27,"UNI DUFOUR","A","BU","BUREAU","Bureaux (Bü)",392,13]
[2011,"UNI2",27,"UNI DUFOUR","A","BU","BUREAU","Bureaux (Bü)",392,13]
[2011,"UNI2",27,"UNI DUFOUR","A","BU","BUREAU","Bureaux (Bü)",392,13]
[2011,"UNI2",27,"UNI DUFOUR","A","BU","BUREAU","Bureaux (Bü)",392,13]
[2011,"UNI2",27,"UNI DUFOUR","A","BU","BUREAU","Bureaux (Bü)",392,13]
[2011,"UNI2",27,"UNI DUFOUR","A","BU","BUREAU","Bureaux (Bü)",392,13]
[2011,"UNI2",27,"UNI DUFOUR","A","BU","BUREAU","Bureaux (Bü)",392,13]
[2011,"UNI2",27,"UNI DUFOUR","A","BU","BUREAU","Bureaux (Bü)",392,13]
[2011,"UNI2",27,"UNI DUFOUR","A","BU","BUREAU","Bureaux (Bü)",392,13]
[2011,"UNI2",27,"UNI DUFOUR","A","BU","BUREAU","Bureaux (Bü)",392,13]
[2011,"UNI2",27,"UNI DUFOUR","A","BU","BUREAU","Bureaux (Bü)",392,13]
[2011,"UNI2",27,"UNI DUFOUR","A","BU","BUREAU","Bureaux (Bü)",392,13]
[2011,"UNI2",27,"UNI DUFOUR","A","BU","BUREAU","Bureaux (Bü)",392,13]
[2011,"UNI2",27,"UNI DUFOUR","A","BU","BUREAU","Bureaux (Bü)",392,13]
[2011,"UNI2",27,"UNI DUFOUR","A","BU","BUREAU","Bureaux (Bü)",392,13]
[2011,"UNI2",27,"UNI DUFOUR","A","BU","BUREAU","Bureaux (Bü)",392,13]
[2011,"UNI2",27,"UNI DUFOUR","A","BU","BUREAU","Bureaux (Bü)",392,13]
[2011,"UNI2",27,"UNI DUFOUR","A","BU","BUREAU","Bureaux (Bü)",392,13]
[2011,"UNI2",27,"UNI DUFOUR","A","BU","BUREAU","Bureaux (Bü)",392,13]
[2011,"UNI2",27,"UNI DUFOUR","A","BU","BUREAU","Bureaux (Bü)",392,13]
[2011,"UNI2",27,"UNI DUFOUR","A","BU","BUREAU","Bureaux (Bü)",392,13]
[2011,"UNI2",27,"UNI DUFOUR","A","BU","BUREAU","Bureaux (Bü)",392,13]
[2011,"UNI2",27,"UNI DUFOUR","A","BU","BUREAU","Bureaux (Bü)",392,13]
[2011,"UNI2",27,"UNI DUFOUR","A","BU","BUREAU","Bureaux (Bü)",392,13]
[2011,"UNI2",27,"UNI DUFOUR","A","BU","BUREAU","Bureaux (Bü)",392,13]
[2011,"UNI2",27,"UNI DUFOUR","A","BU","BUREAU","Bureaux (Bü)",392,13]
[2011,"UNI2",27,"UNI DUFOUR","A","BU","BUREAU","Bureaux (Bü)",392,13]
[2011,"UNI2",27,"UNI DUFOUR","A","BU","BUREAU","Bureaux (Bü)",392,13]
[2011,"UNI2",27,"UNI DUFOUR","A","BU","BUREAU","Bureaux (Bü)",392,13]
[2011,"UNI2",27,"UNI DUFOUR","A","BU","BUREAU","Bureaux (Bü)",392,13]
[2011,"UNI2",27,"UNI DUFOUR","A","BU","BUREAU","Bureaux (Bü)",392,13]
[2011,"UNI2",27,"UNI DUFOUR","A","BU","BUREAU","Bureaux (Bü)",392,13]
[2011,"UNI2",27,"UNI DUFOUR","A","BU","BUREAU","Bureaux (Bü)",392,13]
[2011,"UNI2",27,"UNI DUFOUR","A","BU","BUREAU","Bureaux (Bü)",392,13]
[2011,"UNI2",27,"UNI DUFOUR","A","BU","BUREAU","Bureaux (Bü)",392,13]
[2011,"UNI2",27,"UNI DUFOUR","A","BU","BUREAU","Bureaux (Bü)",392,13]
[2011,"UNI2",27,"UNI DUFOUR","A","BU","BUREAU","Bureaux (Bü)",392,13]
[2011,"UNI2",27,"UNI DUFOUR","A","BU","BUREAU","Bureaux (Bü)",392,13]
[2011,"UNI2",27,"UNI DUFOUR","A","BU","BUREAU","Bureaux (Bü)",392,13]
[2011,"UNI2",27,"UNI DUFOUR","A","BU","BUREAU","Bureaux (Bü)",392,13]
[2011,"UNI2",27,"UNI DUFOUR","A","BU","BUREAU","Bureaux (Bü)",392,13]
[2011,"UNI2",27,"UNI DUFOUR","A","BU","BUREAU","Bureaux (Bü)",392,13]
[2011,"UNI2",27,"UNI DUFOUR","A","BU","BUREAU","Bureaux (Bü)",392,13]
[2011,"UNI2",27,"UNI DUFOUR","A","BU","BUREAU","Bureaux (Bü)",392,13]
[2011,"UNI2",27,"UNI DUFOUR","A","BU","BUREAU","Bureaux (Bü)",392,13]
[2011,"UNI2",27,"UNI DUFOUR","A","BU","BUREAU","Bureaux (Bü)",392,13]
[2011,"UNI2",27,"UNI DUFOUR","A","BU","BUREAU","Bureaux (Bü)",392,13]
[2011,"UNI2",27,"UNI DUFOUR","A","BU","BUREAU","Bureaux (Bü)",392,13]
[2011,"UNI2",27,"UNI DUFOUR","A","BU","BUREAU","Bureaux (Bü)",392,13]
[2011,"UNI2",27,"UNI DUFOUR","A","BU","BUREAU","Bureaux (Bü)",392,13]
[2011,"UNI2",27,"UNI DUFOUR","A","BU","BUREAU","Bureaux (Bü)",392,13]
[2011,"UNI2",27,"UNI DUFOUR","A","BU","BUREAU","Bureaux (Bü)",392,13]
[2011,"UNI2",27,"UNI DUFOUR","A","BU","BUREAU","Bureaux (Bü)",392,13]
[2011,"UNI2",27,"UNI DUFOUR","A","BU","BUREAU","Bureaux (Bü)",392,13]
[2011,"UNI2",27,"UNI DUFOUR","A","BU","BUREAU","Bureaux (Bü)",392,13]
[2011,"UNI2",27,"UNI DUFOUR","A","BU","BUREAU","Bureaux (Bü)",392,13]
[2011,"UNI2",27,"UNI DUFOUR","A","BU","BUREAU","Bureaux (Bü)",392,13]
[2011,"UNI2",27,"UNI DUFOUR","A","BU","BUREAU","Bureaux (Bü)",392,13]
[2011,"UNI2",27,"UNI DUFOUR","A","BU","BUREAU","Bureaux (Bü)",392,13]
[2011,"UNI2",27,"UNI DUFOUR","A","BU","BUREAU","Bureaux (Bü)",392,13]
[2011,"UNI2",27,"UNI DUFOUR","A","BU","BUREAU","Bureaux (Bü)",392,13]
[2011,"UNI2",27,"UNI DUFOUR","A","BU","BUREAU","Bureaux (Bü)",392,13]
[2011,"UNI2",27,"UNI DUFOUR","A","BU","BUREAU","Bureaux (Bü)",392,13]
[2011,"UNI2",27,"UNI DUFOUR","A","BU","BUREAU","Bureaux (Bü)",392,13]
[2011,"UNI2",27,"UNI DUFOUR","A","BU","BUREAU","Bureaux (Bü)",392,13]
[2011,"UNI2",27,"UNI DUFOUR","A","BU","BUREAU","Bureaux (Bü)",392,13]
[2011,"UNI2",27,"UNI DUFOUR","A","BU","BUREAU","Bureaux (Bü)",392,13]
[2011,"UNI2",27,"UNI DUFOUR","A","BU","BUREAU","Bureaux (Bü)",392,13]
[2011,"UNI2",27,"UNI DUFOUR","A","BU","BUREAU","Bureaux (Bü)",392,13]
[2011,"UNI2",27,"UNI DUFOUR","A","BU","BUREAU","Bureaux (Bü)",392,13]
[2011,"UNI2",27,"UNI DUFOUR","A","BU","BUREAU","Bureaux (Bü)",392,13]
[2011,"UNI2",27,"UNI DUFOUR","A","BU","BUREAU","Bureaux (Bü)",392,13]
[2011,"UNI2",27,"UNI DUFOUR","A","BU","BUREAU","Bureaux (Bü)",392,13]
[2011,"UNI2",27,"UNI DUFOUR","A","BU","BUREAU","Bureaux (Bü)",392,13]
[2011,"UNI2",27,"UNI DUFOUR","A","BU","BUREAU","Bureaux (Bü)",392,13]
[2011,"UNI2",27,"UNI DUFOUR","A","BU","BUREAU","Bureaux (Bü)",392,13]
[2011,"UNI2",27,"UNI DUFOUR","A","BU","BUREAU","Bureaux (Bü)",392,13]
[2011,"UNI2",27,"UNI DUFOUR","A","BU","BUREAU","Bureaux (Bü)",392,13]
[2011,"UNI2",27,"UNI DUFOUR","A","BU","BUREAU","Bureaux (Bü)",392,13.5]
[2011,"UNI2",27,"UNI DUFOUR","A","BU","BUREAU","Bureaux (Bü)",392,14]
[2011,"UNI2",27,"UNI DUFOUR","A","BU","BUREAU","Bureaux (Bü)",392,14]
[2011,"UNI2",27,"UNI DUFOUR","A","BU","BUREAU","Bureaux (Bü)",392,14]
[2011,"UNI2",27,"UNI DUFOUR","A","BU","BUREAU","Bureaux (Bü)",392,14]
[2011,"UNI2",27,"UNI DUFOUR","A","BU","BUREAU","Bureaux (Bü)",392,14]
[2011,"UNI2",27,"UNI DUFOUR","A","BU","BUREAU","Bureaux (Bü)",392,14]
[2011,"UNI2",27,"UNI DUFOUR","A","BU","BUREAU","Bureaux (Bü)",392,14]
[2011,"UNI2",27,"UNI DUFOUR","A","BU","BUREAU","Bureaux (Bü)",392,14]
[2011,"UNI2",27,"UNI DUFOUR","A","BU","BUREAU","Bureaux (Bü)",392,14]
[2011,"UNI2",27,"UNI DUFOUR","A","BU","BUREAU","Bureaux (Bü)",392,14]
[2011,"UNI2",27,"UNI DUFOUR","A","BU","BUREAU","Bureaux (Bü)",392,14]
[2011,"UNI2",27,"UNI DUFOUR","A","BU","BUREAU","Bureaux (Bü)",392,14]
[2011,"UNI2",27,"UNI DUFOUR","A","BU","BUREAU","Bureaux (Bü)",392,14]
[2011,"UNI2",27,"UNI DUFOUR","A","BU","BUREAU","Bureaux (Bü)",392,14]
[2011,"UNI2",27,"UNI DUFOUR","A","BU","BUREAU","Bureaux (Bü)",392,14.5]
[2011,"UNI2",27,"UNI DUFOUR","A","BU","BUREAU","Bureaux (Bü)",392,14.5]
[2011,"UNI2",27,"UNI DUFOUR","A","BU","BUREAU","Bureaux (Bü)",392,14.5]
[2011,"UNI2",27,"UNI DUFOUR","A","BU","BUREAU","Bureaux (Bü)",392,14.5]
[2011,"UNI2",27,"UNI DUFOUR","A","BU","BUREAU","Bureaux (Bü)",392,14.5]
[2011,"UNI2",27,"UNI DUFOUR","A","BU","BUREAU","Bureaux (Bü)",392,14.5]
[2011,"UNI2",27,"UNI DUFOUR","A","BU","BUREAU","Bureaux (Bü)",392,14.5]
[2011,"UNI2",27,"UNI DUFOUR","A","BU","BUREAU","Bureaux (Bü)",392,14.5]
[2011,"UNI2",27,"UNI DUFOUR","A","BU","BUREAU","Bureaux (Bü)",392,14.5]
[2011,"UNI2",27,"UNI DUFOUR","A","BU","BUREAU","Bureaux (Bü)",392,14.5]
[2011,"UNI2",27,"UNI DUFOUR","A","BU","BUREAU","Bureaux (Bü)",392,14.5]
[2011,"UNI2",27,"UNI DUFOUR","A","BU","BUREAU","Bureaux (Bü)",392,14.5]
[2011,"UNI2",27,"UNI DUFOUR","A","BU","BUREAU","Bureaux (Bü)",392,14.5]
[2011,"UNI2",27,"UNI DUFOUR","A","BU","BUREAU","Bureaux (Bü)",392,14.5]
[2011,"UNI2",27,"UNI DUFOUR","A","BU","BUREAU","Bureaux (Bü)",392,14.5]
[2011,"UNI2",27,"UNI DUFOUR","A","BU","BUREAU","Bureaux (Bü)",392,17.399999999999999]
[2011,"UNI2",27,"UNI DUFOUR","A","BU","BUREAU","Bureaux (Bü)",392,20]
[2011,"UNI2",27,"UNI DUFOUR","A","BU","BUREAU","Bureaux (Bü)",392,24]
[2011,"UNI2",27,"UNI DUFOUR","A","BU","BUREAU","Bureaux (Bü)",392,24]
[2011,"UNI2",27,"UNI DUFOUR","A","BU","BUREAU","Bureaux (Bü)",392,26.5]
[2011,"UNI2",27,"UNI DUFOUR","A","BU","BUREAU","Bureaux (Bü)",392,26.5]
[2011,"UNI2",27,"UNI DUFOUR","A","BU","BUREAU","Bureaux (Bü)",392,26.5]
[2011,"UNI2",27,"UNI DUFOUR","A","BU","BUREAU","Bureaux (Bü)",392,26.5]
[2011,"UNI2",27,"UNI DUFOUR","A","BU","BUREAU","Bureaux (Bü)",392,26.5]
[2011,"UNI2",27,"UNI DUFOUR","A","BU","BUREAU","Bureaux (Bü)",392,26.5]
[2011,"UNI2",27,"UNI DUFOUR","A","BU","BUREAU","Bureaux (Bü)",392,26.5]
[2011,"UNI2",27,"UNI DUFOUR","A","BU","BUREAU","Bureaux (Bü)",392,26.5]
[2011,"UNI2",27,"UNI DUFOUR","A","BU","BUREAU","Bureaux (Bü)",392,26.5]
[2011,"UNI2",27,"UNI DUFOUR","A","BU","BUREAU","Bureaux (Bü)",392,26.5]
[2011,"UNI2",27,"UNI DUFOUR","A","BU","BUREAU","Bureaux (Bü)",392,26.5]
[2011,"UNI2",27,"UNI DUFOUR","A","BU","BUREAU","Bureaux (Bü)",392,28.5]
[2011,"UNI2",27,"UNI DUFOUR","A","BU","BUREAU","Bureaux (Bü)",392,28.5]
[2011,"UNI2",27,"UNI DUFOUR","A","BU","BUREAU","Bureaux (Bü)",392,29]
[2011,"UNI2",27,"UNI DUFOUR","A","BU","BUREAU","Bureaux (Bü)",392,30]
[2011,"UNI2",27,"UNI DUFOUR","A","BU","BUREAU","Bureaux (Bü)",392,30]
[2011,"UNI2",27,"UNI DUFOUR","A","BU","BUREAU","Bureaux (Bü)",392,30]
[2011,"UNI2",27,"UNI DUFOUR","A","BU","BUREAU","Bureaux (Bü)",392,30.5]
[2011,"UNI2",27,"UNI DUFOUR","A","BU","BUREAU","Bureaux (Bü)",392,32.5]
[2011,"UNI2",27,"UNI DUFOUR","A","BU","BUREAU","Bureaux (Bü)",392,32.5]
[2011,"UNI2",27,"UNI DUFOUR","A","BU","BUREAU","Bureaux (Bü)",392,32.5]
[2011,"UNI2",27,"UNI DUFOUR","A","BU","BUREAU","Bureaux (Bü)",392,32.5]
[2011,"UNI2",27,"UNI DUFOUR","A","BU","BUREAU","Bureaux (Bü)",392,38]
[2011,"UNI2",27,"UNI DUFOUR","A","BU","BUREAU","Bureaux (Bü)",392,38.5]
[2011,"UNI2",27,"UNI DUFOUR","A","BU","BUREAU","Bureaux (Bü)",392,39.5]
[2011,"UNI2",27,"UNI DUFOUR","A","BU","BUREAU","Bureaux (Bü)",392,51.8]
[2011,"UNI2",27,"UNI DUFOUR","A","BU","BUREAU","Bureaux (Bü)",392,54.5]
[2011,"UNI2",27,"UNI DUFOUR","A","BU","BUREAU","Bureaux (Bü)",392,56.5]
[2011,"UNI2",27,"UNI DUFOUR","A","BU","BUREAU","Bureaux (Bü)",392,60]
[2011,"UNI2",27,"UNI DUFOUR","A","BU","BUREAU","Bureaux (Bü)",392,73.8]
[2011,"UNI2",27,"UNI DUFOUR","A","BU","BUREAU","Bureaux (Bü)",392,165.5]
[2011,"UNI2",27,"UNI DUFOUR","A","BU","BUREAU","Bureaux (Bü)",392,208]
[2011,"UNI2",27,"UNI DUFOUR","A","CA","CAFETERIA","Locaux du domaine social (So)",430,5]
[2011,"UNI2",27,"UNI DUFOUR","A","CA","CAFETERIA","Locaux du domaine social (So)",430,95]
[2011,"UNI2",27,"UNI DUFOUR","A","CA","CAFETERIA","Locaux du domaine social (So)",430,267.5]
[2011,"UNI2",27,"UNI DUFOUR","A","CO","COULOIR","Local fictif - sans coût",0,6.5]
[2011,"UNI2",27,"UNI DUFOUR","A","CO","COULOIR","Local fictif - sans coût",0,43]
[2011,"UNI2",27,"UNI DUFOUR","A","CO","COULOIR","Local fictif - sans coût",0,60]
[2011,"UNI2",27,"UNI DUFOUR","A","DP","DEPOT","Archivage et surfaces d'entreposage (Ar)",196,10.5]
[2011,"UNI2",27,"UNI DUFOUR","A","DP","DEPOT","Archivage et surfaces d'entreposage (Ar)",196,21]
[2011,"UNI2",27,"UNI DUFOUR","A","DP","DEPOT","Archivage et surfaces d'entreposage (Ar)",196,24.5]
[2011,"UNI2",27,"UNI DUFOUR","A","DP","DEPOT","Archivage et surfaces d'entreposage (Ar)",196,31.5]
[2011,"UNI2",27,"UNI DUFOUR","A","DV","DIVERS","Local fictif - sans coût",0,12]
[2011,"UNI2",27,"UNI DUFOUR","A","LR","LABORATOIRE DE RECHERCHE","Laboratoires (La)",805,31]
[2011,"UNI2",27,"UNI DUFOUR","A","LR","LABORATOIRE DE RECHERCHE","Laboratoires (La)",805,35]
[2011,"UNI2",27,"UNI DUFOUR","A","RE","SALLE DE REUNION","Salles d'enseignement (UR)",392,27]
[2011,"UNI2",27,"UNI DUFOUR","A","RE","SALLE DE REUNION","Salles d'enseignement (UR)",392,36.5]
[2011,"UNI2",27,"UNI DUFOUR","A","RE","SALLE DE REUNION","Salles d'enseignement (UR)",392,41.5]
[2011,"UNI2",27,"UNI DUFOUR","A","RE","SALLE DE REUNION","Salles d'enseignement (UR)",392,47.5]
[2011,"UNI2",27,"UNI DUFOUR","A","RE","SALLE DE REUNION","Salles d'enseignement (UR)",392,49.5]
[2011,"UNI2",27,"UNI DUFOUR","A","SI","LOCAL SERVEUR INFORMATIQUE","Laboratoires (La)",805,26.6]
[2011,"UNI2",27,"UNI DUFOUR","A","SI","LOCAL SERVEUR INFORMATIQUE","Laboratoires (La)",805,264]
[2011,"UNI2",27,"UNI DUFOUR","A","SM","SALLE DE SEMINAIRE / COURS","Salles d'enseignement (UR)",392,32.5]
[2011,"UNI2",27,"UNI DUFOUR","A","SM","SALLE DE SEMINAIRE / COURS","Salles d'enseignement (UR)",392,35.5]
[2011,"UNI2",27,"UNI DUFOUR","A","SM","SALLE DE SEMINAIRE / COURS","Salles d'enseignement (UR)",392,36.5]
[2011,"UNI2",27,"UNI DUFOUR","A","SM","SALLE DE SEMINAIRE / COURS","Salles d'enseignement (UR)",392,122]
[2011,"UNI2",27,"UNI DUFOUR","A","SO","LOCAL SOCIAL","Locaux du domaine social (So)",430,80]
[2011,"UNI2",27,"UNI DUFOUR","A","SO","LOCAL SOCIAL","Locaux du domaine social (So)",430,150]
[2011,"UNI2",27,"UNI DUFOUR","A","ST","STOCKAGE","Archivage et surfaces d'entreposage (Ar)",196,5.5]
[2011,"UNI2",27,"UNI DUFOUR","A","ST","STOCKAGE","Archivage et surfaces d'entreposage (Ar)",196,6.2]
[2011,"UNI2",27,"UNI DUFOUR","A","ST","STOCKAGE","Archivage et surfaces d'entreposage (Ar)",196,10.5]
[2011,"UNI2",27,"UNI DUFOUR","A","ST","STOCKAGE","Archivage et surfaces d'entreposage (Ar)",196,34]
[2011,"UNI2",27,"UNI DUFOUR","A","ST","STOCKAGE","Archivage et surfaces d'entreposage (Ar)",196,34.5]
[2011,"UNI2",27,"UNI DUFOUR","A","ST","STOCKAGE","Archivage et surfaces d'entreposage (Ar)",196,42.5]
[2011,"UNI2",27,"UNI DUFOUR","A","ST","STOCKAGE","Archivage et surfaces d'entreposage (Ar)",196,44]
[2011,"UNI2",27,"UNI DUFOUR","A","ST","STOCKAGE","Archivage et surfaces d'entreposage (Ar)",196,90.5]
[2011,"UNI2",27,"UNI DUFOUR","A","TE","LOCAL TECHNIQUE","Laboratoires (La)",805,6.2]
[2011,"UNI2",27,"UNI DUFOUR","A","TE","LOCAL TECHNIQUE","Laboratoires (La)",805,42.5]
[2011,"UNI2",27,"UNI DUFOUR","A","TE","LOCAL TECHNIQUE","Laboratoires (La)",805,59.5]
[2011,"UNI2",27,"UNI DUFOUR","A","TP","SALLE DE TRAVAUX PRATIQUES","Salles d'enseignement (UR)",392,5.5]
[2011,"UNI2",27,"UNI DUFOUR","A","TP","SALLE DE TRAVAUX PRATIQUES","Salles d'enseignement (UR)",392,8]
[2011,"UNI2",27,"UNI DUFOUR","A","TP","SALLE DE TRAVAUX PRATIQUES","Salles d'enseignement (UR)",392,8]
[2011,"UNI2",27,"UNI DUFOUR","A","TP","SALLE DE TRAVAUX PRATIQUES","Salles d'enseignement (UR)",392,9]
[2011,"UNI2",27,"UNI DUFOUR","A","TP","SALLE DE TRAVAUX PRATIQUES","Salles d'enseignement (UR)",392,114.5]
[2011,"MAIL",30,"UNI MAIL","A","AI","ATELIER INFORMATIQUE","Laboratoires (La)",805,63]
[2011,"MAIL",30,"UNI MAIL","A","AR","ARCHIVES","Archivage et surfaces d'entreposage (Ar)",196,8.5]
[2011,"MAIL",30,"UNI MAIL","A","AR","ARCHIVES","Archivage et surfaces d'entreposage (Ar)",196,9.5]
[2011,"MAIL",30,"UNI MAIL","A","AR","ARCHIVES","Archivage et surfaces d'entreposage (Ar)",196,14.5]
[2011,"MAIL",30,"UNI MAIL","A","AR","ARCHIVES","Archivage et surfaces d'entreposage (Ar)",196,18.5]
[2011,"MAIL",30,"UNI MAIL","A","AR","ARCHIVES","Archivage et surfaces d'entreposage (Ar)",196,76]
[2011,"MAIL",30,"UNI MAIL","A","AT","ATELIER","Laboratoires (La)",805,5]
[2011,"MAIL",30,"UNI MAIL","A","AT","ATELIER","Laboratoires (La)",805,21]
[2011,"MAIL",30,"UNI MAIL","A","AT","ATELIER","Laboratoires (La)",805,30]
[2011,"MAIL",30,"UNI MAIL","A","AT","ATELIER","Laboratoires (La)",805,31]
[2011,"MAIL",30,"UNI MAIL","A","AT","ATELIER","Laboratoires (La)",805,51]
[2011,"MAIL",30,"UNI MAIL","A","AT","ATELIER","Laboratoires (La)",805,53.5]
[2011,"MAIL",30,"UNI MAIL","A","AT","ATELIER","Laboratoires (La)",805,54]
[2011,"MAIL",30,"UNI MAIL","A","AT","ATELIER","Laboratoires (La)",805,66]
[2011,"MAIL",30,"UNI MAIL","A","AT","ATELIER","Laboratoires (La)",805,81.5]
[2011,"MAIL",30,"UNI MAIL","A","AU","AUDITOIRE","Salles de cours (Hö)",667,122]
[2011,"MAIL",30,"UNI MAIL","A","AU","AUDITOIRE","Salles de cours (Hö)",667,163]
[2011,"MAIL",30,"UNI MAIL","A","AU","AUDITOIRE","Salles de cours (Hö)",667,163]
[2011,"MAIL",30,"UNI MAIL","A","AU","AUDITOIRE","Salles de cours (Hö)",667,189]
[2011,"MAIL",30,"UNI MAIL","A","AU","AUDITOIRE","Salles de cours (Hö)",667,223]
[2011,"MAIL",30,"UNI MAIL","A","AU","AUDITOIRE","Salles de cours (Hö)",667,259]
[2011,"MAIL",30,"UNI MAIL","A","AU","AUDITOIRE","Salles de cours (Hö)",667,259]
[2011,"MAIL",30,"UNI MAIL","A","AU","AUDITOIRE","Salles de cours (Hö)",667,471]
[2011,"MAIL",30,"UNI MAIL","A","AU","AUDITOIRE","Salles de cours (Hö)",667,574]
[2011,"MAIL",30,"UNI MAIL","A","AX","ANNEXES","Archivage et surfaces d'entreposage (Ar)",196,2.5]
[2011,"MAIL",30,"UNI MAIL","A","AX","ANNEXES","Archivage et surfaces d'entreposage (Ar)",196,2.5]
[2011,"MAIL",30,"UNI MAIL","A","AX","ANNEXES","Archivage et surfaces d'entreposage (Ar)",196,3]
[2011,"MAIL",30,"UNI MAIL","A","AX","ANNEXES","Archivage et surfaces d'entreposage (Ar)",196,3]
[2011,"MAIL",30,"UNI MAIL","A","AX","ANNEXES","Archivage et surfaces d'entreposage (Ar)",196,3]
[2011,"MAIL",30,"UNI MAIL","A","AX","ANNEXES","Archivage et surfaces d'entreposage (Ar)",196,3]
[2011,"MAIL",30,"UNI MAIL","A","AX","ANNEXES","Archivage et surfaces d'entreposage (Ar)",196,3]
[2011,"MAIL",30,"UNI MAIL","A","AX","ANNEXES","Archivage et surfaces d'entreposage (Ar)",196,3.5]
[2011,"MAIL",30,"UNI MAIL","A","AX","ANNEXES","Archivage et surfaces d'entreposage (Ar)",196,4]
[2011,"MAIL",30,"UNI MAIL","A","AX","ANNEXES","Archivage et surfaces d'entreposage (Ar)",196,4]
[2011,"MAIL",30,"UNI MAIL","A","AX","ANNEXES","Archivage et surfaces d'entreposage (Ar)",196,4.5]
[2011,"MAIL",30,"UNI MAIL","A","AX","ANNEXES","Archivage et surfaces d'entreposage (Ar)",196,4.5]
[2011,"MAIL",30,"UNI MAIL","A","AX","ANNEXES","Archivage et surfaces d'entreposage (Ar)",196,4.5]
[2011,"MAIL",30,"UNI MAIL","A","AX","ANNEXES","Archivage et surfaces d'entreposage (Ar)",196,4.5]
[2011,"MAIL",30,"UNI MAIL","A","AX","ANNEXES","Archivage et surfaces d'entreposage (Ar)",196,4.5]
[2011,"MAIL",30,"UNI MAIL","A","AX","ANNEXES","Archivage et surfaces d'entreposage (Ar)",196,5]
[2011,"MAIL",30,"UNI MAIL","A","AX","ANNEXES","Archivage et surfaces d'entreposage (Ar)",196,5]
[2011,"MAIL",30,"UNI MAIL","A","AX","ANNEXES","Archivage et surfaces d'entreposage (Ar)",196,5]
[2011,"MAIL",30,"UNI MAIL","A","AX","ANNEXES","Archivage et surfaces d'entreposage (Ar)",196,5]
[2011,"MAIL",30,"UNI MAIL","A","AX","ANNEXES","Archivage et surfaces d'entreposage (Ar)",196,5]
[2011,"MAIL",30,"UNI MAIL","A","AX","ANNEXES","Archivage et surfaces d'entreposage (Ar)",196,5]
[2011,"MAIL",30,"UNI MAIL","A","AX","ANNEXES","Archivage et surfaces d'entreposage (Ar)",196,5]
[2011,"MAIL",30,"UNI MAIL","A","AX","ANNEXES","Archivage et surfaces d'entreposage (Ar)",196,5]
[2011,"MAIL",30,"UNI MAIL","A","AX","ANNEXES","Archivage et surfaces d'entreposage (Ar)",196,5.5]
[2011,"MAIL",30,"UNI MAIL","A","AX","ANNEXES","Archivage et surfaces d'entreposage (Ar)",196,5.5]
[2011,"MAIL",30,"UNI MAIL","A","AX","ANNEXES","Archivage et surfaces d'entreposage (Ar)",196,5.5]
[2011,"MAIL",30,"UNI MAIL","A","AX","ANNEXES","Archivage et surfaces d'entreposage (Ar)",196,5.5]
[2011,"MAIL",30,"UNI MAIL","A","AX","ANNEXES","Archivage et surfaces d'entreposage (Ar)",196,5.5]
[2011,"MAIL",30,"UNI MAIL","A","AX","ANNEXES","Archivage et surfaces d'entreposage (Ar)",196,6]
[2011,"MAIL",30,"UNI MAIL","A","AX","ANNEXES","Archivage et surfaces d'entreposage (Ar)",196,6]
[2011,"MAIL",30,"UNI MAIL","A","AX","ANNEXES","Archivage et surfaces d'entreposage (Ar)",196,6.5]
[2011,"MAIL",30,"UNI MAIL","A","AX","ANNEXES","Archivage et surfaces d'entreposage (Ar)",196,6.5]
[2011,"MAIL",30,"UNI MAIL","A","AX","ANNEXES","Archivage et surfaces d'entreposage (Ar)",196,6.5]
[2011,"MAIL",30,"UNI MAIL","A","AX","ANNEXES","Archivage et surfaces d'entreposage (Ar)",196,7]
[2011,"MAIL",30,"UNI MAIL","A","AX","ANNEXES","Archivage et surfaces d'entreposage (Ar)",196,7]
[2011,"MAIL",30,"UNI MAIL","A","AX","ANNEXES","Archivage et surfaces d'entreposage (Ar)",196,8.5]
[2011,"MAIL",30,"UNI MAIL","A","AX","ANNEXES","Archivage et surfaces d'entreposage (Ar)",196,8.5]
[2011,"MAIL",30,"UNI MAIL","A","AX","ANNEXES","Archivage et surfaces d'entreposage (Ar)",196,9]
[2011,"MAIL",30,"UNI MAIL","A","AX","ANNEXES","Archivage et surfaces d'entreposage (Ar)",196,11]
[2011,"MAIL",30,"UNI MAIL","A","AX","ANNEXES","Archivage et surfaces d'entreposage (Ar)",196,11]
[2011,"MAIL",30,"UNI MAIL","A","AX","ANNEXES","Archivage et surfaces d'entreposage (Ar)",196,12]
[2011,"MAIL",30,"UNI MAIL","A","AX","ANNEXES","Archivage et surfaces d'entreposage (Ar)",196,12.5]
[2011,"MAIL",30,"UNI MAIL","A","AX","ANNEXES","Archivage et surfaces d'entreposage (Ar)",196,12.5]
[2011,"MAIL",30,"UNI MAIL","A","AX","ANNEXES","Archivage et surfaces d'entreposage (Ar)",196,12.5]
[2011,"MAIL",30,"UNI MAIL","A","AX","ANNEXES","Archivage et surfaces d'entreposage (Ar)",196,13]
[2011,"MAIL",30,"UNI MAIL","A","AX","ANNEXES","Archivage et surfaces d'entreposage (Ar)",196,14.5]
[2011,"MAIL",30,"UNI MAIL","A","AX","ANNEXES","Archivage et surfaces d'entreposage (Ar)",196,19.5]
[2011,"MAIL",30,"UNI MAIL","A","AX","ANNEXES","Archivage et surfaces d'entreposage (Ar)",196,20]
[2011,"MAIL",30,"UNI MAIL","A","AX","ANNEXES","Archivage et surfaces d'entreposage (Ar)",196,24.5]
[2011,"MAIL",30,"UNI MAIL","A","AX","ANNEXES","Archivage et surfaces d'entreposage (Ar)",196,25.5]
[2011,"MAIL",30,"UNI MAIL","A","AX","ANNEXES","Archivage et surfaces d'entreposage (Ar)",196,25.5]
[2011,"MAIL",30,"UNI MAIL","A","AX","ANNEXES","Archivage et surfaces d'entreposage (Ar)",196,26.5]
[2011,"MAIL",30,"UNI MAIL","A","AX","ANNEXES","Archivage et surfaces d'entreposage (Ar)",196,47.5]
[2011,"MAIL",30,"UNI MAIL","A","AX","ANNEXES","Archivage et surfaces d'entreposage (Ar)",196,50.5]
[2011,"MAIL",30,"UNI MAIL","A","BI","BIBLIOTHEQUE, SALLE DE LECTURE","Bibliothèques (Bi)",468,6]
[2011,"MAIL",30,"UNI MAIL","A","BI","BIBLIOTHEQUE, SALLE DE LECTURE","Bibliothèques (Bi)",468,7.5]
[2011,"MAIL",30,"UNI MAIL","A","BI","BIBLIOTHEQUE, SALLE DE LECTURE","Bibliothèques (Bi)",468,8]
[2011,"MAIL",30,"UNI MAIL","A","BI","BIBLIOTHEQUE, SALLE DE LECTURE","Bibliothèques (Bi)",468,8]
[2011,"MAIL",30,"UNI MAIL","A","BI","BIBLIOTHEQUE, SALLE DE LECTURE","Bibliothèques (Bi)",468,8]
[2011,"MAIL",30,"UNI MAIL","A","BI","BIBLIOTHEQUE, SALLE DE LECTURE","Bibliothèques (Bi)",468,8]
[2011,"MAIL",30,"UNI MAIL","A","BI","BIBLIOTHEQUE, SALLE DE LECTURE","Bibliothèques (Bi)",468,8.5]
[2011,"MAIL",30,"UNI MAIL","A","BI","BIBLIOTHEQUE, SALLE DE LECTURE","Bibliothèques (Bi)",468,10]
[2011,"MAIL",30,"UNI MAIL","A","BI","BIBLIOTHEQUE, SALLE DE LECTURE","Bibliothèques (Bi)",468,10]
[2011,"MAIL",30,"UNI MAIL","A","BI","BIBLIOTHEQUE, SALLE DE LECTURE","Bibliothèques (Bi)",468,11.5]
[2011,"MAIL",30,"UNI MAIL","A","BI","BIBLIOTHEQUE, SALLE DE LECTURE","Bibliothèques (Bi)",468,11.5]
[2011,"MAIL",30,"UNI MAIL","A","BI","BIBLIOTHEQUE, SALLE DE LECTURE","Bibliothèques (Bi)",468,12]
[2011,"MAIL",30,"UNI MAIL","A","BI","BIBLIOTHEQUE, SALLE DE LECTURE","Bibliothèques (Bi)",468,15]
[2011,"MAIL",30,"UNI MAIL","A","BI","BIBLIOTHEQUE, SALLE DE LECTURE","Bibliothèques (Bi)",468,15.5]
[2011,"MAIL",30,"UNI MAIL","A","BI","BIBLIOTHEQUE, SALLE DE LECTURE","Bibliothèques (Bi)",468,51]
[2011,"MAIL",30,"UNI MAIL","A","BI","BIBLIOTHEQUE, SALLE DE LECTURE","Bibliothèques (Bi)",468,51]
[2011,"MAIL",30,"UNI MAIL","A","BI","BIBLIOTHEQUE, SALLE DE LECTURE","Bibliothèques (Bi)",468,65]
[2011,"MAIL",30,"UNI MAIL","A","BI","BIBLIOTHEQUE, SALLE DE LECTURE","Bibliothèques (Bi)",468,70]
[2011,"MAIL",30,"UNI MAIL","A","BI","BIBLIOTHEQUE, SALLE DE LECTURE","Bibliothèques (Bi)",468,84.5]
[2011,"MAIL",30,"UNI MAIL","A","BI","BIBLIOTHEQUE, SALLE DE LECTURE","Bibliothèques (Bi)",468,87.5]
[2011,"MAIL",30,"UNI MAIL","A","BI","BIBLIOTHEQUE, SALLE DE LECTURE","Bibliothèques (Bi)",468,90.5]
[2011,"MAIL",30,"UNI MAIL","A","BI","BIBLIOTHEQUE, SALLE DE LECTURE","Bibliothèques (Bi)",468,103.5]
[2011,"MAIL",30,"UNI MAIL","A","BI","BIBLIOTHEQUE, SALLE DE LECTURE","Bibliothèques (Bi)",468,169]
[2011,"MAIL",30,"UNI MAIL","A","BI","BIBLIOTHEQUE, SALLE DE LECTURE","Bibliothèques (Bi)",468,240]
[2011,"MAIL",30,"UNI MAIL","A","BI","BIBLIOTHEQUE, SALLE DE LECTURE","Bibliothèques (Bi)",468,364.5]
[2011,"MAIL",30,"UNI MAIL","A","BI","BIBLIOTHEQUE, SALLE DE LECTURE","Bibliothèques (Bi)",468,593]
[2011,"MAIL",30,"UNI MAIL","A","BI","BIBLIOTHEQUE, SALLE DE LECTURE","Bibliothèques (Bi)",468,692]
[2011,"MAIL",30,"UNI MAIL","A","BI","BIBLIOTHEQUE, SALLE DE LECTURE","Bibliothèques (Bi)",468,725.5]
[2011,"MAIL",30,"UNI MAIL","A","BI","BIBLIOTHEQUE, SALLE DE LECTURE","Bibliothèques (Bi)",468,1036]
[2011,"MAIL",30,"UNI MAIL","A","BI","BIBLIOTHEQUE, SALLE DE LECTURE","Bibliothèques (Bi)",468,1067]
[2011,"MAIL",30,"UNI MAIL","A","BI","BIBLIOTHEQUE, SALLE DE LECTURE","Bibliothèques (Bi)",468,1134]
[2011,"MAIL",30,"UNI MAIL","A","BI","BIBLIOTHEQUE, SALLE DE LECTURE","Bibliothèques (Bi)",468,1159]
[2011,"MAIL",30,"UNI MAIL","A","BU","BUREAU","Bureaux (Bü)",392,8.5]
[2011,"MAIL",30,"UNI MAIL","A","BU","BUREAU","Bureaux (Bü)",392,9.5]
[2011,"MAIL",30,"UNI MAIL","A","BU","BUREAU","Bureaux (Bü)",392,9.5]
[2011,"MAIL",30,"UNI MAIL","A","BU","BUREAU","Bureaux (Bü)",392,9.5]
[2011,"MAIL",30,"UNI MAIL","A","BU","BUREAU","Bureaux (Bü)",392,9.5]
[2011,"MAIL",30,"UNI MAIL","A","BU","BUREAU","Bureaux (Bü)",392,10]
[2011,"MAIL",30,"UNI MAIL","A","BU","BUREAU","Bureaux (Bü)",392,10]
[2011,"MAIL",30,"UNI MAIL","A","BU","BUREAU","Bureaux (Bü)",392,10]
[2011,"MAIL",30,"UNI MAIL","A","BU","BUREAU","Bureaux (Bü)",392,10]
[2011,"MAIL",30,"UNI MAIL","A","BU","BUREAU","Bureaux (Bü)",392,10]
[2011,"MAIL",30,"UNI MAIL","A","BU","BUREAU","Bureaux (Bü)",392,10]
[2011,"MAIL",30,"UNI MAIL","A","BU","BUREAU","Bureaux (Bü)",392,10.5]
[2011,"MAIL",30,"UNI MAIL","A","BU","BUREAU","Bureaux (Bü)",392,10.5]
[2011,"MAIL",30,"UNI MAIL","A","BU","BUREAU","Bureaux (Bü)",392,10.5]
[2011,"MAIL",30,"UNI MAIL","A","BU","BUREAU","Bureaux (Bü)",392,10.5]
[2011,"MAIL",30,"UNI MAIL","A","BU","BUREAU","Bureaux (Bü)",392,11]
[2011,"MAIL",30,"UNI MAIL","A","BU","BUREAU","Bureaux (Bü)",392,11]
[2011,"MAIL",30,"UNI MAIL","A","BU","BUREAU","Bureaux (Bü)",392,11.5]
[2011,"MAIL",30,"UNI MAIL","A","BU","BUREAU","Bureaux (Bü)",392,11.5]
[2011,"MAIL",30,"UNI MAIL","A","BU","BUREAU","Bureaux (Bü)",392,11.5]
[2011,"MAIL",30,"UNI MAIL","A","BU","BUREAU","Bureaux (Bü)",392,11.5]
[2011,"MAIL",30,"UNI MAIL","A","BU","BUREAU","Bureaux (Bü)",392,11.5]
[2011,"MAIL",30,"UNI MAIL","A","BU","BUREAU","Bureaux (Bü)",392,11.5]
[2011,"MAIL",30,"UNI MAIL","A","BU","BUREAU","Bureaux (Bü)",392,11.5]
[2011,"MAIL",30,"UNI MAIL","A","BU","BUREAU","Bureaux (Bü)",392,11.5]
[2011,"MAIL",30,"UNI MAIL","A","BU","BUREAU","Bureaux (Bü)",392,12]
[2011,"MAIL",30,"UNI MAIL","A","BU","BUREAU","Bureaux (Bü)",392,12]
[2011,"MAIL",30,"UNI MAIL","A","BU","BUREAU","Bureaux (Bü)",392,12]
[2011,"MAIL",30,"UNI MAIL","A","BU","BUREAU","Bureaux (Bü)",392,12]
[2011,"MAIL",30,"UNI MAIL","A","BU","BUREAU","Bureaux (Bü)",392,12]
[2011,"MAIL",30,"UNI MAIL","A","BU","BUREAU","Bureaux (Bü)",392,12.5]
[2011,"MAIL",30,"UNI MAIL","A","BU","BUREAU","Bureaux (Bü)",392,12.5]
[2011,"MAIL",30,"UNI MAIL","A","BU","BUREAU","Bureaux (Bü)",392,12.5]
[2011,"MAIL",30,"UNI MAIL","A","BU","BUREAU","Bureaux (Bü)",392,12.5]
[2011,"MAIL",30,"UNI MAIL","A","BU","BUREAU","Bureaux (Bü)",392,12.5]
[2011,"MAIL",30,"UNI MAIL","A","BU","BUREAU","Bureaux (Bü)",392,12.5]
[2011,"MAIL",30,"UNI MAIL","A","BU","BUREAU","Bureaux (Bü)",392,12.5]
[2011,"MAIL",30,"UNI MAIL","A","BU","BUREAU","Bureaux (Bü)",392,12.5]
[2011,"MAIL",30,"UNI MAIL","A","BU","BUREAU","Bureaux (Bü)",392,13]
[2011,"MAIL",30,"UNI MAIL","A","BU","BUREAU","Bureaux (Bü)",392,13]
[2011,"MAIL",30,"UNI MAIL","A","BU","BUREAU","Bureaux (Bü)",392,13]
[2011,"MAIL",30,"UNI MAIL","A","BU","BUREAU","Bureaux (Bü)",392,13]
[2011,"MAIL",30,"UNI MAIL","A","BU","BUREAU","Bureaux (Bü)",392,13]
[2011,"MAIL",30,"UNI MAIL","A","BU","BUREAU","Bureaux (Bü)",392,13]
[2011,"MAIL",30,"UNI MAIL","A","BU","BUREAU","Bureaux (Bü)",392,13]
[2011,"MAIL",30,"UNI MAIL","A","BU","BUREAU","Bureaux (Bü)",392,13]
[2011,"MAIL",30,"UNI MAIL","A","BU","BUREAU","Bureaux (Bü)",392,13]
[2011,"MAIL",30,"UNI MAIL","A","BU","BUREAU","Bureaux (Bü)",392,13]
[2011,"MAIL",30,"UNI MAIL","A","BU","BUREAU","Bureaux (Bü)",392,13]
[2011,"MAIL",30,"UNI MAIL","A","BU","BUREAU","Bureaux (Bü)",392,13]
[2011,"MAIL",30,"UNI MAIL","A","BU","BUREAU","Bureaux (Bü)",392,13]
[2011,"MAIL",30,"UNI MAIL","A","BU","BUREAU","Bureaux (Bü)",392,13]
[2011,"MAIL",30,"UNI MAIL","A","BU","BUREAU","Bureaux (Bü)",392,13]
[2011,"MAIL",30,"UNI MAIL","A","BU","BUREAU","Bureaux (Bü)",392,13]
[2011,"MAIL",30,"UNI MAIL","A","BU","BUREAU","Bureaux (Bü)",392,13]
[2011,"MAIL",30,"UNI MAIL","A","BU","BUREAU","Bureaux (Bü)",392,13]
[2011,"MAIL",30,"UNI MAIL","A","BU","BUREAU","Bureaux (Bü)",392,13]
[2011,"MAIL",30,"UNI MAIL","A","BU","BUREAU","Bureaux (Bü)",392,13]
[2011,"MAIL",30,"UNI MAIL","A","BU","BUREAU","Bureaux (Bü)",392,13]
[2011,"MAIL",30,"UNI MAIL","A","BU","BUREAU","Bureaux (Bü)",392,13]
[2011,"MAIL",30,"UNI MAIL","A","BU","BUREAU","Bureaux (Bü)",392,13]
[2011,"MAIL",30,"UNI MAIL","A","BU","BUREAU","Bureaux (Bü)",392,13]
[2011,"MAIL",30,"UNI MAIL","A","BU","BUREAU","Bureaux (Bü)",392,13]
[2011,"MAIL",30,"UNI MAIL","A","BU","BUREAU","Bureaux (Bü)",392,13]
[2011,"MAIL",30,"UNI MAIL","A","BU","BUREAU","Bureaux (Bü)",392,13]
[2011,"MAIL",30,"UNI MAIL","A","BU","BUREAU","Bureaux (Bü)",392,13.5]
[2011,"MAIL",30,"UNI MAIL","A","BU","BUREAU","Bureaux (Bü)",392,13.5]
[2011,"MAIL",30,"UNI MAIL","A","BU","BUREAU","Bureaux (Bü)",392,13.5]
[2011,"MAIL",30,"UNI MAIL","A","BU","BUREAU","Bureaux (Bü)",392,13.5]
[2011,"MAIL",30,"UNI MAIL","A","BU","BUREAU","Bureaux (Bü)",392,13.5]
[2011,"MAIL",30,"UNI MAIL","A","BU","BUREAU","Bureaux (Bü)",392,13.5]
[2011,"MAIL",30,"UNI MAIL","A","BU","BUREAU","Bureaux (Bü)",392,13.5]
[2011,"MAIL",30,"UNI MAIL","A","BU","BUREAU","Bureaux (Bü)",392,13.5]
[2011,"MAIL",30,"UNI MAIL","A","BU","BUREAU","Bureaux (Bü)",392,13.5]
[2011,"MAIL",30,"UNI MAIL","A","BU","BUREAU","Bureaux (Bü)",392,13.5]
[2011,"MAIL",30,"UNI MAIL","A","BU","BUREAU","Bureaux (Bü)",392,13.5]
[2011,"MAIL",30,"UNI MAIL","A","BU","BUREAU","Bureaux (Bü)",392,13.5]
[2011,"MAIL",30,"UNI MAIL","A","BU","BUREAU","Bureaux (Bü)",392,13.5]
[2011,"MAIL",30,"UNI MAIL","A","BU","BUREAU","Bureaux (Bü)",392,13.5]
[2011,"MAIL",30,"UNI MAIL","A","BU","BUREAU","Bureaux (Bü)",392,13.5]
[2011,"MAIL",30,"UNI MAIL","A","BU","BUREAU","Bureaux (Bü)",392,13.5]
[2011,"MAIL",30,"UNI MAIL","A","BU","BUREAU","Bureaux (Bü)",392,13.5]
[2011,"MAIL",30,"UNI MAIL","A","BU","BUREAU","Bureaux (Bü)",392,13.5]
[2011,"MAIL",30,"UNI MAIL","A","BU","BUREAU","Bureaux (Bü)",392,13.5]
[2011,"MAIL",30,"UNI MAIL","A","BU","BUREAU","Bureaux (Bü)",392,13.5]
[2011,"MAIL",30,"UNI MAIL","A","BU","BUREAU","Bureaux (Bü)",392,13.5]
[2011,"MAIL",30,"UNI MAIL","A","BU","BUREAU","Bureaux (Bü)",392,13.5]
[2011,"MAIL",30,"UNI MAIL","A","BU","BUREAU","Bureaux (Bü)",392,13.5]
[2011,"MAIL",30,"UNI MAIL","A","BU","BUREAU","Bureaux (Bü)",392,13.5]
[2011,"MAIL",30,"UNI MAIL","A","BU","BUREAU","Bureaux (Bü)",392,13.5]
[2011,"MAIL",30,"UNI MAIL","A","BU","BUREAU","Bureaux (Bü)",392,14]
[2011,"MAIL",30,"UNI MAIL","A","BU","BUREAU","Bureaux (Bü)",392,14]
[2011,"MAIL",30,"UNI MAIL","A","BU","BUREAU","Bureaux (Bü)",392,14.5]
[2011,"MAIL",30,"UNI MAIL","A","BU","BUREAU","Bureaux (Bü)",392,14.5]
[2011,"MAIL",30,"UNI MAIL","A","BU","BUREAU","Bureaux (Bü)",392,14.5]
[2011,"MAIL",30,"UNI MAIL","A","BU","BUREAU","Bureaux (Bü)",392,14.5]
[2011,"MAIL",30,"UNI MAIL","A","BU","BUREAU","Bureaux (Bü)",392,15]
[2011,"MAIL",30,"UNI MAIL","A","BU","BUREAU","Bureaux (Bü)",392,15]
[2011,"MAIL",30,"UNI MAIL","A","BU","BUREAU","Bureaux (Bü)",392,15]
[2011,"MAIL",30,"UNI MAIL","A","BU","BUREAU","Bureaux (Bü)",392,15]
[2011,"MAIL",30,"UNI MAIL","A","BU","BUREAU","Bureaux (Bü)",392,15]
[2011,"MAIL",30,"UNI MAIL","A","BU","BUREAU","Bureaux (Bü)",392,15]
[2011,"MAIL",30,"UNI MAIL","A","BU","BUREAU","Bureaux (Bü)",392,15]
[2011,"MAIL",30,"UNI MAIL","A","BU","BUREAU","Bureaux (Bü)",392,15]
[2011,"MAIL",30,"UNI MAIL","A","BU","BUREAU","Bureaux (Bü)",392,15]
[2011,"MAIL",30,"UNI MAIL","A","BU","BUREAU","Bureaux (Bü)",392,15]
[2011,"MAIL",30,"UNI MAIL","A","BU","BUREAU","Bureaux (Bü)",392,15]
[2011,"MAIL",30,"UNI MAIL","A","BU","BUREAU","Bureaux (Bü)",392,15]
[2011,"MAIL",30,"UNI MAIL","A","BU","BUREAU","Bureaux (Bü)",392,15]
[2011,"MAIL",30,"UNI MAIL","A","BU","BUREAU","Bureaux (Bü)",392,15]
[2011,"MAIL",30,"UNI MAIL","A","BU","BUREAU","Bureaux (Bü)",392,15]
[2011,"MAIL",30,"UNI MAIL","A","BU","BUREAU","Bureaux (Bü)",392,15]
[2011,"MAIL",30,"UNI MAIL","A","BU","BUREAU","Bureaux (Bü)",392,15]
[2011,"MAIL",30,"UNI MAIL","A","BU","BUREAU","Bureaux (Bü)",392,15]
[2011,"MAIL",30,"UNI MAIL","A","BU","BUREAU","Bureaux (Bü)",392,15]
[2011,"MAIL",30,"UNI MAIL","A","BU","BUREAU","Bureaux (Bü)",392,15]
[2011,"MAIL",30,"UNI MAIL","A","BU","BUREAU","Bureaux (Bü)",392,15]
[2011,"MAIL",30,"UNI MAIL","A","BU","BUREAU","Bureaux (Bü)",392,15]
[2011,"MAIL",30,"UNI MAIL","A","BU","BUREAU","Bureaux (Bü)",392,15]
[2011,"MAIL",30,"UNI MAIL","A","BU","BUREAU","Bureaux (Bü)",392,15]
[2011,"MAIL",30,"UNI MAIL","A","BU","BUREAU","Bureaux (Bü)",392,15]
[2011,"MAIL",30,"UNI MAIL","A","BU","BUREAU","Bureaux (Bü)",392,15]
[2011,"MAIL",30,"UNI MAIL","A","BU","BUREAU","Bureaux (Bü)",392,15]
[2011,"MAIL",30,"UNI MAIL","A","BU","BUREAU","Bureaux (Bü)",392,15]
[2011,"MAIL",30,"UNI MAIL","A","BU","BUREAU","Bureaux (Bü)",392,15]
[2011,"MAIL",30,"UNI MAIL","A","BU","BUREAU","Bureaux (Bü)",392,15]
[2011,"MAIL",30,"UNI MAIL","A","BU","BUREAU","Bureaux (Bü)",392,15]
[2011,"MAIL",30,"UNI MAIL","A","BU","BUREAU","Bureaux (Bü)",392,15]
[2011,"MAIL",30,"UNI MAIL","A","BU","BUREAU","Bureaux (Bü)",392,15]
[2011,"MAIL",30,"UNI MAIL","A","BU","BUREAU","Bureaux (Bü)",392,15]
[2011,"MAIL",30,"UNI MAIL","A","BU","BUREAU","Bureaux (Bü)",392,15]
[2011,"MAIL",30,"UNI MAIL","A","BU","BUREAU","Bureaux (Bü)",392,15]
[2011,"MAIL",30,"UNI MAIL","A","BU","BUREAU","Bureaux (Bü)",392,15]
[2011,"MAIL",30,"UNI MAIL","A","BU","BUREAU","Bureaux (Bü)",392,15]
[2011,"MAIL",30,"UNI MAIL","A","BU","BUREAU","Bureaux (Bü)",392,15]
[2011,"MAIL",30,"UNI MAIL","A","BU","BUREAU","Bureaux (Bü)",392,15]
[2011,"MAIL",30,"UNI MAIL","A","BU","BUREAU","Bureaux (Bü)",392,15]
[2011,"MAIL",30,"UNI MAIL","A","BU","BUREAU","Bureaux (Bü)",392,15]
[2011,"MAIL",30,"UNI MAIL","A","BU","BUREAU","Bureaux (Bü)",392,15]
[2011,"MAIL",30,"UNI MAIL","A","BU","BUREAU","Bureaux (Bü)",392,15]
[2011,"MAIL",30,"UNI MAIL","A","BU","BUREAU","Bureaux (Bü)",392,15]
[2011,"MAIL",30,"UNI MAIL","A","BU","BUREAU","Bureaux (Bü)",392,15]
[2011,"MAIL",30,"UNI MAIL","A","BU","BUREAU","Bureaux (Bü)",392,15]
[2011,"MAIL",30,"UNI MAIL","A","BU","BUREAU","Bureaux (Bü)",392,15]
[2011,"MAIL",30,"UNI MAIL","A","BU","BUREAU","Bureaux (Bü)",392,15]
[2011,"MAIL",30,"UNI MAIL","A","BU","BUREAU","Bureaux (Bü)",392,15]
[2011,"MAIL",30,"UNI MAIL","A","BU","BUREAU","Bureaux (Bü)",392,15]
[2011,"MAIL",30,"UNI MAIL","A","BU","BUREAU","Bureaux (Bü)",392,15]
[2011,"MAIL",30,"UNI MAIL","A","BU","BUREAU","Bureaux (Bü)",392,15]
[2011,"MAIL",30,"UNI MAIL","A","BU","BUREAU","Bureaux (Bü)",392,15]
[2011,"MAIL",30,"UNI MAIL","A","BU","BUREAU","Bureaux (Bü)",392,15]
[2011,"MAIL",30,"UNI MAIL","A","BU","BUREAU","Bureaux (Bü)",392,15]
[2011,"MAIL",30,"UNI MAIL","A","BU","BUREAU","Bureaux (Bü)",392,15]
[2011,"MAIL",30,"UNI MAIL","A","BU","BUREAU","Bureaux (Bü)",392,15]
[2011,"MAIL",30,"UNI MAIL","A","BU","BUREAU","Bureaux (Bü)",392,15]
[2011,"MAIL",30,"UNI MAIL","A","BU","BUREAU","Bureaux (Bü)",392,15]
[2011,"MAIL",30,"UNI MAIL","A","BU","BUREAU","Bureaux (Bü)",392,15]
[2011,"MAIL",30,"UNI MAIL","A","BU","BUREAU","Bureaux (Bü)",392,15]
[2011,"MAIL",30,"UNI MAIL","A","BU","BUREAU","Bureaux (Bü)",392,15]
[2011,"MAIL",30,"UNI MAIL","A","BU","BUREAU","Bureaux (Bü)",392,15]
[2011,"MAIL",30,"UNI MAIL","A","BU","BUREAU","Bureaux (Bü)",392,15]
[2011,"MAIL",30,"UNI MAIL","A","BU","BUREAU","Bureaux (Bü)",392,15]
[2011,"MAIL",30,"UNI MAIL","A","BU","BUREAU","Bureaux (Bü)",392,15]
[2011,"MAIL",30,"UNI MAIL","A","BU","BUREAU","Bureaux (Bü)",392,15]
[2011,"MAIL",30,"UNI MAIL","A","BU","BUREAU","Bureaux (Bü)",392,15]
[2011,"MAIL",30,"UNI MAIL","A","BU","BUREAU","Bureaux (Bü)",392,15]
[2011,"MAIL",30,"UNI MAIL","A","BU","BUREAU","Bureaux (Bü)",392,15]
[2011,"MAIL",30,"UNI MAIL","A","BU","BUREAU","Bureaux (Bü)",392,15]
[2011,"MAIL",30,"UNI MAIL","A","BU","BUREAU","Bureaux (Bü)",392,15]
[2011,"MAIL",30,"UNI MAIL","A","BU","BUREAU","Bureaux (Bü)",392,15]
[2011,"MAIL",30,"UNI MAIL","A","BU","BUREAU","Bureaux (Bü)",392,15]
[2011,"MAIL",30,"UNI MAIL","A","BU","BUREAU","Bureaux (Bü)",392,15]
[2011,"MAIL",30,"UNI MAIL","A","BU","BUREAU","Bureaux (Bü)",392,15]
[2011,"MAIL",30,"UNI MAIL","A","BU","BUREAU","Bureaux (Bü)",392,15]
[2011,"MAIL",30,"UNI MAIL","A","BU","BUREAU","Bureaux (Bü)",392,15]
[2011,"MAIL",30,"UNI MAIL","A","BU","BUREAU","Bureaux (Bü)",392,15]
[2011,"MAIL",30,"UNI MAIL","A","BU","BUREAU","Bureaux (Bü)",392,15]
[2011,"MAIL",30,"UNI MAIL","A","BU","BUREAU","Bureaux (Bü)",392,15]
[2011,"MAIL",30,"UNI MAIL","A","BU","BUREAU","Bureaux (Bü)",392,15]
[2011,"MAIL",30,"UNI MAIL","A","BU","BUREAU","Bureaux (Bü)",392,15]
[2011,"MAIL",30,"UNI MAIL","A","BU","BUREAU","Bureaux (Bü)",392,15]
[2011,"MAIL",30,"UNI MAIL","A","BU","BUREAU","Bureaux (Bü)",392,15]
[2011,"MAIL",30,"UNI MAIL","A","BU","BUREAU","Bureaux (Bü)",392,15]
[2011,"MAIL",30,"UNI MAIL","A","BU","BUREAU","Bureaux (Bü)",392,15]
[2011,"MAIL",30,"UNI MAIL","A","BU","BUREAU","Bureaux (Bü)",392,15]
[2011,"MAIL",30,"UNI MAIL","A","BU","BUREAU","Bureaux (Bü)",392,15]
[2011,"MAIL",30,"UNI MAIL","A","BU","BUREAU","Bureaux (Bü)",392,15]
[2011,"MAIL",30,"UNI MAIL","A","BU","BUREAU","Bureaux (Bü)",392,15]
[2011,"MAIL",30,"UNI MAIL","A","BU","BUREAU","Bureaux (Bü)",392,15]
[2011,"MAIL",30,"UNI MAIL","A","BU","BUREAU","Bureaux (Bü)",392,15]
[2011,"MAIL",30,"UNI MAIL","A","BU","BUREAU","Bureaux (Bü)",392,15]
[2011,"MAIL",30,"UNI MAIL","A","BU","BUREAU","Bureaux (Bü)",392,15]
[2011,"MAIL",30,"UNI MAIL","A","BU","BUREAU","Bureaux (Bü)",392,15]
[2011,"MAIL",30,"UNI MAIL","A","BU","BUREAU","Bureaux (Bü)",392,15]
[2011,"MAIL",30,"UNI MAIL","A","BU","BUREAU","Bureaux (Bü)",392,15]
[2011,"MAIL",30,"UNI MAIL","A","BU","BUREAU","Bureaux (Bü)",392,15]
[2011,"MAIL",30,"UNI MAIL","A","BU","BUREAU","Bureaux (Bü)",392,15]
[2011,"MAIL",30,"UNI MAIL","A","BU","BUREAU","Bureaux (Bü)",392,15]
[2011,"MAIL",30,"UNI MAIL","A","BU","BUREAU","Bureaux (Bü)",392,15]
[2011,"MAIL",30,"UNI MAIL","A","BU","BUREAU","Bureaux (Bü)",392,15]
[2011,"MAIL",30,"UNI MAIL","A","BU","BUREAU","Bureaux (Bü)",392,15]
[2011,"MAIL",30,"UNI MAIL","A","BU","BUREAU","Bureaux (Bü)",392,15]
[2011,"MAIL",30,"UNI MAIL","A","BU","BUREAU","Bureaux (Bü)",392,15]
[2011,"MAIL",30,"UNI MAIL","A","BU","BUREAU","Bureaux (Bü)",392,15]
[2011,"MAIL",30,"UNI MAIL","A","BU","BUREAU","Bureaux (Bü)",392,15]
[2011,"MAIL",30,"UNI MAIL","A","BU","BUREAU","Bureaux (Bü)",392,15]
[2011,"MAIL",30,"UNI MAIL","A","BU","BUREAU","Bureaux (Bü)",392,15.5]
[2011,"MAIL",30,"UNI MAIL","A","BU","BUREAU","Bureaux (Bü)",392,15.5]
[2011,"MAIL",30,"UNI MAIL","A","BU","BUREAU","Bureaux (Bü)",392,15.5]
[2011,"MAIL",30,"UNI MAIL","A","BU","BUREAU","Bureaux (Bü)",392,15.5]
[2011,"MAIL",30,"UNI MAIL","A","BU","BUREAU","Bureaux (Bü)",392,15.5]
[2011,"MAIL",30,"UNI MAIL","A","BU","BUREAU","Bureaux (Bü)",392,15.5]
[2011,"MAIL",30,"UNI MAIL","A","BU","BUREAU","Bureaux (Bü)",392,15.5]
[2011,"MAIL",30,"UNI MAIL","A","BU","BUREAU","Bureaux (Bü)",392,15.5]
[2011,"MAIL",30,"UNI MAIL","A","BU","BUREAU","Bureaux (Bü)",392,15.5]
[2011,"MAIL",30,"UNI MAIL","A","BU","BUREAU","Bureaux (Bü)",392,15.5]
[2011,"MAIL",30,"UNI MAIL","A","BU","BUREAU","Bureaux (Bü)",392,15.5]
[2011,"MAIL",30,"UNI MAIL","A","BU","BUREAU","Bureaux (Bü)",392,15.5]
[2011,"MAIL",30,"UNI MAIL","A","BU","BUREAU","Bureaux (Bü)",392,15.5]
[2011,"MAIL",30,"UNI MAIL","A","BU","BUREAU","Bureaux (Bü)",392,15.5]
[2011,"MAIL",30,"UNI MAIL","A","BU","BUREAU","Bureaux (Bü)",392,15.5]
[2011,"MAIL",30,"UNI MAIL","A","BU","BUREAU","Bureaux (Bü)",392,15.5]
[2011,"MAIL",30,"UNI MAIL","A","BU","BUREAU","Bureaux (Bü)",392,15.5]
[2011,"MAIL",30,"UNI MAIL","A","BU","BUREAU","Bureaux (Bü)",392,15.5]
[2011,"MAIL",30,"UNI MAIL","A","BU","BUREAU","Bureaux (Bü)",392,15.5]
[2011,"MAIL",30,"UNI MAIL","A","BU","BUREAU","Bureaux (Bü)",392,15.5]
[2011,"MAIL",30,"UNI MAIL","A","BU","BUREAU","Bureaux (Bü)",392,15.5]
[2011,"MAIL",30,"UNI MAIL","A","BU","BUREAU","Bureaux (Bü)",392,15.5]
[2011,"MAIL",30,"UNI MAIL","A","BU","BUREAU","Bureaux (Bü)",392,15.5]
[2011,"MAIL",30,"UNI MAIL","A","BU","BUREAU","Bureaux (Bü)",392,15.5]
[2011,"MAIL",30,"UNI MAIL","A","BU","BUREAU","Bureaux (Bü)",392,15.5]
[2011,"MAIL",30,"UNI MAIL","A","BU","BUREAU","Bureaux (Bü)",392,15.5]
[2011,"MAIL",30,"UNI MAIL","A","BU","BUREAU","Bureaux (Bü)",392,15.5]
[2011,"MAIL",30,"UNI MAIL","A","BU","BUREAU","Bureaux (Bü)",392,15.5]
[2011,"MAIL",30,"UNI MAIL","A","BU","BUREAU","Bureaux (Bü)",392,15.5]
[2011,"MAIL",30,"UNI MAIL","A","BU","BUREAU","Bureaux (Bü)",392,15.5]
[2011,"MAIL",30,"UNI MAIL","A","BU","BUREAU","Bureaux (Bü)",392,15.5]
[2011,"MAIL",30,"UNI MAIL","A","BU","BUREAU","Bureaux (Bü)",392,15.5]
[2011,"MAIL",30,"UNI MAIL","A","BU","BUREAU","Bureaux (Bü)",392,15.5]
[2011,"MAIL",30,"UNI MAIL","A","BU","BUREAU","Bureaux (Bü)",392,15.5]
[2011,"MAIL",30,"UNI MAIL","A","BU","BUREAU","Bureaux (Bü)",392,15.5]
[2011,"MAIL",30,"UNI MAIL","A","BU","BUREAU","Bureaux (Bü)",392,15.5]
[2011,"MAIL",30,"UNI MAIL","A","BU","BUREAU","Bureaux (Bü)",392,15.5]
[2011,"MAIL",30,"UNI MAIL","A","BU","BUREAU","Bureaux (Bü)",392,15.5]
[2011,"MAIL",30,"UNI MAIL","A","BU","BUREAU","Bureaux (Bü)",392,15.5]
[2011,"MAIL",30,"UNI MAIL","A","BU","BUREAU","Bureaux (Bü)",392,15.5]
[2011,"MAIL",30,"UNI MAIL","A","BU","BUREAU","Bureaux (Bü)",392,15.5]
[2011,"MAIL",30,"UNI MAIL","A","BU","BUREAU","Bureaux (Bü)",392,15.5]
[2011,"MAIL",30,"UNI MAIL","A","BU","BUREAU","Bureaux (Bü)",392,15.5]
[2011,"MAIL",30,"UNI MAIL","A","BU","BUREAU","Bureaux (Bü)",392,15.5]
[2011,"MAIL",30,"UNI MAIL","A","BU","BUREAU","Bureaux (Bü)",392,15.5]
[2011,"MAIL",30,"UNI MAIL","A","BU","BUREAU","Bureaux (Bü)",392,15.5]
[2011,"MAIL",30,"UNI MAIL","A","BU","BUREAU","Bureaux (Bü)",392,15.5]
[2011,"MAIL",30,"UNI MAIL","A","BU","BUREAU","Bureaux (Bü)",392,15.5]
[2011,"MAIL",30,"UNI MAIL","A","BU","BUREAU","Bureaux (Bü)",392,15.5]
[2011,"MAIL",30,"UNI MAIL","A","BU","BUREAU","Bureaux (Bü)",392,15.5]
[2011,"MAIL",30,"UNI MAIL","A","BU","BUREAU","Bureaux (Bü)",392,15.5]
[2011,"MAIL",30,"UNI MAIL","A","BU","BUREAU","Bureaux (Bü)",392,16]
[2011,"MAIL",30,"UNI MAIL","A","BU","BUREAU","Bureaux (Bü)",392,16]
[2011,"MAIL",30,"UNI MAIL","A","BU","BUREAU","Bureaux (Bü)",392,16]
[2011,"MAIL",30,"UNI MAIL","A","BU","BUREAU","Bureaux (Bü)",392,16]
[2011,"MAIL",30,"UNI MAIL","A","BU","BUREAU","Bureaux (Bü)",392,16]
[2011,"MAIL",30,"UNI MAIL","A","BU","BUREAU","Bureaux (Bü)",392,16]
[2011,"MAIL",30,"UNI MAIL","A","BU","BUREAU","Bureaux (Bü)",392,16]
[2011,"MAIL",30,"UNI MAIL","A","BU","BUREAU","Bureaux (Bü)",392,16]
[2011,"MAIL",30,"UNI MAIL","A","BU","BUREAU","Bureaux (Bü)",392,16]
[2011,"MAIL",30,"UNI MAIL","A","BU","BUREAU","Bureaux (Bü)",392,16]
[2011,"MAIL",30,"UNI MAIL","A","BU","BUREAU","Bureaux (Bü)",392,16]
[2011,"MAIL",30,"UNI MAIL","A","BU","BUREAU","Bureaux (Bü)",392,16]
[2011,"MAIL",30,"UNI MAIL","A","BU","BUREAU","Bureaux (Bü)",392,16]
[2011,"MAIL",30,"UNI MAIL","A","BU","BUREAU","Bureaux (Bü)",392,16]
[2011,"MAIL",30,"UNI MAIL","A","BU","BUREAU","Bureaux (Bü)",392,16]
[2011,"MAIL",30,"UNI MAIL","A","BU","BUREAU","Bureaux (Bü)",392,16]
[2011,"MAIL",30,"UNI MAIL","A","BU","BUREAU","Bureaux (Bü)",392,16]
[2011,"MAIL",30,"UNI MAIL","A","BU","BUREAU","Bureaux (Bü)",392,16]
[2011,"MAIL",30,"UNI MAIL","A","BU","BUREAU","Bureaux (Bü)",392,16]
[2011,"MAIL",30,"UNI MAIL","A","BU","BUREAU","Bureaux (Bü)",392,16]
[2011,"MAIL",30,"UNI MAIL","A","BU","BUREAU","Bureaux (Bü)",392,16]
[2011,"MAIL",30,"UNI MAIL","A","BU","BUREAU","Bureaux (Bü)",392,16]
[2011,"MAIL",30,"UNI MAIL","A","BU","BUREAU","Bureaux (Bü)",392,16]
[2011,"MAIL",30,"UNI MAIL","A","BU","BUREAU","Bureaux (Bü)",392,16]
[2011,"MAIL",30,"UNI MAIL","A","BU","BUREAU","Bureaux (Bü)",392,16]
[2011,"MAIL",30,"UNI MAIL","A","BU","BUREAU","Bureaux (Bü)",392,16]
[2011,"MAIL",30,"UNI MAIL","A","BU","BUREAU","Bureaux (Bü)",392,16]
[2011,"MAIL",30,"UNI MAIL","A","BU","BUREAU","Bureaux (Bü)",392,16]
[2011,"MAIL",30,"UNI MAIL","A","BU","BUREAU","Bureaux (Bü)",392,16]
[2011,"MAIL",30,"UNI MAIL","A","BU","BUREAU","Bureaux (Bü)",392,16]
[2011,"MAIL",30,"UNI MAIL","A","BU","BUREAU","Bureaux (Bü)",392,16]
[2011,"MAIL",30,"UNI MAIL","A","BU","BUREAU","Bureaux (Bü)",392,16]
[2011,"MAIL",30,"UNI MAIL","A","BU","BUREAU","Bureaux (Bü)",392,16]
[2011,"MAIL",30,"UNI MAIL","A","BU","BUREAU","Bureaux (Bü)",392,16]
[2011,"MAIL",30,"UNI MAIL","A","BU","BUREAU","Bureaux (Bü)",392,16]
[2011,"MAIL",30,"UNI MAIL","A","BU","BUREAU","Bureaux (Bü)",392,16]
[2011,"MAIL",30,"UNI MAIL","A","BU","BUREAU","Bureaux (Bü)",392,16]
[2011,"MAIL",30,"UNI MAIL","A","BU","BUREAU","Bureaux (Bü)",392,16]
[2011,"MAIL",30,"UNI MAIL","A","BU","BUREAU","Bureaux (Bü)",392,16]
[2011,"MAIL",30,"UNI MAIL","A","BU","BUREAU","Bureaux (Bü)",392,16]
[2011,"MAIL",30,"UNI MAIL","A","BU","BUREAU","Bureaux (Bü)",392,16]
[2011,"MAIL",30,"UNI MAIL","A","BU","BUREAU","Bureaux (Bü)",392,16]
[2011,"MAIL",30,"UNI MAIL","A","BU","BUREAU","Bureaux (Bü)",392,16]
[2011,"MAIL",30,"UNI MAIL","A","BU","BUREAU","Bureaux (Bü)",392,16]
[2011,"MAIL",30,"UNI MAIL","A","BU","BUREAU","Bureaux (Bü)",392,16]
[2011,"MAIL",30,"UNI MAIL","A","BU","BUREAU","Bureaux (Bü)",392,16]
[2011,"MAIL",30,"UNI MAIL","A","BU","BUREAU","Bureaux (Bü)",392,16]
[2011,"MAIL",30,"UNI MAIL","A","BU","BUREAU","Bureaux (Bü)",392,16]
[2011,"MAIL",30,"UNI MAIL","A","BU","BUREAU","Bureaux (Bü)",392,16]
[2011,"MAIL",30,"UNI MAIL","A","BU","BUREAU","Bureaux (Bü)",392,16]
[2011,"MAIL",30,"UNI MAIL","A","BU","BUREAU","Bureaux (Bü)",392,16]
[2011,"MAIL",30,"UNI MAIL","A","BU","BUREAU","Bureaux (Bü)",392,16]
[2011,"MAIL",30,"UNI MAIL","A","BU","BUREAU","Bureaux (Bü)",392,16]
[2011,"MAIL",30,"UNI MAIL","A","BU","BUREAU","Bureaux (Bü)",392,16]
[2011,"MAIL",30,"UNI MAIL","A","BU","BUREAU","Bureaux (Bü)",392,16]
[2011,"MAIL",30,"UNI MAIL","A","BU","BUREAU","Bureaux (Bü)",392,16]
[2011,"MAIL",30,"UNI MAIL","A","BU","BUREAU","Bureaux (Bü)",392,16]
[2011,"MAIL",30,"UNI MAIL","A","BU","BUREAU","Bureaux (Bü)",392,16]
[2011,"MAIL",30,"UNI MAIL","A","BU","BUREAU","Bureaux (Bü)",392,16]
[2011,"MAIL",30,"UNI MAIL","A","BU","BUREAU","Bureaux (Bü)",392,16]
[2011,"MAIL",30,"UNI MAIL","A","BU","BUREAU","Bureaux (Bü)",392,16]
[2011,"MAIL",30,"UNI MAIL","A","BU","BUREAU","Bureaux (Bü)",392,16]
[2011,"MAIL",30,"UNI MAIL","A","BU","BUREAU","Bureaux (Bü)",392,16]
[2011,"MAIL",30,"UNI MAIL","A","BU","BUREAU","Bureaux (Bü)",392,16]
[2011,"MAIL",30,"UNI MAIL","A","BU","BUREAU","Bureaux (Bü)",392,16]
[2011,"MAIL",30,"UNI MAIL","A","BU","BUREAU","Bureaux (Bü)",392,16]
[2011,"MAIL",30,"UNI MAIL","A","BU","BUREAU","Bureaux (Bü)",392,16]
[2011,"MAIL",30,"UNI MAIL","A","BU","BUREAU","Bureaux (Bü)",392,16]
[2011,"MAIL",30,"UNI MAIL","A","BU","BUREAU","Bureaux (Bü)",392,16]
[2011,"MAIL",30,"UNI MAIL","A","BU","BUREAU","Bureaux (Bü)",392,16]
[2011,"MAIL",30,"UNI MAIL","A","BU","BUREAU","Bureaux (Bü)",392,16]
[2011,"MAIL",30,"UNI MAIL","A","BU","BUREAU","Bureaux (Bü)",392,16]
[2011,"MAIL",30,"UNI MAIL","A","BU","BUREAU","Bureaux (Bü)",392,16]
[2011,"MAIL",30,"UNI MAIL","A","BU","BUREAU","Bureaux (Bü)",392,16]
[2011,"MAIL",30,"UNI MAIL","A","BU","BUREAU","Bureaux (Bü)",392,16]
[2011,"MAIL",30,"UNI MAIL","A","BU","BUREAU","Bureaux (Bü)",392,16]
[2011,"MAIL",30,"UNI MAIL","A","BU","BUREAU","Bureaux (Bü)",392,16]
[2011,"MAIL",30,"UNI MAIL","A","BU","BUREAU","Bureaux (Bü)",392,16]
[2011,"MAIL",30,"UNI MAIL","A","BU","BUREAU","Bureaux (Bü)",392,16]
[2011,"MAIL",30,"UNI MAIL","A","BU","BUREAU","Bureaux (Bü)",392,16]
[2011,"MAIL",30,"UNI MAIL","A","BU","BUREAU","Bureaux (Bü)",392,16]
[2011,"MAIL",30,"UNI MAIL","A","BU","BUREAU","Bureaux (Bü)",392,16]
[2011,"MAIL",30,"UNI MAIL","A","BU","BUREAU","Bureaux (Bü)",392,16]
[2011,"MAIL",30,"UNI MAIL","A","BU","BUREAU","Bureaux (Bü)",392,16]
[2011,"MAIL",30,"UNI MAIL","A","BU","BUREAU","Bureaux (Bü)",392,16]
[2011,"MAIL",30,"UNI MAIL","A","BU","BUREAU","Bureaux (Bü)",392,16]
[2011,"MAIL",30,"UNI MAIL","A","BU","BUREAU","Bureaux (Bü)",392,16]
[2011,"MAIL",30,"UNI MAIL","A","BU","BUREAU","Bureaux (Bü)",392,16]
[2011,"MAIL",30,"UNI MAIL","A","BU","BUREAU","Bureaux (Bü)",392,16]
[2011,"MAIL",30,"UNI MAIL","A","BU","BUREAU","Bureaux (Bü)",392,16]
[2011,"MAIL",30,"UNI MAIL","A","BU","BUREAU","Bureaux (Bü)",392,16]
[2011,"MAIL",30,"UNI MAIL","A","BU","BUREAU","Bureaux (Bü)",392,16]
[2011,"MAIL",30,"UNI MAIL","A","BU","BUREAU","Bureaux (Bü)",392,16]
[2011,"MAIL",30,"UNI MAIL","A","BU","BUREAU","Bureaux (Bü)",392,16]
[2011,"MAIL",30,"UNI MAIL","A","BU","BUREAU","Bureaux (Bü)",392,16]
[2011,"MAIL",30,"UNI MAIL","A","BU","BUREAU","Bureaux (Bü)",392,16]
[2011,"MAIL",30,"UNI MAIL","A","BU","BUREAU","Bureaux (Bü)",392,16]
[2011,"MAIL",30,"UNI MAIL","A","BU","BUREAU","Bureaux (Bü)",392,16]
[2011,"MAIL",30,"UNI MAIL","A","BU","BUREAU","Bureaux (Bü)",392,16]
[2011,"MAIL",30,"UNI MAIL","A","BU","BUREAU","Bureaux (Bü)",392,16]
[2011,"MAIL",30,"UNI MAIL","A","BU","BUREAU","Bureaux (Bü)",392,16]
[2011,"MAIL",30,"UNI MAIL","A","BU","BUREAU","Bureaux (Bü)",392,16]
[2011,"MAIL",30,"UNI MAIL","A","BU","BUREAU","Bureaux (Bü)",392,16]
[2011,"MAIL",30,"UNI MAIL","A","BU","BUREAU","Bureaux (Bü)",392,16]
[2011,"MAIL",30,"UNI MAIL","A","BU","BUREAU","Bureaux (Bü)",392,16]
[2011,"MAIL",30,"UNI MAIL","A","BU","BUREAU","Bureaux (Bü)",392,16]
[2011,"MAIL",30,"UNI MAIL","A","BU","BUREAU","Bureaux (Bü)",392,16]
[2011,"MAIL",30,"UNI MAIL","A","BU","BUREAU","Bureaux (Bü)",392,16]
[2011,"MAIL",30,"UNI MAIL","A","BU","BUREAU","Bureaux (Bü)",392,16]
[2011,"MAIL",30,"UNI MAIL","A","BU","BUREAU","Bureaux (Bü)",392,16]
[2011,"MAIL",30,"UNI MAIL","A","BU","BUREAU","Bureaux (Bü)",392,16]
[2011,"MAIL",30,"UNI MAIL","A","BU","BUREAU","Bureaux (Bü)",392,16]
[2011,"MAIL",30,"UNI MAIL","A","BU","BUREAU","Bureaux (Bü)",392,16]
[2011,"MAIL",30,"UNI MAIL","A","BU","BUREAU","Bureaux (Bü)",392,16]
[2011,"MAIL",30,"UNI MAIL","A","BU","BUREAU","Bureaux (Bü)",392,16]
[2011,"MAIL",30,"UNI MAIL","A","BU","BUREAU","Bureaux (Bü)",392,16]
[2011,"MAIL",30,"UNI MAIL","A","BU","BUREAU","Bureaux (Bü)",392,16]
[2011,"MAIL",30,"UNI MAIL","A","BU","BUREAU","Bureaux (Bü)",392,16]
[2011,"MAIL",30,"UNI MAIL","A","BU","BUREAU","Bureaux (Bü)",392,16]
[2011,"MAIL",30,"UNI MAIL","A","BU","BUREAU","Bureaux (Bü)",392,16]
[2011,"MAIL",30,"UNI MAIL","A","BU","BUREAU","Bureaux (Bü)",392,16]
[2011,"MAIL",30,"UNI MAIL","A","BU","BUREAU","Bureaux (Bü)",392,16]
[2011,"MAIL",30,"UNI MAIL","A","BU","BUREAU","Bureaux (Bü)",392,16]
[2011,"MAIL",30,"UNI MAIL","A","BU","BUREAU","Bureaux (Bü)",392,16]
[2011,"MAIL",30,"UNI MAIL","A","BU","BUREAU","Bureaux (Bü)",392,16]
[2011,"MAIL",30,"UNI MAIL","A","BU","BUREAU","Bureaux (Bü)",392,16]
[2011,"MAIL",30,"UNI MAIL","A","BU","BUREAU","Bureaux (Bü)",392,16]
[2011,"MAIL",30,"UNI MAIL","A","BU","BUREAU","Bureaux (Bü)",392,16]
[2011,"MAIL",30,"UNI MAIL","A","BU","BUREAU","Bureaux (Bü)",392,16]
[2011,"MAIL",30,"UNI MAIL","A","BU","BUREAU","Bureaux (Bü)",392,16]
[2011,"MAIL",30,"UNI MAIL","A","BU","BUREAU","Bureaux (Bü)",392,16]
[2011,"MAIL",30,"UNI MAIL","A","BU","BUREAU","Bureaux (Bü)",392,16]
[2011,"MAIL",30,"UNI MAIL","A","BU","BUREAU","Bureaux (Bü)",392,16]
[2011,"MAIL",30,"UNI MAIL","A","BU","BUREAU","Bureaux (Bü)",392,16]
[2011,"MAIL",30,"UNI MAIL","A","BU","BUREAU","Bureaux (Bü)",392,16]
[2011,"MAIL",30,"UNI MAIL","A","BU","BUREAU","Bureaux (Bü)",392,16]
[2011,"MAIL",30,"UNI MAIL","A","BU","BUREAU","Bureaux (Bü)",392,16]
[2011,"MAIL",30,"UNI MAIL","A","BU","BUREAU","Bureaux (Bü)",392,16]
[2011,"MAIL",30,"UNI MAIL","A","BU","BUREAU","Bureaux (Bü)",392,16]
[2011,"MAIL",30,"UNI MAIL","A","BU","BUREAU","Bureaux (Bü)",392,16]
[2011,"MAIL",30,"UNI MAIL","A","BU","BUREAU","Bureaux (Bü)",392,16]
[2011,"MAIL",30,"UNI MAIL","A","BU","BUREAU","Bureaux (Bü)",392,16]
[2011,"MAIL",30,"UNI MAIL","A","BU","BUREAU","Bureaux (Bü)",392,16]
[2011,"MAIL",30,"UNI MAIL","A","BU","BUREAU","Bureaux (Bü)",392,16]
[2011,"MAIL",30,"UNI MAIL","A","BU","BUREAU","Bureaux (Bü)",392,16]
[2011,"MAIL",30,"UNI MAIL","A","BU","BUREAU","Bureaux (Bü)",392,16]
[2011,"MAIL",30,"UNI MAIL","A","BU","BUREAU","Bureaux (Bü)",392,16]
[2011,"MAIL",30,"UNI MAIL","A","BU","BUREAU","Bureaux (Bü)",392,16]
[2011,"MAIL",30,"UNI MAIL","A","BU","BUREAU","Bureaux (Bü)",392,16]
[2011,"MAIL",30,"UNI MAIL","A","BU","BUREAU","Bureaux (Bü)",392,16]
[2011,"MAIL",30,"UNI MAIL","A","BU","BUREAU","Bureaux (Bü)",392,16]
[2011,"MAIL",30,"UNI MAIL","A","BU","BUREAU","Bureaux (Bü)",392,16]
[2011,"MAIL",30,"UNI MAIL","A","BU","BUREAU","Bureaux (Bü)",392,16]
[2011,"MAIL",30,"UNI MAIL","A","BU","BUREAU","Bureaux (Bü)",392,16]
[2011,"MAIL",30,"UNI MAIL","A","BU","BUREAU","Bureaux (Bü)",392,16]
[2011,"MAIL",30,"UNI MAIL","A","BU","BUREAU","Bureaux (Bü)",392,16]
[2011,"MAIL",30,"UNI MAIL","A","BU","BUREAU","Bureaux (Bü)",392,16]
[2011,"MAIL",30,"UNI MAIL","A","BU","BUREAU","Bureaux (Bü)",392,16]
[2011,"MAIL",30,"UNI MAIL","A","BU","BUREAU","Bureaux (Bü)",392,16]
[2011,"MAIL",30,"UNI MAIL","A","BU","BUREAU","Bureaux (Bü)",392,16]
[2011,"MAIL",30,"UNI MAIL","A","BU","BUREAU","Bureaux (Bü)",392,16]
[2011,"MAIL",30,"UNI MAIL","A","BU","BUREAU","Bureaux (Bü)",392,16]
[2011,"MAIL",30,"UNI MAIL","A","BU","BUREAU","Bureaux (Bü)",392,16]
[2011,"MAIL",30,"UNI MAIL","A","BU","BUREAU","Bureaux (Bü)",392,16]
[2011,"MAIL",30,"UNI MAIL","A","BU","BUREAU","Bureaux (Bü)",392,16]
[2011,"MAIL",30,"UNI MAIL","A","BU","BUREAU","Bureaux (Bü)",392,16]
[2011,"MAIL",30,"UNI MAIL","A","BU","BUREAU","Bureaux (Bü)",392,16]
[2011,"MAIL",30,"UNI MAIL","A","BU","BUREAU","Bureaux (Bü)",392,16]
[2011,"MAIL",30,"UNI MAIL","A","BU","BUREAU","Bureaux (Bü)",392,16]
[2011,"MAIL",30,"UNI MAIL","A","BU","BUREAU","Bureaux (Bü)",392,16]
[2011,"MAIL",30,"UNI MAIL","A","BU","BUREAU","Bureaux (Bü)",392,16]
[2011,"MAIL",30,"UNI MAIL","A","BU","BUREAU","Bureaux (Bü)",392,16]
[2011,"MAIL",30,"UNI MAIL","A","BU","BUREAU","Bureaux (Bü)",392,16]
[2011,"MAIL",30,"UNI MAIL","A","BU","BUREAU","Bureaux (Bü)",392,16.5]
[2011,"MAIL",30,"UNI MAIL","A","BU","BUREAU","Bureaux (Bü)",392,16.5]
[2011,"MAIL",30,"UNI MAIL","A","BU","BUREAU","Bureaux (Bü)",392,16.5]
[2011,"MAIL",30,"UNI MAIL","A","BU","BUREAU","Bureaux (Bü)",392,16.5]
[2011,"MAIL",30,"UNI MAIL","A","BU","BUREAU","Bureaux (Bü)",392,16.5]
[2011,"MAIL",30,"UNI MAIL","A","BU","BUREAU","Bureaux (Bü)",392,16.5]
[2011,"MAIL",30,"UNI MAIL","A","BU","BUREAU","Bureaux (Bü)",392,16.5]
[2011,"MAIL",30,"UNI MAIL","A","BU","BUREAU","Bureaux (Bü)",392,16.5]
[2011,"MAIL",30,"UNI MAIL","A","BU","BUREAU","Bureaux (Bü)",392,16.5]
[2011,"MAIL",30,"UNI MAIL","A","BU","BUREAU","Bureaux (Bü)",392,16.5]
[2011,"MAIL",30,"UNI MAIL","A","BU","BUREAU","Bureaux (Bü)",392,16.5]
[2011,"MAIL",30,"UNI MAIL","A","BU","BUREAU","Bureaux (Bü)",392,16.5]
[2011,"MAIL",30,"UNI MAIL","A","BU","BUREAU","Bureaux (Bü)",392,16.5]
[2011,"MAIL",30,"UNI MAIL","A","BU","BUREAU","Bureaux (Bü)",392,16.5]
[2011,"MAIL",30,"UNI MAIL","A","BU","BUREAU","Bureaux (Bü)",392,16.5]
[2011,"MAIL",30,"UNI MAIL","A","BU","BUREAU","Bureaux (Bü)",392,16.5]
[2011,"MAIL",30,"UNI MAIL","A","BU","BUREAU","Bureaux (Bü)",392,16.5]
[2011,"MAIL",30,"UNI MAIL","A","BU","BUREAU","Bureaux (Bü)",392,16.5]
[2011,"MAIL",30,"UNI MAIL","A","BU","BUREAU","Bureaux (Bü)",392,16.5]
[2011,"MAIL",30,"UNI MAIL","A","BU","BUREAU","Bureaux (Bü)",392,17]
[2011,"MAIL",30,"UNI MAIL","A","BU","BUREAU","Bureaux (Bü)",392,17]
[2011,"MAIL",30,"UNI MAIL","A","BU","BUREAU","Bureaux (Bü)",392,17]
[2011,"MAIL",30,"UNI MAIL","A","BU","BUREAU","Bureaux (Bü)",392,17]
[2011,"MAIL",30,"UNI MAIL","A","BU","BUREAU","Bureaux (Bü)",392,17]
[2011,"MAIL",30,"UNI MAIL","A","BU","BUREAU","Bureaux (Bü)",392,17]
[2011,"MAIL",30,"UNI MAIL","A","BU","BUREAU","Bureaux (Bü)",392,17]
[2011,"MAIL",30,"UNI MAIL","A","BU","BUREAU","Bureaux (Bü)",392,17.5]
[2011,"MAIL",30,"UNI MAIL","A","BU","BUREAU","Bureaux (Bü)",392,17.5]
[2011,"MAIL",30,"UNI MAIL","A","BU","BUREAU","Bureaux (Bü)",392,17.5]
[2011,"MAIL",30,"UNI MAIL","A","BU","BUREAU","Bureaux (Bü)",392,17.5]
[2011,"MAIL",30,"UNI MAIL","A","BU","BUREAU","Bureaux (Bü)",392,18]
[2011,"MAIL",30,"UNI MAIL","A","BU","BUREAU","Bureaux (Bü)",392,18]
[2011,"MAIL",30,"UNI MAIL","A","BU","BUREAU","Bureaux (Bü)",392,18]
[2011,"MAIL",30,"UNI MAIL","A","BU","BUREAU","Bureaux (Bü)",392,18]
[2011,"MAIL",30,"UNI MAIL","A","BU","BUREAU","Bureaux (Bü)",392,18]
[2011,"MAIL",30,"UNI MAIL","A","BU","BUREAU","Bureaux (Bü)",392,18.5]
[2011,"MAIL",30,"UNI MAIL","A","BU","BUREAU","Bureaux (Bü)",392,18.5]
[2011,"MAIL",30,"UNI MAIL","A","BU","BUREAU","Bureaux (Bü)",392,18.5]
[2011,"MAIL",30,"UNI MAIL","A","BU","BUREAU","Bureaux (Bü)",392,19]
[2011,"MAIL",30,"UNI MAIL","A","BU","BUREAU","Bureaux (Bü)",392,19]
[2011,"MAIL",30,"UNI MAIL","A","BU","BUREAU","Bureaux (Bü)",392,19]
[2011,"MAIL",30,"UNI MAIL","A","BU","BUREAU","Bureaux (Bü)",392,19]
[2011,"MAIL",30,"UNI MAIL","A","BU","BUREAU","Bureaux (Bü)",392,19]
[2011,"MAIL",30,"UNI MAIL","A","BU","BUREAU","Bureaux (Bü)",392,19.5]
[2011,"MAIL",30,"UNI MAIL","A","BU","BUREAU","Bureaux (Bü)",392,19.5]
[2011,"MAIL",30,"UNI MAIL","A","BU","BUREAU","Bureaux (Bü)",392,19.5]
[2011,"MAIL",30,"UNI MAIL","A","BU","BUREAU","Bureaux (Bü)",392,19.5]
[2011,"MAIL",30,"UNI MAIL","A","BU","BUREAU","Bureaux (Bü)",392,19.5]
[2011,"MAIL",30,"UNI MAIL","A","BU","BUREAU","Bureaux (Bü)",392,19.5]
[2011,"MAIL",30,"UNI MAIL","A","BU","BUREAU","Bureaux (Bü)",392,19.5]
[2011,"MAIL",30,"UNI MAIL","A","BU","BUREAU","Bureaux (Bü)",392,19.5]
[2011,"MAIL",30,"UNI MAIL","A","BU","BUREAU","Bureaux (Bü)",392,20.5]
[2011,"MAIL",30,"UNI MAIL","A","BU","BUREAU","Bureaux (Bü)",392,20.5]
[2011,"MAIL",30,"UNI MAIL","A","BU","BUREAU","Bureaux (Bü)",392,20.5]
[2011,"MAIL",30,"UNI MAIL","A","BU","BUREAU","Bureaux (Bü)",392,21.5]
[2011,"MAIL",30,"UNI MAIL","A","BU","BUREAU","Bureaux (Bü)",392,22]
[2011,"MAIL",30,"UNI MAIL","A","BU","BUREAU","Bureaux (Bü)",392,22]
[2011,"MAIL",30,"UNI MAIL","A","BU","BUREAU","Bureaux (Bü)",392,22]
[2011,"MAIL",30,"UNI MAIL","A","BU","BUREAU","Bureaux (Bü)",392,22.5]
[2011,"MAIL",30,"UNI MAIL","A","BU","BUREAU","Bureaux (Bü)",392,22.5]
[2011,"MAIL",30,"UNI MAIL","A","BU","BUREAU","Bureaux (Bü)",392,23]
[2011,"MAIL",30,"UNI MAIL","A","BU","BUREAU","Bureaux (Bü)",392,23]
[2011,"MAIL",30,"UNI MAIL","A","BU","BUREAU","Bureaux (Bü)",392,23]
[2011,"MAIL",30,"UNI MAIL","A","BU","BUREAU","Bureaux (Bü)",392,23]
[2011,"MAIL",30,"UNI MAIL","A","BU","BUREAU","Bureaux (Bü)",392,23]
[2011,"MAIL",30,"UNI MAIL","A","BU","BUREAU","Bureaux (Bü)",392,23]
[2011,"MAIL",30,"UNI MAIL","A","BU","BUREAU","Bureaux (Bü)",392,23]
[2011,"MAIL",30,"UNI MAIL","A","BU","BUREAU","Bureaux (Bü)",392,23]
[2011,"MAIL",30,"UNI MAIL","A","BU","BUREAU","Bureaux (Bü)",392,23]
[2011,"MAIL",30,"UNI MAIL","A","BU","BUREAU","Bureaux (Bü)",392,23]
[2011,"MAIL",30,"UNI MAIL","A","BU","BUREAU","Bureaux (Bü)",392,23]
[2011,"MAIL",30,"UNI MAIL","A","BU","BUREAU","Bureaux (Bü)",392,23]
[2011,"MAIL",30,"UNI MAIL","A","BU","BUREAU","Bureaux (Bü)",392,23]
[2011,"MAIL",30,"UNI MAIL","A","BU","BUREAU","Bureaux (Bü)",392,23]
[2011,"MAIL",30,"UNI MAIL","A","BU","BUREAU","Bureaux (Bü)",392,23]
[2011,"MAIL",30,"UNI MAIL","A","BU","BUREAU","Bureaux (Bü)",392,23]
[2011,"MAIL",30,"UNI MAIL","A","BU","BUREAU","Bureaux (Bü)",392,23]
[2011,"MAIL",30,"UNI MAIL","A","BU","BUREAU","Bureaux (Bü)",392,23]
[2011,"MAIL",30,"UNI MAIL","A","BU","BUREAU","Bureaux (Bü)",392,23]
[2011,"MAIL",30,"UNI MAIL","A","BU","BUREAU","Bureaux (Bü)",392,23]
[2011,"MAIL",30,"UNI MAIL","A","BU","BUREAU","Bureaux (Bü)",392,23]
[2011,"MAIL",30,"UNI MAIL","A","BU","BUREAU","Bureaux (Bü)",392,23.5]
[2011,"MAIL",30,"UNI MAIL","A","BU","BUREAU","Bureaux (Bü)",392,23.5]
[2011,"MAIL",30,"UNI MAIL","A","BU","BUREAU","Bureaux (Bü)",392,23.5]
[2011,"MAIL",30,"UNI MAIL","A","BU","BUREAU","Bureaux (Bü)",392,23.5]
[2011,"MAIL",30,"UNI MAIL","A","BU","BUREAU","Bureaux (Bü)",392,23.5]
[2011,"MAIL",30,"UNI MAIL","A","BU","BUREAU","Bureaux (Bü)",392,24]
[2011,"MAIL",30,"UNI MAIL","A","BU","BUREAU","Bureaux (Bü)",392,24]
[2011,"MAIL",30,"UNI MAIL","A","BU","BUREAU","Bureaux (Bü)",392,24]
[2011,"MAIL",30,"UNI MAIL","A","BU","BUREAU","Bureaux (Bü)",392,24]
[2011,"MAIL",30,"UNI MAIL","A","BU","BUREAU","Bureaux (Bü)",392,24]
[2011,"MAIL",30,"UNI MAIL","A","BU","BUREAU","Bureaux (Bü)",392,24]
[2011,"MAIL",30,"UNI MAIL","A","BU","BUREAU","Bureaux (Bü)",392,24]
[2011,"MAIL",30,"UNI MAIL","A","BU","BUREAU","Bureaux (Bü)",392,24]
[2011,"MAIL",30,"UNI MAIL","A","BU","BUREAU","Bureaux (Bü)",392,24]
[2011,"MAIL",30,"UNI MAIL","A","BU","BUREAU","Bureaux (Bü)",392,24]
[2011,"MAIL",30,"UNI MAIL","A","BU","BUREAU","Bureaux (Bü)",392,24]
[2011,"MAIL",30,"UNI MAIL","A","BU","BUREAU","Bureaux (Bü)",392,24]
[2011,"MAIL",30,"UNI MAIL","A","BU","BUREAU","Bureaux (Bü)",392,24]
[2011,"MAIL",30,"UNI MAIL","A","BU","BUREAU","Bureaux (Bü)",392,24]
[2011,"MAIL",30,"UNI MAIL","A","BU","BUREAU","Bureaux (Bü)",392,24]
[2011,"MAIL",30,"UNI MAIL","A","BU","BUREAU","Bureaux (Bü)",392,24.5]
[2011,"MAIL",30,"UNI MAIL","A","BU","BUREAU","Bureaux (Bü)",392,24.5]
[2011,"MAIL",30,"UNI MAIL","A","BU","BUREAU","Bureaux (Bü)",392,24.5]
[2011,"MAIL",30,"UNI MAIL","A","BU","BUREAU","Bureaux (Bü)",392,24.5]
[2011,"MAIL",30,"UNI MAIL","A","BU","BUREAU","Bureaux (Bü)",392,24.5]
[2011,"MAIL",30,"UNI MAIL","A","BU","BUREAU","Bureaux (Bü)",392,24.5]
[2011,"MAIL",30,"UNI MAIL","A","BU","BUREAU","Bureaux (Bü)",392,24.5]
[2011,"MAIL",30,"UNI MAIL","A","BU","BUREAU","Bureaux (Bü)",392,24.5]
[2011,"MAIL",30,"UNI MAIL","A","BU","BUREAU","Bureaux (Bü)",392,24.5]
[2011,"MAIL",30,"UNI MAIL","A","BU","BUREAU","Bureaux (Bü)",392,24.5]
[2011,"MAIL",30,"UNI MAIL","A","BU","BUREAU","Bureaux (Bü)",392,24.5]
[2011,"MAIL",30,"UNI MAIL","A","BU","BUREAU","Bureaux (Bü)",392,24.5]
[2011,"MAIL",30,"UNI MAIL","A","BU","BUREAU","Bureaux (Bü)",392,24.5]
[2011,"MAIL",30,"UNI MAIL","A","BU","BUREAU","Bureaux (Bü)",392,24.5]
[2011,"MAIL",30,"UNI MAIL","A","BU","BUREAU","Bureaux (Bü)",392,25]
[2011,"MAIL",30,"UNI MAIL","A","BU","BUREAU","Bureaux (Bü)",392,25]
[2011,"MAIL",30,"UNI MAIL","A","BU","BUREAU","Bureaux (Bü)",392,25]
[2011,"MAIL",30,"UNI MAIL","A","BU","BUREAU","Bureaux (Bü)",392,25]
[2011,"MAIL",30,"UNI MAIL","A","BU","BUREAU","Bureaux (Bü)",392,25]
[2011,"MAIL",30,"UNI MAIL","A","BU","BUREAU","Bureaux (Bü)",392,26]
[2011,"MAIL",30,"UNI MAIL","A","BU","BUREAU","Bureaux (Bü)",392,28]
[2011,"MAIL",30,"UNI MAIL","A","BU","BUREAU","Bureaux (Bü)",392,28]
[2011,"MAIL",30,"UNI MAIL","A","BU","BUREAU","Bureaux (Bü)",392,28]
[2011,"MAIL",30,"UNI MAIL","A","BU","BUREAU","Bureaux (Bü)",392,29]
[2011,"MAIL",30,"UNI MAIL","A","BU","BUREAU","Bureaux (Bü)",392,29]
[2011,"MAIL",30,"UNI MAIL","A","BU","BUREAU","Bureaux (Bü)",392,29]
[2011,"MAIL",30,"UNI MAIL","A","BU","BUREAU","Bureaux (Bü)",392,30]
[2011,"MAIL",30,"UNI MAIL","A","BU","BUREAU","Bureaux (Bü)",392,30.5]
[2011,"MAIL",30,"UNI MAIL","A","BU","BUREAU","Bureaux (Bü)",392,31]
[2011,"MAIL",30,"UNI MAIL","A","BU","BUREAU","Bureaux (Bü)",392,31]
[2011,"MAIL",30,"UNI MAIL","A","BU","BUREAU","Bureaux (Bü)",392,31]
[2011,"MAIL",30,"UNI MAIL","A","BU","BUREAU","Bureaux (Bü)",392,31]
[2011,"MAIL",30,"UNI MAIL","A","BU","BUREAU","Bureaux (Bü)",392,31.5]
[2011,"MAIL",30,"UNI MAIL","A","BU","BUREAU","Bureaux (Bü)",392,31.5]
[2011,"MAIL",30,"UNI MAIL","A","BU","BUREAU","Bureaux (Bü)",392,31.5]
[2011,"MAIL",30,"UNI MAIL","A","BU","BUREAU","Bureaux (Bü)",392,31.5]
[2011,"MAIL",30,"UNI MAIL","A","BU","BUREAU","Bureaux (Bü)",392,31.5]
[2011,"MAIL",30,"UNI MAIL","A","BU","BUREAU","Bureaux (Bü)",392,31.5]
[2011,"MAIL",30,"UNI MAIL","A","BU","BUREAU","Bureaux (Bü)",392,32]
[2011,"MAIL",30,"UNI MAIL","A","BU","BUREAU","Bureaux (Bü)",392,32.5]
[2011,"MAIL",30,"UNI MAIL","A","BU","BUREAU","Bureaux (Bü)",392,32.5]
[2011,"MAIL",30,"UNI MAIL","A","BU","BUREAU","Bureaux (Bü)",392,33]
[2011,"MAIL",30,"UNI MAIL","A","BU","BUREAU","Bureaux (Bü)",392,33.5]
[2011,"MAIL",30,"UNI MAIL","A","BU","BUREAU","Bureaux (Bü)",392,33.5]
[2011,"MAIL",30,"UNI MAIL","A","BU","BUREAU","Bureaux (Bü)",392,33.5]
[2011,"MAIL",30,"UNI MAIL","A","BU","BUREAU","Bureaux (Bü)",392,35.5]
[2011,"MAIL",30,"UNI MAIL","A","BU","BUREAU","Bureaux (Bü)",392,36]
[2011,"MAIL",30,"UNI MAIL","A","BU","BUREAU","Bureaux (Bü)",392,36]
[2011,"MAIL",30,"UNI MAIL","A","BU","BUREAU","Bureaux (Bü)",392,36]
[2011,"MAIL",30,"UNI MAIL","A","BU","BUREAU","Bureaux (Bü)",392,37]
[2011,"MAIL",30,"UNI MAIL","A","BU","BUREAU","Bureaux (Bü)",392,37]
[2011,"MAIL",30,"UNI MAIL","A","BU","BUREAU","Bureaux (Bü)",392,38]
[2011,"MAIL",30,"UNI MAIL","A","BU","BUREAU","Bureaux (Bü)",392,38]
[2011,"MAIL",30,"UNI MAIL","A","BU","BUREAU","Bureaux (Bü)",392,39]
[2011,"MAIL",30,"UNI MAIL","A","BU","BUREAU","Bureaux (Bü)",392,39]
[2011,"MAIL",30,"UNI MAIL","A","BU","BUREAU","Bureaux (Bü)",392,40]
[2011,"MAIL",30,"UNI MAIL","A","BU","BUREAU","Bureaux (Bü)",392,45]
[2011,"MAIL",30,"UNI MAIL","A","BU","BUREAU","Bureaux (Bü)",392,45.5]
[2011,"MAIL",30,"UNI MAIL","A","BU","BUREAU","Bureaux (Bü)",392,46]
[2011,"MAIL",30,"UNI MAIL","A","BU","BUREAU","Bureaux (Bü)",392,48.5]
[2011,"MAIL",30,"UNI MAIL","A","BU","BUREAU","Bureaux (Bü)",392,51.5]
[2011,"MAIL",30,"UNI MAIL","A","BU","BUREAU","Bureaux (Bü)",392,56.5]
[2011,"MAIL",30,"UNI MAIL","A","CA","CAFETERIA","Locaux du domaine social (So)",430,7.5]
[2011,"MAIL",30,"UNI MAIL","A","CA","CAFETERIA","Locaux du domaine social (So)",430,8]
[2011,"MAIL",30,"UNI MAIL","A","CA","CAFETERIA","Locaux du domaine social (So)",430,8.6999999999999993]
[2011,"MAIL",30,"UNI MAIL","A","CA","CAFETERIA","Locaux du domaine social (So)",430,9.3000000000000007]
[2011,"MAIL",30,"UNI MAIL","A","CA","CAFETERIA","Locaux du domaine social (So)",430,9.3000000000000007]
[2011,"MAIL",30,"UNI MAIL","A","CA","CAFETERIA","Locaux du domaine social (So)",430,15.5]
[2011,"MAIL",30,"UNI MAIL","A","CA","CAFETERIA","Locaux du domaine social (So)",430,16]
[2011,"MAIL",30,"UNI MAIL","A","CA","CAFETERIA","Locaux du domaine social (So)",430,18]
[2011,"MAIL",30,"UNI MAIL","A","CA","CAFETERIA","Locaux du domaine social (So)",430,26.5]
[2011,"MAIL",30,"UNI MAIL","A","CA","CAFETERIA","Locaux du domaine social (So)",430,29]
[2011,"MAIL",30,"UNI MAIL","A","CA","CAFETERIA","Locaux du domaine social (So)",430,51.5]
[2011,"MAIL",30,"UNI MAIL","A","CA","CAFETERIA","Locaux du domaine social (So)",430,57.5]
[2011,"MAIL",30,"UNI MAIL","A","CA","CAFETERIA","Locaux du domaine social (So)",430,80]
[2011,"MAIL",30,"UNI MAIL","A","CA","CAFETERIA","Locaux du domaine social (So)",430,83.5]
[2011,"MAIL",30,"UNI MAIL","A","CA","CAFETERIA","Locaux du domaine social (So)",430,104]
[2011,"MAIL",30,"UNI MAIL","A","CA","CAFETERIA","Locaux du domaine social (So)",430,104]
[2011,"MAIL",30,"UNI MAIL","A","CA","CAFETERIA","Locaux du domaine social (So)",430,128]
[2011,"MAIL",30,"UNI MAIL","A","CA","CAFETERIA","Locaux du domaine social (So)",430,210]
[2011,"MAIL",30,"UNI MAIL","A","CA","CAFETERIA","Locaux du domaine social (So)",430,220]
[2011,"MAIL",30,"UNI MAIL","A","CA","CAFETERIA","Locaux du domaine social (So)",430,339]
[2011,"MAIL",30,"UNI MAIL","A","CO","COULOIR","Local fictif - sans coût",0,6.5]
[2011,"MAIL",30,"UNI MAIL","A","CS","COMPACTUS","Archivage et surfaces d'entreposage (Ar)",196,38.5]
[2011,"MAIL",30,"UNI MAIL","A","CS","COMPACTUS","Archivage et surfaces d'entreposage (Ar)",196,38.5]
[2011,"MAIL",30,"UNI MAIL","A","CS","COMPACTUS","Archivage et surfaces d'entreposage (Ar)",196,38.5]
[2011,"MAIL",30,"UNI MAIL","A","CS","COMPACTUS","Archivage et surfaces d'entreposage (Ar)",196,68.5]
[2011,"MAIL",30,"UNI MAIL","A","CS","COMPACTUS","Archivage et surfaces d'entreposage (Ar)",196,68.5]
[2011,"MAIL",30,"UNI MAIL","A","CS","COMPACTUS","Archivage et surfaces d'entreposage (Ar)",196,73.5]
[2011,"MAIL",30,"UNI MAIL","A","CS","COMPACTUS","Archivage et surfaces d'entreposage (Ar)",196,202.5]
[2011,"MAIL",30,"UNI MAIL","A","DP","DEPOT","Archivage et surfaces d'entreposage (Ar)",196,5]
[2011,"MAIL",30,"UNI MAIL","A","DP","DEPOT","Archivage et surfaces d'entreposage (Ar)",196,5.5]
[2011,"MAIL",30,"UNI MAIL","A","DP","DEPOT","Archivage et surfaces d'entreposage (Ar)",196,6]
[2011,"MAIL",30,"UNI MAIL","A","DP","DEPOT","Archivage et surfaces d'entreposage (Ar)",196,10]
[2011,"MAIL",30,"UNI MAIL","A","DP","DEPOT","Archivage et surfaces d'entreposage (Ar)",196,31]
[2011,"MAIL",30,"UNI MAIL","A","DP","DEPOT","Archivage et surfaces d'entreposage (Ar)",196,31]
[2011,"MAIL",30,"UNI MAIL","A","DP","DEPOT","Archivage et surfaces d'entreposage (Ar)",196,31]
[2011,"MAIL",30,"UNI MAIL","A","DP","DEPOT","Archivage et surfaces d'entreposage (Ar)",196,66]
[2011,"MAIL",30,"UNI MAIL","A","DP","DEPOT","Archivage et surfaces d'entreposage (Ar)",196,69.5]
[2011,"MAIL",30,"UNI MAIL","A","DP","DEPOT","Archivage et surfaces d'entreposage (Ar)",196,69.5]
[2011,"MAIL",30,"UNI MAIL","A","DV","DIVERS","Local fictif - sans coût",0,124]
[2011,"MAIL",30,"UNI MAIL","A","DV","DIVERS","Local fictif - sans coût",0,311.5]
[2011,"MAIL",30,"UNI MAIL","A","EC","ECONOMAT","Archivage et surfaces d'entreposage (Ar)",196,29]
[2011,"MAIL",30,"UNI MAIL","A","LR","LABORATOIRE DE RECHERCHE","Laboratoires (La)",805,4]
[2011,"MAIL",30,"UNI MAIL","A","LR","LABORATOIRE DE RECHERCHE","Laboratoires (La)",805,4]
[2011,"MAIL",30,"UNI MAIL","A","LR","LABORATOIRE DE RECHERCHE","Laboratoires (La)",805,5.5]
[2011,"MAIL",30,"UNI MAIL","A","LR","LABORATOIRE DE RECHERCHE","Laboratoires (La)",805,5.5]
[2011,"MAIL",30,"UNI MAIL","A","LR","LABORATOIRE DE RECHERCHE","Laboratoires (La)",805,7]
[2011,"MAIL",30,"UNI MAIL","A","LR","LABORATOIRE DE RECHERCHE","Laboratoires (La)",805,7]
[2011,"MAIL",30,"UNI MAIL","A","LR","LABORATOIRE DE RECHERCHE","Laboratoires (La)",805,7.5]
[2011,"MAIL",30,"UNI MAIL","A","LR","LABORATOIRE DE RECHERCHE","Laboratoires (La)",805,8.5]
[2011,"MAIL",30,"UNI MAIL","A","LR","LABORATOIRE DE RECHERCHE","Laboratoires (La)",805,9]
[2011,"MAIL",30,"UNI MAIL","A","LR","LABORATOIRE DE RECHERCHE","Laboratoires (La)",805,9]
[2011,"MAIL",30,"UNI MAIL","A","LR","LABORATOIRE DE RECHERCHE","Laboratoires (La)",805,9.5]
[2011,"MAIL",30,"UNI MAIL","A","LR","LABORATOIRE DE RECHERCHE","Laboratoires (La)",805,10.5]
[2011,"MAIL",30,"UNI MAIL","A","LR","LABORATOIRE DE RECHERCHE","Laboratoires (La)",805,11]
[2011,"MAIL",30,"UNI MAIL","A","LR","LABORATOIRE DE RECHERCHE","Laboratoires (La)",805,11]
[2011,"MAIL",30,"UNI MAIL","A","LR","LABORATOIRE DE RECHERCHE","Laboratoires (La)",805,12.5]
[2011,"MAIL",30,"UNI MAIL","A","LR","LABORATOIRE DE RECHERCHE","Laboratoires (La)",805,12.5]
[2011,"MAIL",30,"UNI MAIL","A","LR","LABORATOIRE DE RECHERCHE","Laboratoires (La)",805,15.5]
[2011,"MAIL",30,"UNI MAIL","A","LR","LABORATOIRE DE RECHERCHE","Laboratoires (La)",805,15.5]
[2011,"MAIL",30,"UNI MAIL","A","LR","LABORATOIRE DE RECHERCHE","Laboratoires (La)",805,15.5]
[2011,"MAIL",30,"UNI MAIL","A","LR","LABORATOIRE DE RECHERCHE","Laboratoires (La)",805,18]
[2011,"MAIL",30,"UNI MAIL","A","LR","LABORATOIRE DE RECHERCHE","Laboratoires (La)",805,21.5]
[2011,"MAIL",30,"UNI MAIL","A","LR","LABORATOIRE DE RECHERCHE","Laboratoires (La)",805,22.5]
[2011,"MAIL",30,"UNI MAIL","A","LR","LABORATOIRE DE RECHERCHE","Laboratoires (La)",805,24.5]
[2011,"MAIL",30,"UNI MAIL","A","LR","LABORATOIRE DE RECHERCHE","Laboratoires (La)",805,24.5]
[2011,"MAIL",30,"UNI MAIL","A","LR","LABORATOIRE DE RECHERCHE","Laboratoires (La)",805,25]
[2011,"MAIL",30,"UNI MAIL","A","LR","LABORATOIRE DE RECHERCHE","Laboratoires (La)",805,25]
[2011,"MAIL",30,"UNI MAIL","A","LR","LABORATOIRE DE RECHERCHE","Laboratoires (La)",805,33]
[2011,"MAIL",30,"UNI MAIL","A","LT","LABORATOIRE DE TRAVAUX PRATIQUES","Laboratoires (La)",805,19.5]
[2011,"MAIL",30,"UNI MAIL","A","LT","LABORATOIRE DE TRAVAUX PRATIQUES","Laboratoires (La)",805,29]
[2011,"MAIL",30,"UNI MAIL","A","LT","LABORATOIRE DE TRAVAUX PRATIQUES","Laboratoires (La)",805,50.5]
[2011,"MAIL",30,"UNI MAIL","A","MT","MEDIATHEQUE","Bibliothèques (Bi)",468,12.5]
[2011,"MAIL",30,"UNI MAIL","A","MT","MEDIATHEQUE","Bibliothèques (Bi)",468,19.5]
[2011,"MAIL",30,"UNI MAIL","A","MT","MEDIATHEQUE","Bibliothèques (Bi)",468,20]
[2011,"MAIL",30,"UNI MAIL","A","MT","MEDIATHEQUE","Bibliothèques (Bi)",468,25.5]
[2011,"MAIL",30,"UNI MAIL","A","MT","MEDIATHEQUE","Bibliothèques (Bi)",468,104.5]
[2011,"MAIL",30,"UNI MAIL","A","PC","SALLE DE TERMINAUX","Laboratoires (La)",805,51]
[2011,"MAIL",30,"UNI MAIL","A","PC","SALLE DE TERMINAUX","Laboratoires (La)",805,51]
[2011,"MAIL",30,"UNI MAIL","A","PC","SALLE DE TERMINAUX","Laboratoires (La)",805,51]
[2011,"MAIL",30,"UNI MAIL","A","PC","SALLE DE TERMINAUX","Laboratoires (La)",805,51]
[2011,"MAIL",30,"UNI MAIL","A","PC","SALLE DE TERMINAUX","Laboratoires (La)",805,83.5]
[2011,"MAIL",30,"UNI MAIL","A","PC","SALLE DE TERMINAUX","Laboratoires (La)",805,87.5]
[2011,"MAIL",30,"UNI MAIL","A","PC","SALLE DE TERMINAUX","Laboratoires (La)",805,103.5]
[2011,"MAIL",30,"UNI MAIL","A","PC","SALLE DE TERMINAUX","Laboratoires (La)",805,112]
[2011,"MAIL",30,"UNI MAIL","A","RE","SALLE DE REUNION","Salles d'enseignement (UR)",392,21]
[2011,"MAIL",30,"UNI MAIL","A","RE","SALLE DE REUNION","Salles d'enseignement (UR)",392,21.5]
[2011,"MAIL",30,"UNI MAIL","A","RE","SALLE DE REUNION","Salles d'enseignement (UR)",392,22.5]
[2011,"MAIL",30,"UNI MAIL","A","RE","SALLE DE REUNION","Salles d'enseignement (UR)",392,27.5]
[2011,"MAIL",30,"UNI MAIL","A","RE","SALLE DE REUNION","Salles d'enseignement (UR)",392,31]
[2011,"MAIL",30,"UNI MAIL","A","RE","SALLE DE REUNION","Salles d'enseignement (UR)",392,31]
[2011,"MAIL",30,"UNI MAIL","A","RE","SALLE DE REUNION","Salles d'enseignement (UR)",392,31.5]
[2011,"MAIL",30,"UNI MAIL","A","RE","SALLE DE REUNION","Salles d'enseignement (UR)",392,37]
[2011,"MAIL",30,"UNI MAIL","A","RE","SALLE DE REUNION","Salles d'enseignement (UR)",392,40]
[2011,"MAIL",30,"UNI MAIL","A","RE","SALLE DE REUNION","Salles d'enseignement (UR)",392,43]
[2011,"MAIL",30,"UNI MAIL","A","RE","SALLE DE REUNION","Salles d'enseignement (UR)",392,45]
[2011,"MAIL",30,"UNI MAIL","A","RE","SALLE DE REUNION","Salles d'enseignement (UR)",392,45.5]
[2011,"MAIL",30,"UNI MAIL","A","RE","SALLE DE REUNION","Salles d'enseignement (UR)",392,45.5]
[2011,"MAIL",30,"UNI MAIL","A","RE","SALLE DE REUNION","Salles d'enseignement (UR)",392,49.5]
[2011,"MAIL",30,"UNI MAIL","A","RE","SALLE DE REUNION","Salles d'enseignement (UR)",392,50.5]
[2011,"MAIL",30,"UNI MAIL","A","RE","SALLE DE REUNION","Salles d'enseignement (UR)",392,51.5]
[2011,"MAIL",30,"UNI MAIL","A","RE","SALLE DE REUNION","Salles d'enseignement (UR)",392,52.5]
[2011,"MAIL",30,"UNI MAIL","A","RE","SALLE DE REUNION","Salles d'enseignement (UR)",392,61]
[2011,"MAIL",30,"UNI MAIL","A","RE","SALLE DE REUNION","Salles d'enseignement (UR)",392,62.5]
[2011,"MAIL",30,"UNI MAIL","A","RE","SALLE DE REUNION","Salles d'enseignement (UR)",392,66]
[2011,"MAIL",30,"UNI MAIL","A","SA","SANITAIRE","Local fictif - sans coût",0,2]
[2011,"MAIL",30,"UNI MAIL","A","SA","SANITAIRE","Local fictif - sans coût",0,4]
[2011,"MAIL",30,"UNI MAIL","A","SA","SANITAIRE","Local fictif - sans coût",0,5]
[2011,"MAIL",30,"UNI MAIL","A","SA","SANITAIRE","Local fictif - sans coût",0,21]
[2011,"MAIL",30,"UNI MAIL","A","SA","SANITAIRE","Local fictif - sans coût",0,21.5]
[2011,"MAIL",30,"UNI MAIL","A","SA","SANITAIRE","Local fictif - sans coût",0,24]
[2011,"MAIL",30,"UNI MAIL","A","SM","SALLE DE SEMINAIRE / COURS","Salles d'enseignement (UR)",392,28.5]
[2011,"MAIL",30,"UNI MAIL","A","SM","SALLE DE SEMINAIRE / COURS","Salles d'enseignement (UR)",392,29]
[2011,"MAIL",30,"UNI MAIL","A","SM","SALLE DE SEMINAIRE / COURS","Salles d'enseignement (UR)",392,33.5]
[2011,"MAIL",30,"UNI MAIL","A","SM","SALLE DE SEMINAIRE / COURS","Salles d'enseignement (UR)",392,37]
[2011,"MAIL",30,"UNI MAIL","A","SM","SALLE DE SEMINAIRE / COURS","Salles d'enseignement (UR)",392,37]
[2011,"MAIL",30,"UNI MAIL","A","SM","SALLE DE SEMINAIRE / COURS","Salles d'enseignement (UR)",392,44]
[2011,"MAIL",30,"UNI MAIL","A","SM","SALLE DE SEMINAIRE / COURS","Salles d'enseignement (UR)",392,45.5]
[2011,"MAIL",30,"UNI MAIL","A","SM","SALLE DE SEMINAIRE / COURS","Salles d'enseignement (UR)",392,52]
[2011,"MAIL",30,"UNI MAIL","A","SM","SALLE DE SEMINAIRE / COURS","Salles d'enseignement (UR)",392,52]
[2011,"MAIL",30,"UNI MAIL","A","SM","SALLE DE SEMINAIRE / COURS","Salles d'enseignement (UR)",392,52]
[2011,"MAIL",30,"UNI MAIL","A","SM","SALLE DE SEMINAIRE / COURS","Salles d'enseignement (UR)",392,52.5]
[2011,"MAIL",30,"UNI MAIL","A","SM","SALLE DE SEMINAIRE / COURS","Salles d'enseignement (UR)",392,52.5]
[2011,"MAIL",30,"UNI MAIL","A","SM","SALLE DE SEMINAIRE / COURS","Salles d'enseignement (UR)",392,52.5]
[2011,"MAIL",30,"UNI MAIL","A","SM","SALLE DE SEMINAIRE / COURS","Salles d'enseignement (UR)",392,52.5]
[2011,"MAIL",30,"UNI MAIL","A","SM","SALLE DE SEMINAIRE / COURS","Salles d'enseignement (UR)",392,52.5]
[2011,"MAIL",30,"UNI MAIL","A","SM","SALLE DE SEMINAIRE / COURS","Salles d'enseignement (UR)",392,52.5]
[2011,"MAIL",30,"UNI MAIL","A","SM","SALLE DE SEMINAIRE / COURS","Salles d'enseignement (UR)",392,52.5]
[2011,"MAIL",30,"UNI MAIL","A","SM","SALLE DE SEMINAIRE / COURS","Salles d'enseignement (UR)",392,52.5]
[2011,"MAIL",30,"UNI MAIL","A","SM","SALLE DE SEMINAIRE / COURS","Salles d'enseignement (UR)",392,59.5]
[2011,"MAIL",30,"UNI MAIL","A","SM","SALLE DE SEMINAIRE / COURS","Salles d'enseignement (UR)",392,61.5]
[2011,"MAIL",30,"UNI MAIL","A","SM","SALLE DE SEMINAIRE / COURS","Salles d'enseignement (UR)",392,67]
[2011,"MAIL",30,"UNI MAIL","A","SM","SALLE DE SEMINAIRE / COURS","Salles d'enseignement (UR)",392,67.5]
[2011,"MAIL",30,"UNI MAIL","A","SM","SALLE DE SEMINAIRE / COURS","Salles d'enseignement (UR)",392,67.5]
[2011,"MAIL",30,"UNI MAIL","A","SM","SALLE DE SEMINAIRE / COURS","Salles d'enseignement (UR)",392,67.5]
[2011,"MAIL",30,"UNI MAIL","A","SM","SALLE DE SEMINAIRE / COURS","Salles d'enseignement (UR)",392,71]
[2011,"MAIL",30,"UNI MAIL","A","SM","SALLE DE SEMINAIRE / COURS","Salles d'enseignement (UR)",392,72.5]
[2011,"MAIL",30,"UNI MAIL","A","SM","SALLE DE SEMINAIRE / COURS","Salles d'enseignement (UR)",392,72.5]
[2011,"MAIL",30,"UNI MAIL","A","SM","SALLE DE SEMINAIRE / COURS","Salles d'enseignement (UR)",392,74]
[2011,"MAIL",30,"UNI MAIL","A","SM","SALLE DE SEMINAIRE / COURS","Salles d'enseignement (UR)",392,78.5]
[2011,"MAIL",30,"UNI MAIL","A","SM","SALLE DE SEMINAIRE / COURS","Salles d'enseignement (UR)",392,83]
[2011,"MAIL",30,"UNI MAIL","A","SM","SALLE DE SEMINAIRE / COURS","Salles d'enseignement (UR)",392,83]
[2011,"MAIL",30,"UNI MAIL","A","SM","SALLE DE SEMINAIRE / COURS","Salles d'enseignement (UR)",392,90]
[2011,"MAIL",30,"UNI MAIL","A","SM","SALLE DE SEMINAIRE / COURS","Salles d'enseignement (UR)",392,91]
[2011,"MAIL",30,"UNI MAIL","A","SM","SALLE DE SEMINAIRE / COURS","Salles d'enseignement (UR)",392,91]
[2011,"MAIL",30,"UNI MAIL","A","SM","SALLE DE SEMINAIRE / COURS","Salles d'enseignement (UR)",392,96.5]
[2011,"MAIL",30,"UNI MAIL","A","SM","SALLE DE SEMINAIRE / COURS","Salles d'enseignement (UR)",392,108]
[2011,"MAIL",30,"UNI MAIL","A","SM","SALLE DE SEMINAIRE / COURS","Salles d'enseignement (UR)",392,108]
[2011,"MAIL",30,"UNI MAIL","A","SM","SALLE DE SEMINAIRE / COURS","Salles d'enseignement (UR)",392,111]
[2011,"MAIL",30,"UNI MAIL","A","SM","SALLE DE SEMINAIRE / COURS","Salles d'enseignement (UR)",392,115.5]
[2011,"MAIL",30,"UNI MAIL","A","SM","SALLE DE SEMINAIRE / COURS","Salles d'enseignement (UR)",392,115.5]
[2011,"MAIL",30,"UNI MAIL","A","SM","SALLE DE SEMINAIRE / COURS","Salles d'enseignement (UR)",392,117.5]
[2011,"MAIL",30,"UNI MAIL","A","SM","SALLE DE SEMINAIRE / COURS","Salles d'enseignement (UR)",392,120]
[2011,"MAIL",30,"UNI MAIL","A","SM","SALLE DE SEMINAIRE / COURS","Salles d'enseignement (UR)",392,120]
[2011,"MAIL",30,"UNI MAIL","A","SM","SALLE DE SEMINAIRE / COURS","Salles d'enseignement (UR)",392,136.5]
[2011,"MAIL",30,"UNI MAIL","A","SM","SALLE DE SEMINAIRE / COURS","Salles d'enseignement (UR)",392,136.5]
[2011,"MAIL",30,"UNI MAIL","A","SM","SALLE DE SEMINAIRE / COURS","Salles d'enseignement (UR)",392,140.5]
[2011,"MAIL",30,"UNI MAIL","A","SM","SALLE DE SEMINAIRE / COURS","Salles d'enseignement (UR)",392,153.5]
[2011,"MAIL",30,"UNI MAIL","A","SM","SALLE DE SEMINAIRE / COURS","Salles d'enseignement (UR)",392,156]
[2011,"MAIL",30,"UNI MAIL","A","SM","SALLE DE SEMINAIRE / COURS","Salles d'enseignement (UR)",392,157]
[2011,"MAIL",30,"UNI MAIL","A","SM","SALLE DE SEMINAIRE / COURS","Salles d'enseignement (UR)",392,159.5]
[2011,"MAIL",30,"UNI MAIL","A","ST","STOCKAGE","Archivage et surfaces d'entreposage (Ar)",196,7.5]
[2011,"MAIL",30,"UNI MAIL","A","ST","STOCKAGE","Archivage et surfaces d'entreposage (Ar)",196,23.5]
[2011,"MAIL",30,"UNI MAIL","A","ST","STOCKAGE","Archivage et surfaces d'entreposage (Ar)",196,26]
[2011,"MAIL",30,"UNI MAIL","A","ST","STOCKAGE","Archivage et surfaces d'entreposage (Ar)",196,31]
[2011,"MAIL",30,"UNI MAIL","A","ST","STOCKAGE","Archivage et surfaces d'entreposage (Ar)",196,35.5]
[2011,"MAIL",30,"UNI MAIL","A","TP","SALLE DE TRAVAUX PRATIQUES","Salles d'enseignement (UR)",392,15.5]
[2011,"MAIL",30,"UNI MAIL","A","TP","SALLE DE TRAVAUX PRATIQUES","Salles d'enseignement (UR)",392,22.5]
[2011,"MAIL",30,"UNI MAIL","A","TP","SALLE DE TRAVAUX PRATIQUES","Salles d'enseignement (UR)",392,29]
[2011,"MAIL",30,"UNI MAIL","A","TP","SALLE DE TRAVAUX PRATIQUES","Salles d'enseignement (UR)",392,38]
[2011,"MAIL",30,"UNI MAIL","A","TP","SALLE DE TRAVAUX PRATIQUES","Salles d'enseignement (UR)",392,41.5]
[2011,"MAIL",30,"UNI MAIL","A","TP","SALLE DE TRAVAUX PRATIQUES","Salles d'enseignement (UR)",392,48.5]
[2011,"MAIL",30,"UNI MAIL","A","TP","SALLE DE TRAVAUX PRATIQUES","Salles d'enseignement (UR)",392,49]
[2011,"MAIL",30,"UNI MAIL","A","TP","SALLE DE TRAVAUX PRATIQUES","Salles d'enseignement (UR)",392,61]
[2011,"MAIL",30,"UNI MAIL","A","TP","SALLE DE TRAVAUX PRATIQUES","Salles d'enseignement (UR)",392,67]
[2011,"MAIL",30,"UNI MAIL","A","TP","SALLE DE TRAVAUX PRATIQUES","Salles d'enseignement (UR)",392,67]
[2011,"MAIL",30,"UNI MAIL","A","TP","SALLE DE TRAVAUX PRATIQUES","Salles d'enseignement (UR)",392,103]
[2011,"MAIL",30,"UNI MAIL","A","TP","SALLE DE TRAVAUX PRATIQUES","Salles d'enseignement (UR)",392,103]
[2011,"MAIL",30,"UNI MAIL","A","TP","SALLE DE TRAVAUX PRATIQUES","Salles d'enseignement (UR)",392,112]
[2011,"MAIL",30,"UNI MAIL","A","TP","SALLE DE TRAVAUX PRATIQUES","Salles d'enseignement (UR)",392,157.5]
[2011,"ECOGA",31,"ECOGIA CHATEAU","A","BU","BUREAU","Bureaux (Bü)",392,5.5]
[2011,"ECOGA",31,"ECOGIA CHATEAU","A","BU","BUREAU","Bureaux (Bü)",392,7]
[2011,"ECOGA",31,"ECOGIA CHATEAU","A","BU","BUREAU","Bureaux (Bü)",392,8]
[2011,"ECOGA",31,"ECOGIA CHATEAU","A","BU","BUREAU","Bureaux (Bü)",392,9]
[2011,"ECOGA",31,"ECOGIA CHATEAU","A","BU","BUREAU","Bureaux (Bü)",392,9]
[2011,"ECOGA",31,"ECOGIA CHATEAU","A","BU","BUREAU","Bureaux (Bü)",392,9]
[2011,"ECOGA",31,"ECOGIA CHATEAU","A","BU","BUREAU","Bureaux (Bü)",392,9]
[2011,"ECOGA",31,"ECOGIA CHATEAU","A","BU","BUREAU","Bureaux (Bü)",392,9]
[2011,"ECOGA",31,"ECOGIA CHATEAU","A","BU","BUREAU","Bureaux (Bü)",392,9.5]
[2011,"ECOGA",31,"ECOGIA CHATEAU","A","BU","BUREAU","Bureaux (Bü)",392,10]
[2011,"ECOGA",31,"ECOGIA CHATEAU","A","BU","BUREAU","Bureaux (Bü)",392,10]
[2011,"ECOGA",31,"ECOGIA CHATEAU","A","BU","BUREAU","Bureaux (Bü)",392,10]
[2011,"ECOGA",31,"ECOGIA CHATEAU","A","BU","BUREAU","Bureaux (Bü)",392,10]
[2011,"ECOGA",31,"ECOGIA CHATEAU","A","BU","BUREAU","Bureaux (Bü)",392,10]
[2011,"ECOGA",31,"ECOGIA CHATEAU","A","BU","BUREAU","Bureaux (Bü)",392,10]
[2011,"ECOGA",31,"ECOGIA CHATEAU","A","BU","BUREAU","Bureaux (Bü)",392,13]
[2011,"ECOGA",31,"ECOGIA CHATEAU","A","BU","BUREAU","Bureaux (Bü)",392,13.5]
[2011,"ECOGA",31,"ECOGIA CHATEAU","A","BU","BUREAU","Bureaux (Bü)",392,16]
[2011,"ECOGA",31,"ECOGIA CHATEAU","A","BU","BUREAU","Bureaux (Bü)",392,16]
[2011,"ECOGA",31,"ECOGIA CHATEAU","A","BU","BUREAU","Bureaux (Bü)",392,22.5]
[2011,"ECOGA",31,"ECOGIA CHATEAU","A","BU","BUREAU","Bureaux (Bü)",392,24]
[2011,"ECOGA",31,"ECOGIA CHATEAU","A","BU","BUREAU","Bureaux (Bü)",392,24]
[2011,"ECOGA",31,"ECOGIA CHATEAU","A","BU","BUREAU","Bureaux (Bü)",392,29]
[2011,"ECOGA",31,"ECOGIA CHATEAU","A","BU","BUREAU","Bureaux (Bü)",392,35]
[2011,"ECOGA",31,"ECOGIA CHATEAU","A","BU","BUREAU","Bureaux (Bü)",392,40]
[2011,"ECOGA",31,"ECOGIA CHATEAU","A","CA","CAFETERIA","Locaux du domaine social (So)",430,50]
[2011,"OBS",32,"OBSERVATOIRE DE SAUVERNY","A","AP","APPARTEMENT","Bureaux (Bü)",392,10.5]
[2011,"OBS",32,"OBSERVATOIRE DE SAUVERNY","A","AP","APPARTEMENT","Bureaux (Bü)",392,34]
[2011,"OBS",32,"OBSERVATOIRE DE SAUVERNY","A","AR","ARCHIVES","Archivage et surfaces d'entreposage (Ar)",196,13]
[2011,"OBS",32,"OBSERVATOIRE DE SAUVERNY","A","AR","ARCHIVES","Archivage et surfaces d'entreposage (Ar)",196,31]
[2011,"OBS",32,"OBSERVATOIRE DE SAUVERNY","A","AR","ARCHIVES","Archivage et surfaces d'entreposage (Ar)",196,34]
[2011,"OBS",32,"OBSERVATOIRE DE SAUVERNY","A","AT","ATELIER","Laboratoires (La)",805,9]
[2011,"OBS",32,"OBSERVATOIRE DE SAUVERNY","A","AT","ATELIER","Laboratoires (La)",805,11.5]
[2011,"OBS",32,"OBSERVATOIRE DE SAUVERNY","A","AT","ATELIER","Laboratoires (La)",805,16.5]
[2011,"OBS",32,"OBSERVATOIRE DE SAUVERNY","A","AT","ATELIER","Laboratoires (La)",805,20]
[2011,"OBS",32,"OBSERVATOIRE DE SAUVERNY","A","AT","ATELIER","Laboratoires (La)",805,26.5]
[2011,"OBS",32,"OBSERVATOIRE DE SAUVERNY","A","AT","ATELIER","Laboratoires (La)",805,30]
[2011,"OBS",32,"OBSERVATOIRE DE SAUVERNY","A","AT","ATELIER","Laboratoires (La)",805,33.5]
[2011,"OBS",32,"OBSERVATOIRE DE SAUVERNY","A","AT","ATELIER","Laboratoires (La)",805,39]
[2011,"OBS",32,"OBSERVATOIRE DE SAUVERNY","A","AT","ATELIER","Laboratoires (La)",805,39.5]
[2011,"OBS",32,"OBSERVATOIRE DE SAUVERNY","A","AT","ATELIER","Laboratoires (La)",805,52.5]
[2011,"OBS",32,"OBSERVATOIRE DE SAUVERNY","A","AT","ATELIER","Laboratoires (La)",805,90]
[2011,"OBS",32,"OBSERVATOIRE DE SAUVERNY","A","AT","ATELIER","Laboratoires (La)",805,126]
[2011,"OBS",32,"OBSERVATOIRE DE SAUVERNY","A","AU","AUDITOIRE","Salles de cours (Hö)",667,28]
[2011,"OBS",32,"OBSERVATOIRE DE SAUVERNY","A","AU","AUDITOIRE","Salles de cours (Hö)",667,36]
[2011,"OBS",32,"OBSERVATOIRE DE SAUVERNY","A","AU","AUDITOIRE","Salles de cours (Hö)",667,54]
[2011,"OBS",32,"OBSERVATOIRE DE SAUVERNY","A","AU","AUDITOIRE","Salles de cours (Hö)",667,119]
[2011,"OBS",32,"OBSERVATOIRE DE SAUVERNY","A","AX","ANNEXES","Archivage et surfaces d'entreposage (Ar)",196,14]
[2011,"OBS",32,"OBSERVATOIRE DE SAUVERNY","A","AX","ANNEXES","Archivage et surfaces d'entreposage (Ar)",196,15]
[2011,"OBS",32,"OBSERVATOIRE DE SAUVERNY","A","BI","BIBLIOTHEQUE, SALLE DE LECTURE","Bibliothèques (Bi)",468,11.5]
[2011,"OBS",32,"OBSERVATOIRE DE SAUVERNY","A","BI","BIBLIOTHEQUE, SALLE DE LECTURE","Bibliothèques (Bi)",468,15]
[2011,"OBS",32,"OBSERVATOIRE DE SAUVERNY","A","BI","BIBLIOTHEQUE, SALLE DE LECTURE","Bibliothèques (Bi)",468,25]
[2011,"OBS",32,"OBSERVATOIRE DE SAUVERNY","A","BI","BIBLIOTHEQUE, SALLE DE LECTURE","Bibliothèques (Bi)",468,34.5]
[2011,"OBS",32,"OBSERVATOIRE DE SAUVERNY","A","BI","BIBLIOTHEQUE, SALLE DE LECTURE","Bibliothèques (Bi)",468,34.5]
[2011,"OBS",32,"OBSERVATOIRE DE SAUVERNY","A","BI","BIBLIOTHEQUE, SALLE DE LECTURE","Bibliothèques (Bi)",468,42.5]
[2011,"OBS",32,"OBSERVATOIRE DE SAUVERNY","A","BI","BIBLIOTHEQUE, SALLE DE LECTURE","Bibliothèques (Bi)",468,154]
[2011,"OBS",32,"OBSERVATOIRE DE SAUVERNY","A","BU","BUREAU","Bureaux (Bü)",392,9]
[2011,"OBS",32,"OBSERVATOIRE DE SAUVERNY","A","BU","BUREAU","Bureaux (Bü)",392,11.5]
[2011,"OBS",32,"OBSERVATOIRE DE SAUVERNY","A","BU","BUREAU","Bureaux (Bü)",392,11.5]
[2011,"OBS",32,"OBSERVATOIRE DE SAUVERNY","A","BU","BUREAU","Bureaux (Bü)",392,11.5]
[2011,"OBS",32,"OBSERVATOIRE DE SAUVERNY","A","BU","BUREAU","Bureaux (Bü)",392,11.5]
[2011,"OBS",32,"OBSERVATOIRE DE SAUVERNY","A","BU","BUREAU","Bureaux (Bü)",392,11.5]
[2011,"OBS",32,"OBSERVATOIRE DE SAUVERNY","A","BU","BUREAU","Bureaux (Bü)",392,11.5]
[2011,"OBS",32,"OBSERVATOIRE DE SAUVERNY","A","BU","BUREAU","Bureaux (Bü)",392,11.5]
[2011,"OBS",32,"OBSERVATOIRE DE SAUVERNY","A","BU","BUREAU","Bureaux (Bü)",392,11.5]
[2011,"OBS",32,"OBSERVATOIRE DE SAUVERNY","A","BU","BUREAU","Bureaux (Bü)",392,11.5]
[2011,"OBS",32,"OBSERVATOIRE DE SAUVERNY","A","BU","BUREAU","Bureaux (Bü)",392,11.5]
[2011,"OBS",32,"OBSERVATOIRE DE SAUVERNY","A","BU","BUREAU","Bureaux (Bü)",392,11.5]
[2011,"OBS",32,"OBSERVATOIRE DE SAUVERNY","A","BU","BUREAU","Bureaux (Bü)",392,11.5]
[2011,"OBS",32,"OBSERVATOIRE DE SAUVERNY","A","BU","BUREAU","Bureaux (Bü)",392,11.5]
[2011,"OBS",32,"OBSERVATOIRE DE SAUVERNY","A","BU","BUREAU","Bureaux (Bü)",392,11.5]
[2011,"OBS",32,"OBSERVATOIRE DE SAUVERNY","A","BU","BUREAU","Bureaux (Bü)",392,13]
[2011,"OBS",32,"OBSERVATOIRE DE SAUVERNY","A","BU","BUREAU","Bureaux (Bü)",392,13]
[2011,"OBS",32,"OBSERVATOIRE DE SAUVERNY","A","BU","BUREAU","Bureaux (Bü)",392,13]
[2011,"OBS",32,"OBSERVATOIRE DE SAUVERNY","A","BU","BUREAU","Bureaux (Bü)",392,13.5]
[2011,"OBS",32,"OBSERVATOIRE DE SAUVERNY","A","BU","BUREAU","Bureaux (Bü)",392,13.5]
[2011,"OBS",32,"OBSERVATOIRE DE SAUVERNY","A","BU","BUREAU","Bureaux (Bü)",392,13.5]
[2011,"OBS",32,"OBSERVATOIRE DE SAUVERNY","A","BU","BUREAU","Bureaux (Bü)",392,13.5]
[2011,"OBS",32,"OBSERVATOIRE DE SAUVERNY","A","BU","BUREAU","Bureaux (Bü)",392,13.5]
[2011,"OBS",32,"OBSERVATOIRE DE SAUVERNY","A","BU","BUREAU","Bureaux (Bü)",392,13.5]
[2011,"OBS",32,"OBSERVATOIRE DE SAUVERNY","A","BU","BUREAU","Bureaux (Bü)",392,13.5]
[2011,"OBS",32,"OBSERVATOIRE DE SAUVERNY","A","BU","BUREAU","Bureaux (Bü)",392,13.5]
[2011,"OBS",32,"OBSERVATOIRE DE SAUVERNY","A","BU","BUREAU","Bureaux (Bü)",392,13.5]
[2011,"OBS",32,"OBSERVATOIRE DE SAUVERNY","A","BU","BUREAU","Bureaux (Bü)",392,13.5]
[2011,"OBS",32,"OBSERVATOIRE DE SAUVERNY","A","BU","BUREAU","Bureaux (Bü)",392,13.5]
[2011,"OBS",32,"OBSERVATOIRE DE SAUVERNY","A","BU","BUREAU","Bureaux (Bü)",392,13.5]
[2011,"OBS",32,"OBSERVATOIRE DE SAUVERNY","A","BU","BUREAU","Bureaux (Bü)",392,13.5]
[2011,"OBS",32,"OBSERVATOIRE DE SAUVERNY","A","BU","BUREAU","Bureaux (Bü)",392,13.5]
[2011,"OBS",32,"OBSERVATOIRE DE SAUVERNY","A","BU","BUREAU","Bureaux (Bü)",392,13.5]
[2011,"OBS",32,"OBSERVATOIRE DE SAUVERNY","A","BU","BUREAU","Bureaux (Bü)",392,13.5]
[2011,"OBS",32,"OBSERVATOIRE DE SAUVERNY","A","BU","BUREAU","Bureaux (Bü)",392,13.5]
[2011,"OBS",32,"OBSERVATOIRE DE SAUVERNY","A","BU","BUREAU","Bureaux (Bü)",392,13.5]
[2011,"OBS",32,"OBSERVATOIRE DE SAUVERNY","A","BU","BUREAU","Bureaux (Bü)",392,13.5]
[2011,"OBS",32,"OBSERVATOIRE DE SAUVERNY","A","BU","BUREAU","Bureaux (Bü)",392,13.5]
[2011,"OBS",32,"OBSERVATOIRE DE SAUVERNY","A","BU","BUREAU","Bureaux (Bü)",392,13.5]
[2011,"OBS",32,"OBSERVATOIRE DE SAUVERNY","A","BU","BUREAU","Bureaux (Bü)",392,13.5]
[2011,"OBS",32,"OBSERVATOIRE DE SAUVERNY","A","BU","BUREAU","Bureaux (Bü)",392,13.5]
[2011,"OBS",32,"OBSERVATOIRE DE SAUVERNY","A","BU","BUREAU","Bureaux (Bü)",392,13.5]
[2011,"OBS",32,"OBSERVATOIRE DE SAUVERNY","A","BU","BUREAU","Bureaux (Bü)",392,13.5]
[2011,"OBS",32,"OBSERVATOIRE DE SAUVERNY","A","BU","BUREAU","Bureaux (Bü)",392,13.5]
[2011,"OBS",32,"OBSERVATOIRE DE SAUVERNY","A","BU","BUREAU","Bureaux (Bü)",392,13.5]
[2011,"OBS",32,"OBSERVATOIRE DE SAUVERNY","A","BU","BUREAU","Bureaux (Bü)",392,13.5]
[2011,"OBS",32,"OBSERVATOIRE DE SAUVERNY","A","BU","BUREAU","Bureaux (Bü)",392,13.5]
[2011,"OBS",32,"OBSERVATOIRE DE SAUVERNY","A","BU","BUREAU","Bureaux (Bü)",392,13.5]
[2011,"OBS",32,"OBSERVATOIRE DE SAUVERNY","A","BU","BUREAU","Bureaux (Bü)",392,14]
[2011,"OBS",32,"OBSERVATOIRE DE SAUVERNY","A","BU","BUREAU","Bureaux (Bü)",392,14]
[2011,"OBS",32,"OBSERVATOIRE DE SAUVERNY","A","BU","BUREAU","Bureaux (Bü)",392,15]
[2011,"OBS",32,"OBSERVATOIRE DE SAUVERNY","A","BU","BUREAU","Bureaux (Bü)",392,15]
[2011,"OBS",32,"OBSERVATOIRE DE SAUVERNY","A","BU","BUREAU","Bureaux (Bü)",392,15.5]
[2011,"OBS",32,"OBSERVATOIRE DE SAUVERNY","A","BU","BUREAU","Bureaux (Bü)",392,15.5]
[2011,"OBS",32,"OBSERVATOIRE DE SAUVERNY","A","BU","BUREAU","Bureaux (Bü)",392,15.5]
[2011,"OBS",32,"OBSERVATOIRE DE SAUVERNY","A","BU","BUREAU","Bureaux (Bü)",392,16]
[2011,"OBS",32,"OBSERVATOIRE DE SAUVERNY","A","BU","BUREAU","Bureaux (Bü)",392,17]
[2011,"OBS",32,"OBSERVATOIRE DE SAUVERNY","A","BU","BUREAU","Bureaux (Bü)",392,17]
[2011,"OBS",32,"OBSERVATOIRE DE SAUVERNY","A","BU","BUREAU","Bureaux (Bü)",392,17]
[2011,"OBS",32,"OBSERVATOIRE DE SAUVERNY","A","BU","BUREAU","Bureaux (Bü)",392,20]
[2011,"OBS",32,"OBSERVATOIRE DE SAUVERNY","A","BU","BUREAU","Bureaux (Bü)",392,24]
[2011,"OBS",32,"OBSERVATOIRE DE SAUVERNY","A","BU","BUREAU","Bureaux (Bü)",392,28]
[2011,"OBS",32,"OBSERVATOIRE DE SAUVERNY","A","BU","BUREAU","Bureaux (Bü)",392,28.5]
[2011,"OBS",32,"OBSERVATOIRE DE SAUVERNY","A","BU","BUREAU","Bureaux (Bü)",392,31.5]
[2011,"OBS",32,"OBSERVATOIRE DE SAUVERNY","A","CA","CAFETERIA","Locaux du domaine social (So)",430,14]
[2011,"OBS",32,"OBSERVATOIRE DE SAUVERNY","A","CA","CAFETERIA","Locaux du domaine social (So)",430,17]
[2011,"OBS",32,"OBSERVATOIRE DE SAUVERNY","A","CA","CAFETERIA","Locaux du domaine social (So)",430,38]
[2011,"OBS",32,"OBSERVATOIRE DE SAUVERNY","A","CA","CAFETERIA","Locaux du domaine social (So)",430,93.5]
[2011,"OBS",32,"OBSERVATOIRE DE SAUVERNY","A","CV","CHAMBRE VISITEUR","Bureaux (Bü)",392,10.5]
[2011,"OBS",32,"OBSERVATOIRE DE SAUVERNY","A","CV","CHAMBRE VISITEUR","Bureaux (Bü)",392,13.5]
[2011,"OBS",32,"OBSERVATOIRE DE SAUVERNY","A","CV","CHAMBRE VISITEUR","Bureaux (Bü)",392,13.5]
[2011,"OBS",32,"OBSERVATOIRE DE SAUVERNY","A","CV","CHAMBRE VISITEUR","Bureaux (Bü)",392,15]
[2011,"OBS",32,"OBSERVATOIRE DE SAUVERNY","A","EC","ECONOMAT","Archivage et surfaces d'entreposage (Ar)",196,22]
[2011,"OBS",32,"OBSERVATOIRE DE SAUVERNY","A","LR","LABORATOIRE DE RECHERCHE","Laboratoires (La)",805,10.5]
[2011,"OBS",32,"OBSERVATOIRE DE SAUVERNY","A","LR","LABORATOIRE DE RECHERCHE","Laboratoires (La)",805,13]
[2011,"OBS",32,"OBSERVATOIRE DE SAUVERNY","A","LR","LABORATOIRE DE RECHERCHE","Laboratoires (La)",805,13]
[2011,"OBS",32,"OBSERVATOIRE DE SAUVERNY","A","LR","LABORATOIRE DE RECHERCHE","Laboratoires (La)",805,19]
[2011,"OBS",32,"OBSERVATOIRE DE SAUVERNY","A","LR","LABORATOIRE DE RECHERCHE","Laboratoires (La)",805,26.5]
[2011,"OBS",32,"OBSERVATOIRE DE SAUVERNY","A","LR","LABORATOIRE DE RECHERCHE","Laboratoires (La)",805,28]
[2011,"OBS",32,"OBSERVATOIRE DE SAUVERNY","A","LR","LABORATOIRE DE RECHERCHE","Laboratoires (La)",805,29]
[2011,"OBS",32,"OBSERVATOIRE DE SAUVERNY","A","LR","LABORATOIRE DE RECHERCHE","Laboratoires (La)",805,31]
[2011,"OBS",32,"OBSERVATOIRE DE SAUVERNY","A","LR","LABORATOIRE DE RECHERCHE","Laboratoires (La)",805,33]
[2011,"OBS",32,"OBSERVATOIRE DE SAUVERNY","A","LR","LABORATOIRE DE RECHERCHE","Laboratoires (La)",805,34]
[2011,"OBS",32,"OBSERVATOIRE DE SAUVERNY","A","LR","LABORATOIRE DE RECHERCHE","Laboratoires (La)",805,39]
[2011,"OBS",32,"OBSERVATOIRE DE SAUVERNY","A","LR","LABORATOIRE DE RECHERCHE","Laboratoires (La)",805,45.5]
[2011,"OBS",32,"OBSERVATOIRE DE SAUVERNY","A","LR","LABORATOIRE DE RECHERCHE","Laboratoires (La)",805,46.5]
[2011,"OBS",32,"OBSERVATOIRE DE SAUVERNY","A","LR","LABORATOIRE DE RECHERCHE","Laboratoires (La)",805,65]
[2011,"OBS",32,"OBSERVATOIRE DE SAUVERNY","A","SO","LOCAL SOCIAL","Locaux du domaine social (So)",430,5]
[2011,"OBS",32,"OBSERVATOIRE DE SAUVERNY","A","SO","LOCAL SOCIAL","Locaux du domaine social (So)",430,53]
[2011,"OBS",32,"OBSERVATOIRE DE SAUVERNY","A","ST","STOCKAGE","Archivage et surfaces d'entreposage (Ar)",196,13]
[2011,"OBS",32,"OBSERVATOIRE DE SAUVERNY","A","ST","STOCKAGE","Archivage et surfaces d'entreposage (Ar)",196,14]
[2011,"OBS",32,"OBSERVATOIRE DE SAUVERNY","A","ST","STOCKAGE","Archivage et surfaces d'entreposage (Ar)",196,14.5]
[2011,"OBS",32,"OBSERVATOIRE DE SAUVERNY","A","ST","STOCKAGE","Archivage et surfaces d'entreposage (Ar)",196,17]
[2011,"OBS",32,"OBSERVATOIRE DE SAUVERNY","A","ST","STOCKAGE","Archivage et surfaces d'entreposage (Ar)",196,21]
[2011,"OBS",32,"OBSERVATOIRE DE SAUVERNY","A","ST","STOCKAGE","Archivage et surfaces d'entreposage (Ar)",196,21.5]
[2011,"OBS",32,"OBSERVATOIRE DE SAUVERNY","A","ST","STOCKAGE","Archivage et surfaces d'entreposage (Ar)",196,27.5]
[2011,"OBS",32,"OBSERVATOIRE DE SAUVERNY","A","ST","STOCKAGE","Archivage et surfaces d'entreposage (Ar)",196,31]
[2011,"OBS",32,"OBSERVATOIRE DE SAUVERNY","A","ST","STOCKAGE","Archivage et surfaces d'entreposage (Ar)",196,48]
[2011,"OBS",32,"OBSERVATOIRE DE SAUVERNY","A","ST","STOCKAGE","Archivage et surfaces d'entreposage (Ar)",196,313]
[2011,"OBS",32,"OBSERVATOIRE DE SAUVERNY","A","TP","SALLE DE TRAVAUX PRATIQUES","Salles d'enseignement (UR)",392,11]
[2011,"OBS",32,"OBSERVATOIRE DE SAUVERNY","A","TP","SALLE DE TRAVAUX PRATIQUES","Salles d'enseignement (UR)",392,103]
[2011,"MIE",33,"MAISON INTER  ETUDIANTS","A","BI","BIBLIOTHEQUE, SALLE DE LECTURE","Bibliothèques (Bi)",468,17.5]
[2011,"MIE",33,"MAISON INTER  ETUDIANTS","A","BI","BIBLIOTHEQUE, SALLE DE LECTURE","Bibliothèques (Bi)",468,29]
[2011,"MIE",33,"MAISON INTER  ETUDIANTS","A","BI","BIBLIOTHEQUE, SALLE DE LECTURE","Bibliothèques (Bi)",468,45]
[2011,"MIE",33,"MAISON INTER  ETUDIANTS","A","BU","BUREAU","Bureaux (Bü)",392,24]
[2011,"MIE",33,"MAISON INTER  ETUDIANTS","A","BU","BUREAU","Bureaux (Bü)",392,25.5]
[2011,"MIE",33,"MAISON INTER  ETUDIANTS","A","BU","BUREAU","Bureaux (Bü)",392,34]
[2011,"MIE",33,"MAISON INTER  ETUDIANTS","A","RE","SALLE DE REUNION","Salles d'enseignement (UR)",392,57]
[2011,"CON10",35,"CONSEIL GENERAL 10","A","BU","BUREAU","Bureaux (Bü)",392,10.5]
[2011,"CON10",35,"CONSEIL GENERAL 10","A","BU","BUREAU","Bureaux (Bü)",392,13]
[2011,"CON10",35,"CONSEIL GENERAL 10","A","BU","BUREAU","Bureaux (Bü)",392,13.5]
[2011,"CON10",35,"CONSEIL GENERAL 10","A","BU","BUREAU","Bureaux (Bü)",392,13.5]
[2011,"CON10",35,"CONSEIL GENERAL 10","A","BU","BUREAU","Bureaux (Bü)",392,14]
[2011,"CON10",35,"CONSEIL GENERAL 10","A","BU","BUREAU","Bureaux (Bü)",392,17.5]
[2011,"CON10",35,"CONSEIL GENERAL 10","A","BU","BUREAU","Bureaux (Bü)",392,23]
[2011,"AS",36,"AILE SALEVE  BPU","A","BI","BIBLIOTHEQUE, SALLE DE LECTURE","Bibliothèques (Bi)",468,78]
[2011,"DIORA",38,"DIORAMA","I","BU","BUREAU","Bureaux (Bü)",392,51.5]
[2011,"DIORA",38,"DIORAMA","I","BU","BUREAU","Bureaux (Bü)",392,71]
[2011,"COMED",39,"COMEDIE","A","AR","ARCHIVES","Archivage et surfaces d'entreposage (Ar)",196,3]
[2011,"COMED",39,"COMEDIE","A","AR","ARCHIVES","Archivage et surfaces d'entreposage (Ar)",196,3.5]
[2011,"COMED",39,"COMEDIE","A","AR","ARCHIVES","Archivage et surfaces d'entreposage (Ar)",196,3.5]
[2011,"COMED",39,"COMEDIE","A","AR","ARCHIVES","Archivage et surfaces d'entreposage (Ar)",196,3.5]
[2011,"COMED",39,"COMEDIE","A","AR","ARCHIVES","Archivage et surfaces d'entreposage (Ar)",196,7.5]
[2011,"COMED",39,"COMEDIE","A","AR","ARCHIVES","Archivage et surfaces d'entreposage (Ar)",196,7.5]
[2011,"COMED",39,"COMEDIE","A","BU","BUREAU","Bureaux (Bü)",392,13]
[2011,"COMED",39,"COMEDIE","A","BU","BUREAU","Bureaux (Bü)",392,13]
[2011,"COMED",39,"COMEDIE","A","BU","BUREAU","Bureaux (Bü)",392,13]
[2011,"COMED",39,"COMEDIE","A","BU","BUREAU","Bureaux (Bü)",392,13]
[2011,"COMED",39,"COMEDIE","A","BU","BUREAU","Bureaux (Bü)",392,13]
[2011,"COMED",39,"COMEDIE","A","BU","BUREAU","Bureaux (Bü)",392,13]
[2011,"COMED",39,"COMEDIE","A","BU","BUREAU","Bureaux (Bü)",392,13]
[2011,"COMED",39,"COMEDIE","A","BU","BUREAU","Bureaux (Bü)",392,13]
[2011,"COMED",39,"COMEDIE","A","BU","BUREAU","Bureaux (Bü)",392,13]
[2011,"COMED",39,"COMEDIE","A","BU","BUREAU","Bureaux (Bü)",392,13]
[2011,"COMED",39,"COMEDIE","A","BU","BUREAU","Bureaux (Bü)",392,13]
[2011,"COMED",39,"COMEDIE","A","BU","BUREAU","Bureaux (Bü)",392,13]
[2011,"COMED",39,"COMEDIE","A","BU","BUREAU","Bureaux (Bü)",392,13]
[2011,"COMED",39,"COMEDIE","A","BU","BUREAU","Bureaux (Bü)",392,13]
[2011,"COMED",39,"COMEDIE","A","BU","BUREAU","Bureaux (Bü)",392,13]
[2011,"COMED",39,"COMEDIE","A","BU","BUREAU","Bureaux (Bü)",392,13]
[2011,"COMED",39,"COMEDIE","A","BU","BUREAU","Bureaux (Bü)",392,13]
[2011,"COMED",39,"COMEDIE","A","BU","BUREAU","Bureaux (Bü)",392,13]
[2011,"COMED",39,"COMEDIE","A","BU","BUREAU","Bureaux (Bü)",392,13]
[2011,"COMED",39,"COMEDIE","A","BU","BUREAU","Bureaux (Bü)",392,13]
[2011,"COMED",39,"COMEDIE","A","BU","BUREAU","Bureaux (Bü)",392,13]
[2011,"COMED",39,"COMEDIE","A","BU","BUREAU","Bureaux (Bü)",392,13]
[2011,"COMED",39,"COMEDIE","A","BU","BUREAU","Bureaux (Bü)",392,13]
[2011,"COMED",39,"COMEDIE","A","BU","BUREAU","Bureaux (Bü)",392,13]
[2011,"COMED",39,"COMEDIE","A","BU","BUREAU","Bureaux (Bü)",392,14.5]
[2011,"COMED",39,"COMEDIE","A","BU","BUREAU","Bureaux (Bü)",392,14.5]
[2011,"COMED",39,"COMEDIE","A","BU","BUREAU","Bureaux (Bü)",392,15.5]
[2011,"COMED",39,"COMEDIE","A","BU","BUREAU","Bureaux (Bü)",392,15.5]
[2011,"COMED",39,"COMEDIE","A","ST","STOCKAGE","Archivage et surfaces d'entreposage (Ar)",196,3]
[2011,"COMED",39,"COMEDIE","A","ST","STOCKAGE","Archivage et surfaces d'entreposage (Ar)",196,3.5]
[2011,"COMED",39,"COMEDIE","A","ST","STOCKAGE","Archivage et surfaces d'entreposage (Ar)",196,3.5]
[2011,"COMED",39,"COMEDIE","A","ST","STOCKAGE","Archivage et surfaces d'entreposage (Ar)",196,3.5]
[2011,"COMED",39,"COMEDIE","A","ST","STOCKAGE","Archivage et surfaces d'entreposage (Ar)",196,3.5]
[2011,"COMED",39,"COMEDIE","A","ST","STOCKAGE","Archivage et surfaces d'entreposage (Ar)",196,3.5]
[2011,"COMED",39,"COMEDIE","A","ST","STOCKAGE","Archivage et surfaces d'entreposage (Ar)",196,3.5]
[2011,"COMED",39,"COMEDIE","A","ST","STOCKAGE","Archivage et surfaces d'entreposage (Ar)",196,3.5]
[2011,"COMED",39,"COMEDIE","A","ST","STOCKAGE","Archivage et surfaces d'entreposage (Ar)",196,3.5]
[2011,"COMED",39,"COMEDIE","A","ST","STOCKAGE","Archivage et surfaces d'entreposage (Ar)",196,3.5]
[2011,"ACA1",40,"CENTRE ACACIAS I","A","AT","ATELIER","Laboratoires (La)",805,38]
[2011,"ACA1",40,"CENTRE ACACIAS I","A","AX","ANNEXES","Archivage et surfaces d'entreposage (Ar)",196,8]
[2011,"ACA1",40,"CENTRE ACACIAS I","A","AX","ANNEXES","Archivage et surfaces d'entreposage (Ar)",196,68.5]
[2011,"ACA1",40,"CENTRE ACACIAS I","A","AX","ANNEXES","Archivage et surfaces d'entreposage (Ar)",196,91]
[2011,"ACA1",40,"CENTRE ACACIAS I","A","AX","ANNEXES","Archivage et surfaces d'entreposage (Ar)",196,108]
[2011,"ACA1",40,"CENTRE ACACIAS I","A","BI","BIBLIOTHEQUE, SALLE DE LECTURE","Bibliothèques (Bi)",468,54]
[2011,"ACA1",40,"CENTRE ACACIAS I","A","BU","BUREAU","Bureaux (Bü)",392,13]
[2011,"ACA1",40,"CENTRE ACACIAS I","A","BU","BUREAU","Bureaux (Bü)",392,13]
[2011,"ACA1",40,"CENTRE ACACIAS I","A","BU","BUREAU","Bureaux (Bü)",392,13]
[2011,"ACA1",40,"CENTRE ACACIAS I","A","BU","BUREAU","Bureaux (Bü)",392,14.5]
[2011,"ACA1",40,"CENTRE ACACIAS I","A","BU","BUREAU","Bureaux (Bü)",392,15]
[2011,"ACA1",40,"CENTRE ACACIAS I","A","BU","BUREAU","Bureaux (Bü)",392,15]
[2011,"ACA1",40,"CENTRE ACACIAS I","A","BU","BUREAU","Bureaux (Bü)",392,15.5]
[2011,"ACA1",40,"CENTRE ACACIAS I","A","BU","BUREAU","Bureaux (Bü)",392,19]
[2011,"ACA1",40,"CENTRE ACACIAS I","A","BU","BUREAU","Bureaux (Bü)",392,20]
[2011,"ACA1",40,"CENTRE ACACIAS I","A","BU","BUREAU","Bureaux (Bü)",392,23]
[2011,"ACA1",40,"CENTRE ACACIAS I","A","BU","BUREAU","Bureaux (Bü)",392,28]
[2011,"ACA1",40,"CENTRE ACACIAS I","A","BU","BUREAU","Bureaux (Bü)",392,28.5]
[2011,"ACA1",40,"CENTRE ACACIAS I","A","BU","BUREAU","Bureaux (Bü)",392,28.5]
[2011,"ACA1",40,"CENTRE ACACIAS I","A","BU","BUREAU","Bureaux (Bü)",392,29]
[2011,"ACA1",40,"CENTRE ACACIAS I","A","BU","BUREAU","Bureaux (Bü)",392,41]
[2011,"ACA1",40,"CENTRE ACACIAS I","A","BU","BUREAU","Bureaux (Bü)",392,43.5]
[2011,"ACA1",40,"CENTRE ACACIAS I","A","BU","BUREAU","Bureaux (Bü)",392,43.5]
[2011,"ACA1",40,"CENTRE ACACIAS I","A","BU","BUREAU","Bureaux (Bü)",392,49]
[2011,"ACA1",40,"CENTRE ACACIAS I","A","BU","BUREAU","Bureaux (Bü)",392,86.5]
[2011,"ACA1",40,"CENTRE ACACIAS I","A","BU","BUREAU","Bureaux (Bü)",392,106]
[2011,"ACA1",40,"CENTRE ACACIAS I","A","BU","BUREAU","Bureaux (Bü)",392,111.5]
[2011,"ACA1",40,"CENTRE ACACIAS I","A","CA","CAFETERIA","Locaux du domaine social (So)",430,38.5]
[2011,"ACA1",40,"CENTRE ACACIAS I","A","ST","STOCKAGE","Archivage et surfaces d'entreposage (Ar)",196,12]
[2011,"BOTA4",41,"BOTANIQUE EXPERIMENTALE","A","AX","ANNEXES","Archivage et surfaces d'entreposage (Ar)",196,26.5]
[2011,"BOTA4",41,"BOTANIQUE EXPERIMENTALE","A","AX","ANNEXES","Archivage et surfaces d'entreposage (Ar)",196,26.5]
[2011,"ARARE",42,"ARARE","A","AT","ATELIER","Laboratoires (La)",805,14.5]
[2011,"ARARE",42,"ARARE","A","AX","ANNEXES","Archivage et surfaces d'entreposage (Ar)",196,6]
[2011,"ARARE",42,"ARARE","A","AX","ANNEXES","Archivage et surfaces d'entreposage (Ar)",196,6]
[2011,"ARARE",42,"ARARE","A","AX","ANNEXES","Archivage et surfaces d'entreposage (Ar)",196,6]
[2011,"ARARE",42,"ARARE","A","AX","ANNEXES","Archivage et surfaces d'entreposage (Ar)",196,6]
[2011,"ARARE",42,"ARARE","A","AX","ANNEXES","Archivage et surfaces d'entreposage (Ar)",196,6]
[2011,"ARARE",42,"ARARE","A","AX","ANNEXES","Archivage et surfaces d'entreposage (Ar)",196,6]
[2011,"ARARE",42,"ARARE","A","AX","ANNEXES","Archivage et surfaces d'entreposage (Ar)",196,6]
[2011,"ARARE",42,"ARARE","A","AX","ANNEXES","Archivage et surfaces d'entreposage (Ar)",196,6]
[2011,"ARARE",42,"ARARE","A","AX","ANNEXES","Archivage et surfaces d'entreposage (Ar)",196,6]
[2011,"ARARE",42,"ARARE","A","AX","ANNEXES","Archivage et surfaces d'entreposage (Ar)",196,6]
[2011,"ARARE",42,"ARARE","A","AX","ANNEXES","Archivage et surfaces d'entreposage (Ar)",196,6]
[2011,"ARARE",42,"ARARE","A","AX","ANNEXES","Archivage et surfaces d'entreposage (Ar)",196,6]
[2011,"ARARE",42,"ARARE","A","AX","ANNEXES","Archivage et surfaces d'entreposage (Ar)",196,17]
[2011,"ARARE",42,"ARARE","A","AX","ANNEXES","Archivage et surfaces d'entreposage (Ar)",196,19.5]
[2011,"ARARE",42,"ARARE","A","AX","ANNEXES","Archivage et surfaces d'entreposage (Ar)",196,20.5]
[2011,"ARARE",42,"ARARE","A","AX","ANNEXES","Archivage et surfaces d'entreposage (Ar)",196,22.5]
[2011,"ARARE",42,"ARARE","A","AX","ANNEXES","Archivage et surfaces d'entreposage (Ar)",196,26]
[2011,"ARARE",42,"ARARE","A","AX","ANNEXES","Archivage et surfaces d'entreposage (Ar)",196,27]
[2011,"ARARE",42,"ARARE","A","AX","ANNEXES","Archivage et surfaces d'entreposage (Ar)",196,32]
[2011,"ARARE",42,"ARARE","A","AX","ANNEXES","Archivage et surfaces d'entreposage (Ar)",196,32]
[2011,"ARARE",42,"ARARE","A","AX","ANNEXES","Archivage et surfaces d'entreposage (Ar)",196,38]
[2011,"ARARE",42,"ARARE","A","AX","ANNEXES","Archivage et surfaces d'entreposage (Ar)",196,38]
[2011,"ARARE",42,"ARARE","A","AX","ANNEXES","Archivage et surfaces d'entreposage (Ar)",196,52.5]
[2011,"ARARE",42,"ARARE","A","AX","ANNEXES","Archivage et surfaces d'entreposage (Ar)",196,52.5]
[2011,"ARARE",42,"ARARE","A","AX","ANNEXES","Archivage et surfaces d'entreposage (Ar)",196,52.5]
[2011,"ARARE",42,"ARARE","A","AX","ANNEXES","Archivage et surfaces d'entreposage (Ar)",196,52.5]
[2011,"ARARE",42,"ARARE","A","AX","ANNEXES","Archivage et surfaces d'entreposage (Ar)",196,52.5]
[2011,"ARARE",42,"ARARE","A","AX","ANNEXES","Archivage et surfaces d'entreposage (Ar)",196,52.5]
[2011,"ARARE",42,"ARARE","A","AX","ANNEXES","Archivage et surfaces d'entreposage (Ar)",196,52.5]
[2011,"ARARE",42,"ARARE","A","AX","ANNEXES","Archivage et surfaces d'entreposage (Ar)",196,125]
[2011,"ARARE",42,"ARARE","A","AX","ANNEXES","Archivage et surfaces d'entreposage (Ar)",196,202.5]
[2011,"ARARE",42,"ARARE","A","AX","ANNEXES","Archivage et surfaces d'entreposage (Ar)",196,202.5]
[2011,"ARARE",42,"ARARE","A","AX","ANNEXES","Archivage et surfaces d'entreposage (Ar)",196,387]
[2011,"ARARE",42,"ARARE","A","CA","CAFETERIA","Locaux du domaine social (So)",430,46.5]
[2011,"ARARE",42,"ARARE","A","LR","LABORATOIRE DE RECHERCHE","Laboratoires (La)",805,20.5]
[2011,"ARARE",42,"ARARE","A","SA","SANITAIRE","Local fictif - sans coût",0,13]
[2011,"ARARE",42,"ARARE","A","SO","LOCAL SOCIAL","Locaux du domaine social (So)",430,17]
[2011,"ARARE",42,"ARARE","A","ST","STOCKAGE","Archivage et surfaces d'entreposage (Ar)",196,13.5]
[2011,"ARARE",42,"ARARE","A","ST","STOCKAGE","Archivage et surfaces d'entreposage (Ar)",196,57.5]
[2011,"CROS",43,"CROSNIER 10","A","AX","ANNEXES","Archivage et surfaces d'entreposage (Ar)",196,3.5]
[2011,"CROS",43,"CROSNIER 10","A","BU","BUREAU","Bureaux (Bü)",392,10.5]
[2011,"CROS",43,"CROSNIER 10","A","BU","BUREAU","Bureaux (Bü)",392,10.5]
[2011,"CROS",43,"CROSNIER 10","A","BU","BUREAU","Bureaux (Bü)",392,12.5]
[2011,"CROS",43,"CROSNIER 10","A","BU","BUREAU","Bureaux (Bü)",392,12.5]
[2011,"CROS",43,"CROSNIER 10","A","BU","BUREAU","Bureaux (Bü)",392,14.5]
[2011,"CROS",43,"CROSNIER 10","A","BU","BUREAU","Bureaux (Bü)",392,14.5]
[2011,"CROS",43,"CROSNIER 10","A","BU","BUREAU","Bureaux (Bü)",392,16]
[2011,"CROS",43,"CROSNIER 10","A","BU","BUREAU","Bureaux (Bü)",392,35.5]
[2011,"CROS",43,"CROSNIER 10","A","LR","LABORATOIRE DE RECHERCHE","Laboratoires (La)",805,35.5]
[2011,"SEUJ",44,"QUAI DU SEUJET","A","AR","ARCHIVES","Archivage et surfaces d'entreposage (Ar)",196,83.5]
[2011,"SEUJ",44,"QUAI DU SEUJET","A","AR","ARCHIVES","Archivage et surfaces d'entreposage (Ar)",196,350]
[2011,"SEUJ",44,"QUAI DU SEUJET","A","AR","ARCHIVES","Archivage et surfaces d'entreposage (Ar)",196,444]
[2011,"SEUJ",44,"QUAI DU SEUJET","A","AR","ARCHIVES","Archivage et surfaces d'entreposage (Ar)",196,766]
[2011,"SEUJ",44,"QUAI DU SEUJET","A","AR","ARCHIVES","Archivage et surfaces d'entreposage (Ar)",196,985.5]
[2011,"SEUJ",44,"QUAI DU SEUJET","A","AR","ARCHIVES","Archivage et surfaces d'entreposage (Ar)",196,998.5]
[2011,"SEUJ",44,"QUAI DU SEUJET","A","AT","ATELIER","Laboratoires (La)",805,19.5]
[2011,"SEUJ",44,"QUAI DU SEUJET","A","AT","ATELIER","Laboratoires (La)",805,24]
[2011,"SEUJ",44,"QUAI DU SEUJET","A","BI","BIBLIOTHEQUE, SALLE DE LECTURE","Bibliothèques (Bi)",468,21]
[2011,"SEUJ",44,"QUAI DU SEUJET","A","BU","BUREAU","Bureaux (Bü)",392,15.5]
[2011,"SEUJ",44,"QUAI DU SEUJET","A","BU","BUREAU","Bureaux (Bü)",392,15.5]
[2011,"SEUJ",44,"QUAI DU SEUJET","A","BU","BUREAU","Bureaux (Bü)",392,98]
[2011,"SEUJ",44,"QUAI DU SEUJET","A","CO","COULOIR","Local fictif - sans coût",0,4.3]
[2011,"SEUJ",44,"QUAI DU SEUJET","A","DP","DEPOT","Archivage et surfaces d'entreposage (Ar)",196,43.3]
[2011,"SEUJ",44,"QUAI DU SEUJET","A","DP","DEPOT","Archivage et surfaces d'entreposage (Ar)",196,58.5]
[2011,"SEUJ",44,"QUAI DU SEUJET","A","TE","LOCAL TECHNIQUE","Laboratoires (La)",805,8]
[2011,"SEUJ",44,"QUAI DU SEUJET","A","TE","LOCAL TECHNIQUE","Laboratoires (La)",805,11.5]
[2011,"SEUJ",44,"QUAI DU SEUJET","A","TE","LOCAL TECHNIQUE","Laboratoires (La)",805,42]
[2011,"SEUJ",44,"QUAI DU SEUJET","A","TE","LOCAL TECHNIQUE","Laboratoires (La)",805,42]
[2011,"CLOCH",45,"CLOCHETTES","A","BU","BUREAU","Bureaux (Bü)",392,30]
[2011,"CLOCH",45,"CLOCHETTES","A","BU","BUREAU","Bureaux (Bü)",392,33]
[2011,"CLOCH",45,"CLOCHETTES","A","BU","BUREAU","Bureaux (Bü)",392,34.5]
[2011,"CLOCH",45,"CLOCHETTES","A","BU","BUREAU","Bureaux (Bü)",392,54.1]
[2011,"CLOCH",45,"CLOCHETTES","A","LR","LABORATOIRE DE RECHERCHE","Laboratoires (La)",805,59.5]
[2011,"CLOCH",45,"CLOCHETTES","A","ST","STOCKAGE","Archivage et surfaces d'entreposage (Ar)",196,5.6]
[2011,"CONCH",46,"ACADEMIE DE L ENVIRONEMENT","I","AT","ATELIER","Laboratoires (La)",805,11]
[2011,"CONCH",46,"ACADEMIE DE L ENVIRONEMENT","I","AT","ATELIER","Laboratoires (La)",805,12]
[2011,"CONCH",46,"ACADEMIE DE L ENVIRONEMENT","I","AX","ANNEXES","Archivage et surfaces d'entreposage (Ar)",196,5]
[2011,"CONCH",46,"ACADEMIE DE L ENVIRONEMENT","I","AX","ANNEXES","Archivage et surfaces d'entreposage (Ar)",196,7]
[2011,"CONCH",46,"ACADEMIE DE L ENVIRONEMENT","I","AX","ANNEXES","Archivage et surfaces d'entreposage (Ar)",196,9]
[2011,"CONCH",46,"ACADEMIE DE L ENVIRONEMENT","I","AX","ANNEXES","Archivage et surfaces d'entreposage (Ar)",196,20]
[2011,"CONCH",46,"ACADEMIE DE L ENVIRONEMENT","I","BU","BUREAU","Bureaux (Bü)",392,6]
[2011,"CONCH",46,"ACADEMIE DE L ENVIRONEMENT","I","BU","BUREAU","Bureaux (Bü)",392,8]
[2011,"CONCH",46,"ACADEMIE DE L ENVIRONEMENT","I","BU","BUREAU","Bureaux (Bü)",392,8]
[2011,"CONCH",46,"ACADEMIE DE L ENVIRONEMENT","I","BU","BUREAU","Bureaux (Bü)",392,10]
[2011,"CONCH",46,"ACADEMIE DE L ENVIRONEMENT","I","BU","BUREAU","Bureaux (Bü)",392,11]
[2011,"CONCH",46,"ACADEMIE DE L ENVIRONEMENT","I","BU","BUREAU","Bureaux (Bü)",392,12]
[2011,"CONCH",46,"ACADEMIE DE L ENVIRONEMENT","I","BU","BUREAU","Bureaux (Bü)",392,13]
[2011,"CONCH",46,"ACADEMIE DE L ENVIRONEMENT","I","BU","BUREAU","Bureaux (Bü)",392,14]
[2011,"CONCH",46,"ACADEMIE DE L ENVIRONEMENT","I","BU","BUREAU","Bureaux (Bü)",392,17]
[2011,"CONCH",46,"ACADEMIE DE L ENVIRONEMENT","I","BU","BUREAU","Bureaux (Bü)",392,17]
[2011,"CONCH",46,"ACADEMIE DE L ENVIRONEMENT","I","BU","BUREAU","Bureaux (Bü)",392,17]
[2011,"CONCH",46,"ACADEMIE DE L ENVIRONEMENT","I","BU","BUREAU","Bureaux (Bü)",392,18]
[2011,"CONCH",46,"ACADEMIE DE L ENVIRONEMENT","I","BU","BUREAU","Bureaux (Bü)",392,19]
[2011,"CONCH",46,"ACADEMIE DE L ENVIRONEMENT","I","BU","BUREAU","Bureaux (Bü)",392,20]
[2011,"CONCH",46,"ACADEMIE DE L ENVIRONEMENT","I","BU","BUREAU","Bureaux (Bü)",392,21]
[2011,"CONCH",46,"ACADEMIE DE L ENVIRONEMENT","I","BU","BUREAU","Bureaux (Bü)",392,32]
[2011,"CONCH",46,"ACADEMIE DE L ENVIRONEMENT","I","BU","BUREAU","Bureaux (Bü)",392,160]
[2011,"CONCH",46,"ACADEMIE DE L ENVIRONEMENT","I","RE","SALLE DE REUNION","Salles d'enseignement (UR)",392,35]
[2011,"CONCH",46,"ACADEMIE DE L ENVIRONEMENT","I","ST","STOCKAGE","Archivage et surfaces d'entreposage (Ar)",196,5]
[2011,"CONCH",46,"ACADEMIE DE L ENVIRONEMENT","I","ST","STOCKAGE","Archivage et surfaces d'entreposage (Ar)",196,22]
[2011,"CONCH",46,"ACADEMIE DE L ENVIRONEMENT","I","ST","STOCKAGE","Archivage et surfaces d'entreposage (Ar)",196,33]
[2011,"ARCH1",47,"ARCHAMPS  PHARMAPEPTIDES","A","BU","BUREAU","Bureaux (Bü)",392,480]
[2011,"BAT D",51,"BATTELLE BATIMENT D","A","AT","ATELIER","Laboratoires (La)",805,7.5]
[2011,"BAT D",51,"BATTELLE BATIMENT D","A","AT","ATELIER","Laboratoires (La)",805,23]
[2011,"BAT D",51,"BATTELLE BATIMENT D","A","AU","AUDITOIRE","Salles de cours (Hö)",667,84]
[2011,"BAT D",51,"BATTELLE BATIMENT D","A","AU","AUDITOIRE","Salles de cours (Hö)",667,142]
[2011,"BAT D",51,"BATTELLE BATIMENT D","A","AX","ANNEXES","Archivage et surfaces d'entreposage (Ar)",196,7.5]
[2011,"BAT D",51,"BATTELLE BATIMENT D","A","AX","ANNEXES","Archivage et surfaces d'entreposage (Ar)",196,15]
[2011,"BAT D",51,"BATTELLE BATIMENT D","A","BU","BUREAU","Bureaux (Bü)",392,7.5]
[2011,"BAT D",51,"BATTELLE BATIMENT D","A","BU","BUREAU","Bureaux (Bü)",392,7.5]
[2011,"BAT D",51,"BATTELLE BATIMENT D","A","BU","BUREAU","Bureaux (Bü)",392,7.5]
[2011,"BAT D",51,"BATTELLE BATIMENT D","A","BU","BUREAU","Bureaux (Bü)",392,7.5]
[2011,"BAT D",51,"BATTELLE BATIMENT D","A","BU","BUREAU","Bureaux (Bü)",392,7.5]
[2011,"BAT D",51,"BATTELLE BATIMENT D","A","BU","BUREAU","Bureaux (Bü)",392,7.5]
[2011,"BAT D",51,"BATTELLE BATIMENT D","A","BU","BUREAU","Bureaux (Bü)",392,7.5]
[2011,"BAT D",51,"BATTELLE BATIMENT D","A","BU","BUREAU","Bureaux (Bü)",392,7.5]
[2011,"BAT D",51,"BATTELLE BATIMENT D","A","BU","BUREAU","Bureaux (Bü)",392,7.5]
[2011,"BAT D",51,"BATTELLE BATIMENT D","A","BU","BUREAU","Bureaux (Bü)",392,7.5]
[2011,"BAT D",51,"BATTELLE BATIMENT D","A","BU","BUREAU","Bureaux (Bü)",392,7.5]
[2011,"BAT D",51,"BATTELLE BATIMENT D","A","BU","BUREAU","Bureaux (Bü)",392,7.5]
[2011,"BAT D",51,"BATTELLE BATIMENT D","A","BU","BUREAU","Bureaux (Bü)",392,7.5]
[2011,"BAT D",51,"BATTELLE BATIMENT D","A","BU","BUREAU","Bureaux (Bü)",392,15]
[2011,"BAT D",51,"BATTELLE BATIMENT D","A","BU","BUREAU","Bureaux (Bü)",392,15]
[2011,"BAT D",51,"BATTELLE BATIMENT D","A","BU","BUREAU","Bureaux (Bü)",392,15]
[2011,"BAT D",51,"BATTELLE BATIMENT D","A","BU","BUREAU","Bureaux (Bü)",392,15]
[2011,"BAT D",51,"BATTELLE BATIMENT D","A","BU","BUREAU","Bureaux (Bü)",392,15]
[2011,"BAT D",51,"BATTELLE BATIMENT D","A","BU","BUREAU","Bureaux (Bü)",392,15]
[2011,"BAT D",51,"BATTELLE BATIMENT D","A","BU","BUREAU","Bureaux (Bü)",392,15]
[2011,"BAT D",51,"BATTELLE BATIMENT D","A","BU","BUREAU","Bureaux (Bü)",392,15]
[2011,"BAT D",51,"BATTELLE BATIMENT D","A","BU","BUREAU","Bureaux (Bü)",392,15]
[2011,"BAT D",51,"BATTELLE BATIMENT D","A","BU","BUREAU","Bureaux (Bü)",392,15]
[2011,"BAT D",51,"BATTELLE BATIMENT D","A","BU","BUREAU","Bureaux (Bü)",392,15]
[2011,"BAT D",51,"BATTELLE BATIMENT D","A","BU","BUREAU","Bureaux (Bü)",392,15]
[2011,"BAT D",51,"BATTELLE BATIMENT D","A","BU","BUREAU","Bureaux (Bü)",392,15]
[2011,"BAT D",51,"BATTELLE BATIMENT D","A","BU","BUREAU","Bureaux (Bü)",392,15]
[2011,"BAT D",51,"BATTELLE BATIMENT D","A","BU","BUREAU","Bureaux (Bü)",392,15]
[2011,"BAT D",51,"BATTELLE BATIMENT D","A","BU","BUREAU","Bureaux (Bü)",392,15]
[2011,"BAT D",51,"BATTELLE BATIMENT D","A","BU","BUREAU","Bureaux (Bü)",392,15]
[2011,"BAT D",51,"BATTELLE BATIMENT D","A","BU","BUREAU","Bureaux (Bü)",392,15]
[2011,"BAT D",51,"BATTELLE BATIMENT D","A","BU","BUREAU","Bureaux (Bü)",392,15]
[2011,"BAT D",51,"BATTELLE BATIMENT D","A","BU","BUREAU","Bureaux (Bü)",392,15]
[2011,"BAT D",51,"BATTELLE BATIMENT D","A","BU","BUREAU","Bureaux (Bü)",392,15]
[2011,"BAT D",51,"BATTELLE BATIMENT D","A","BU","BUREAU","Bureaux (Bü)",392,15]
[2011,"BAT D",51,"BATTELLE BATIMENT D","A","BU","BUREAU","Bureaux (Bü)",392,15]
[2011,"BAT D",51,"BATTELLE BATIMENT D","A","BU","BUREAU","Bureaux (Bü)",392,15]
[2011,"BAT D",51,"BATTELLE BATIMENT D","A","BU","BUREAU","Bureaux (Bü)",392,15]
[2011,"BAT D",51,"BATTELLE BATIMENT D","A","BU","BUREAU","Bureaux (Bü)",392,15]
[2011,"BAT D",51,"BATTELLE BATIMENT D","A","BU","BUREAU","Bureaux (Bü)",392,15]
[2011,"BAT D",51,"BATTELLE BATIMENT D","A","BU","BUREAU","Bureaux (Bü)",392,15]
[2011,"BAT D",51,"BATTELLE BATIMENT D","A","BU","BUREAU","Bureaux (Bü)",392,15]
[2011,"BAT D",51,"BATTELLE BATIMENT D","A","BU","BUREAU","Bureaux (Bü)",392,15]
[2011,"BAT D",51,"BATTELLE BATIMENT D","A","BU","BUREAU","Bureaux (Bü)",392,15]
[2011,"BAT D",51,"BATTELLE BATIMENT D","A","BU","BUREAU","Bureaux (Bü)",392,15]
[2011,"BAT D",51,"BATTELLE BATIMENT D","A","BU","BUREAU","Bureaux (Bü)",392,15]
[2011,"BAT D",51,"BATTELLE BATIMENT D","A","BU","BUREAU","Bureaux (Bü)",392,15]
[2011,"BAT D",51,"BATTELLE BATIMENT D","A","BU","BUREAU","Bureaux (Bü)",392,15]
[2011,"BAT D",51,"BATTELLE BATIMENT D","A","BU","BUREAU","Bureaux (Bü)",392,15]
[2011,"BAT D",51,"BATTELLE BATIMENT D","A","BU","BUREAU","Bureaux (Bü)",392,15]
[2011,"BAT D",51,"BATTELLE BATIMENT D","A","BU","BUREAU","Bureaux (Bü)",392,15]
[2011,"BAT D",51,"BATTELLE BATIMENT D","A","BU","BUREAU","Bureaux (Bü)",392,15]
[2011,"BAT D",51,"BATTELLE BATIMENT D","A","BU","BUREAU","Bureaux (Bü)",392,15]
[2011,"BAT D",51,"BATTELLE BATIMENT D","A","BU","BUREAU","Bureaux (Bü)",392,16]
[2011,"BAT D",51,"BATTELLE BATIMENT D","A","BU","BUREAU","Bureaux (Bü)",392,23]
[2011,"BAT D",51,"BATTELLE BATIMENT D","A","BU","BUREAU","Bureaux (Bü)",392,23]
[2011,"BAT D",51,"BATTELLE BATIMENT D","A","BU","BUREAU","Bureaux (Bü)",392,23.5]
[2011,"BAT D",51,"BATTELLE BATIMENT D","A","BU","BUREAU","Bureaux (Bü)",392,23.5]
[2011,"BAT D",51,"BATTELLE BATIMENT D","A","BU","BUREAU","Bureaux (Bü)",392,23.5]
[2011,"BAT D",51,"BATTELLE BATIMENT D","A","BU","BUREAU","Bureaux (Bü)",392,30]
[2011,"BAT D",51,"BATTELLE BATIMENT D","A","BU","BUREAU","Bureaux (Bü)",392,30]
[2011,"BAT D",51,"BATTELLE BATIMENT D","A","BU","BUREAU","Bureaux (Bü)",392,30]
[2011,"BAT D",51,"BATTELLE BATIMENT D","A","BU","BUREAU","Bureaux (Bü)",392,35]
[2011,"BAT D",51,"BATTELLE BATIMENT D","A","BU","BUREAU","Bureaux (Bü)",392,35.5]
[2011,"BAT D",51,"BATTELLE BATIMENT D","A","BU","BUREAU","Bureaux (Bü)",392,39.5]
[2011,"BAT D",51,"BATTELLE BATIMENT D","A","BU","BUREAU","Bureaux (Bü)",392,39.5]
[2011,"BAT D",51,"BATTELLE BATIMENT D","A","BU","BUREAU","Bureaux (Bü)",392,46]
[2011,"BAT D",51,"BATTELLE BATIMENT D","A","BU","BUREAU","Bureaux (Bü)",392,48.5]
[2011,"BAT D",51,"BATTELLE BATIMENT D","A","RE","SALLE DE REUNION","Salles d'enseignement (UR)",392,15]
[2011,"BAT D",51,"BATTELLE BATIMENT D","A","RE","SALLE DE REUNION","Salles d'enseignement (UR)",392,23]
[2011,"BAT D",51,"BATTELLE BATIMENT D","A","SM","SALLE DE SEMINAIRE / COURS","Salles d'enseignement (UR)",392,23]
[2011,"BAT D",51,"BATTELLE BATIMENT D","A","SM","SALLE DE SEMINAIRE / COURS","Salles d'enseignement (UR)",392,31]
[2011,"BAT D",51,"BATTELLE BATIMENT D","A","SM","SALLE DE SEMINAIRE / COURS","Salles d'enseignement (UR)",392,60]
[2011,"BAT D",51,"BATTELLE BATIMENT D","A","ST","STOCKAGE","Archivage et surfaces d'entreposage (Ar)",196,7.5]
[2011,"BAT D",51,"BATTELLE BATIMENT D","A","ST","STOCKAGE","Archivage et surfaces d'entreposage (Ar)",196,23]
[2011,"BAT D",51,"BATTELLE BATIMENT D","A","ST","STOCKAGE","Archivage et surfaces d'entreposage (Ar)",196,32]
[2011,"BAT D",51,"BATTELLE BATIMENT D","A","ST","STOCKAGE","Archivage et surfaces d'entreposage (Ar)",196,32.5]
[2011,"BAT D",51,"BATTELLE BATIMENT D","A","ST","STOCKAGE","Archivage et surfaces d'entreposage (Ar)",196,32.5]
[2011,"BAT D",51,"BATTELLE BATIMENT D","A","ST","STOCKAGE","Archivage et surfaces d'entreposage (Ar)",196,40.5]
[2011,"BAT D",51,"BATTELLE BATIMENT D","A","ST","STOCKAGE","Archivage et surfaces d'entreposage (Ar)",196,64]
[2011,"BAT D",51,"BATTELLE BATIMENT D","A","ST","STOCKAGE","Archivage et surfaces d'entreposage (Ar)",196,96]
[2011,"BAT D",51,"BATTELLE BATIMENT D","A","ST","STOCKAGE","Archivage et surfaces d'entreposage (Ar)",196,144]
[2011,"BAT D",51,"BATTELLE BATIMENT D","A","ST","STOCKAGE","Archivage et surfaces d'entreposage (Ar)",196,200]
[2011,"BAT D",51,"BATTELLE BATIMENT D","A","TP","SALLE DE TRAVAUX PRATIQUES","Salles d'enseignement (UR)",392,55]
[2011,"BAT D",51,"BATTELLE BATIMENT D","A","TP","SALLE DE TRAVAUX PRATIQUES","Salles d'enseignement (UR)",392,156.5]
[2011,"BAT D",51,"BATTELLE BATIMENT D","A","TP","SALLE DE TRAVAUX PRATIQUES","Salles d'enseignement (UR)",392,166]
[2011,"BAT A",52,"BATTELLE BATIMENT A","A","AX","ANNEXES","Archivage et surfaces d'entreposage (Ar)",196,8]
[2011,"BAT A",52,"BATTELLE BATIMENT A","A","BI","BIBLIOTHEQUE, SALLE DE LECTURE","Bibliothèques (Bi)",468,246]
[2011,"BAT A",52,"BATTELLE BATIMENT A","A","BI","BIBLIOTHEQUE, SALLE DE LECTURE","Bibliothèques (Bi)",468,258]
[2011,"BAT A",52,"BATTELLE BATIMENT A","A","BU","BUREAU","Bureaux (Bü)",392,5.5]
[2011,"BAT A",52,"BATTELLE BATIMENT A","A","BU","BUREAU","Bureaux (Bü)",392,9]
[2011,"BAT A",52,"BATTELLE BATIMENT A","A","BU","BUREAU","Bureaux (Bü)",392,9]
[2011,"BAT A",52,"BATTELLE BATIMENT A","A","BU","BUREAU","Bureaux (Bü)",392,11]
[2011,"BAT A",52,"BATTELLE BATIMENT A","A","BU","BUREAU","Bureaux (Bü)",392,11]
[2011,"BAT A",52,"BATTELLE BATIMENT A","A","BU","BUREAU","Bureaux (Bü)",392,14]
[2011,"BAT A",52,"BATTELLE BATIMENT A","A","BU","BUREAU","Bureaux (Bü)",392,15.5]
[2011,"BAT A",52,"BATTELLE BATIMENT A","A","BU","BUREAU","Bureaux (Bü)",392,15.5]
[2011,"BAT A",52,"BATTELLE BATIMENT A","A","BU","BUREAU","Bureaux (Bü)",392,17]
[2011,"BAT A",52,"BATTELLE BATIMENT A","A","BU","BUREAU","Bureaux (Bü)",392,17]
[2011,"BAT A",52,"BATTELLE BATIMENT A","A","BU","BUREAU","Bureaux (Bü)",392,23]
[2011,"BAT A",52,"BATTELLE BATIMENT A","A","BU","BUREAU","Bureaux (Bü)",392,23.5]
[2011,"BAT A",52,"BATTELLE BATIMENT A","A","BU","BUREAU","Bureaux (Bü)",392,23.5]
[2011,"BAT A",52,"BATTELLE BATIMENT A","A","BU","BUREAU","Bureaux (Bü)",392,23.5]
[2011,"BAT A",52,"BATTELLE BATIMENT A","A","BU","BUREAU","Bureaux (Bü)",392,23.5]
[2011,"BAT A",52,"BATTELLE BATIMENT A","A","BU","BUREAU","Bureaux (Bü)",392,23.5]
[2011,"BAT A",52,"BATTELLE BATIMENT A","A","BU","BUREAU","Bureaux (Bü)",392,23.5]
[2011,"BAT A",52,"BATTELLE BATIMENT A","A","BU","BUREAU","Bureaux (Bü)",392,23.5]
[2011,"BAT A",52,"BATTELLE BATIMENT A","A","BU","BUREAU","Bureaux (Bü)",392,23.5]
[2011,"BAT A",52,"BATTELLE BATIMENT A","A","BU","BUREAU","Bureaux (Bü)",392,23.5]
[2011,"BAT A",52,"BATTELLE BATIMENT A","A","BU","BUREAU","Bureaux (Bü)",392,23.5]
[2011,"BAT A",52,"BATTELLE BATIMENT A","A","BU","BUREAU","Bureaux (Bü)",392,23.5]
[2011,"BAT A",52,"BATTELLE BATIMENT A","A","BU","BUREAU","Bureaux (Bü)",392,23.5]
[2011,"BAT A",52,"BATTELLE BATIMENT A","A","BU","BUREAU","Bureaux (Bü)",392,23.5]
[2011,"BAT A",52,"BATTELLE BATIMENT A","A","BU","BUREAU","Bureaux (Bü)",392,23.5]
[2011,"BAT A",52,"BATTELLE BATIMENT A","A","BU","BUREAU","Bureaux (Bü)",392,23.5]
[2011,"BAT A",52,"BATTELLE BATIMENT A","A","BU","BUREAU","Bureaux (Bü)",392,23.5]
[2011,"BAT A",52,"BATTELLE BATIMENT A","A","BU","BUREAU","Bureaux (Bü)",392,23.5]
[2011,"BAT A",52,"BATTELLE BATIMENT A","A","BU","BUREAU","Bureaux (Bü)",392,23.5]
[2011,"BAT A",52,"BATTELLE BATIMENT A","A","BU","BUREAU","Bureaux (Bü)",392,23.5]
[2011,"BAT A",52,"BATTELLE BATIMENT A","A","BU","BUREAU","Bureaux (Bü)",392,23.5]
[2011,"BAT A",52,"BATTELLE BATIMENT A","A","BU","BUREAU","Bureaux (Bü)",392,23.5]
[2011,"BAT A",52,"BATTELLE BATIMENT A","A","BU","BUREAU","Bureaux (Bü)",392,23.5]
[2011,"BAT A",52,"BATTELLE BATIMENT A","A","BU","BUREAU","Bureaux (Bü)",392,23.5]
[2011,"BAT A",52,"BATTELLE BATIMENT A","A","BU","BUREAU","Bureaux (Bü)",392,23.5]
[2011,"BAT A",52,"BATTELLE BATIMENT A","A","BU","BUREAU","Bureaux (Bü)",392,23.5]
[2011,"BAT A",52,"BATTELLE BATIMENT A","A","BU","BUREAU","Bureaux (Bü)",392,23.5]
[2011,"BAT A",52,"BATTELLE BATIMENT A","A","BU","BUREAU","Bureaux (Bü)",392,23.5]
[2011,"BAT A",52,"BATTELLE BATIMENT A","A","BU","BUREAU","Bureaux (Bü)",392,23.5]
[2011,"BAT A",52,"BATTELLE BATIMENT A","A","BU","BUREAU","Bureaux (Bü)",392,23.5]
[2011,"BAT A",52,"BATTELLE BATIMENT A","A","BU","BUREAU","Bureaux (Bü)",392,23.5]
[2011,"BAT A",52,"BATTELLE BATIMENT A","A","BU","BUREAU","Bureaux (Bü)",392,23.5]
[2011,"BAT A",52,"BATTELLE BATIMENT A","A","BU","BUREAU","Bureaux (Bü)",392,23.5]
[2011,"BAT A",52,"BATTELLE BATIMENT A","A","BU","BUREAU","Bureaux (Bü)",392,23.5]
[2011,"BAT A",52,"BATTELLE BATIMENT A","A","BU","BUREAU","Bureaux (Bü)",392,23.5]
[2011,"BAT A",52,"BATTELLE BATIMENT A","A","BU","BUREAU","Bureaux (Bü)",392,23.5]
[2011,"BAT A",52,"BATTELLE BATIMENT A","A","BU","BUREAU","Bureaux (Bü)",392,23.5]
[2011,"BAT A",52,"BATTELLE BATIMENT A","A","BU","BUREAU","Bureaux (Bü)",392,23.5]
[2011,"BAT A",52,"BATTELLE BATIMENT A","A","BU","BUREAU","Bureaux (Bü)",392,23.5]
[2011,"BAT A",52,"BATTELLE BATIMENT A","A","BU","BUREAU","Bureaux (Bü)",392,23.5]
[2011,"BAT A",52,"BATTELLE BATIMENT A","A","BU","BUREAU","Bureaux (Bü)",392,23.5]
[2011,"BAT A",52,"BATTELLE BATIMENT A","A","BU","BUREAU","Bureaux (Bü)",392,23.5]
[2011,"BAT A",52,"BATTELLE BATIMENT A","A","BU","BUREAU","Bureaux (Bü)",392,23.5]
[2011,"BAT A",52,"BATTELLE BATIMENT A","A","BU","BUREAU","Bureaux (Bü)",392,23.5]
[2011,"BAT A",52,"BATTELLE BATIMENT A","A","BU","BUREAU","Bureaux (Bü)",392,23.5]
[2011,"BAT A",52,"BATTELLE BATIMENT A","A","BU","BUREAU","Bureaux (Bü)",392,23.5]
[2011,"BAT A",52,"BATTELLE BATIMENT A","A","BU","BUREAU","Bureaux (Bü)",392,23.5]
[2011,"BAT A",52,"BATTELLE BATIMENT A","A","BU","BUREAU","Bureaux (Bü)",392,23.5]
[2011,"BAT A",52,"BATTELLE BATIMENT A","A","BU","BUREAU","Bureaux (Bü)",392,23.5]
[2011,"BAT A",52,"BATTELLE BATIMENT A","A","BU","BUREAU","Bureaux (Bü)",392,23.5]
[2011,"BAT A",52,"BATTELLE BATIMENT A","A","BU","BUREAU","Bureaux (Bü)",392,23.5]
[2011,"BAT A",52,"BATTELLE BATIMENT A","A","BU","BUREAU","Bureaux (Bü)",392,23.5]
[2011,"BAT A",52,"BATTELLE BATIMENT A","A","BU","BUREAU","Bureaux (Bü)",392,23.5]
[2011,"BAT A",52,"BATTELLE BATIMENT A","A","BU","BUREAU","Bureaux (Bü)",392,24]
[2011,"BAT A",52,"BATTELLE BATIMENT A","A","BU","BUREAU","Bureaux (Bü)",392,29.5]
[2011,"BAT A",52,"BATTELLE BATIMENT A","A","BU","BUREAU","Bureaux (Bü)",392,30]
[2011,"BAT A",52,"BATTELLE BATIMENT A","A","BU","BUREAU","Bureaux (Bü)",392,35]
[2011,"BAT A",52,"BATTELLE BATIMENT A","A","BU","BUREAU","Bureaux (Bü)",392,48]
[2011,"BAT A",52,"BATTELLE BATIMENT A","A","BU","BUREAU","Bureaux (Bü)",392,48]
[2011,"BAT A",52,"BATTELLE BATIMENT A","A","BU","BUREAU","Bureaux (Bü)",392,69.5]
[2011,"BAT A",52,"BATTELLE BATIMENT A","A","BU","BUREAU","Bureaux (Bü)",392,72.5]
[2011,"BAT A",52,"BATTELLE BATIMENT A","A","BU","BUREAU","Bureaux (Bü)",392,72.5]
[2011,"BAT A",52,"BATTELLE BATIMENT A","A","CA","CAFETERIA","Locaux du domaine social (So)",430,65.2]
[2011,"BAT A",52,"BATTELLE BATIMENT A","A","CA","CAFETERIA","Locaux du domaine social (So)",430,297]
[2011,"BAT A",52,"BATTELLE BATIMENT A","A","CA","CAFETERIA","Locaux du domaine social (So)",430,370]
[2011,"BAT A",52,"BATTELLE BATIMENT A","A","CO","COULOIR","Local fictif - sans coût",0,5]
[2011,"BAT A",52,"BATTELLE BATIMENT A","A","CO","COULOIR","Local fictif - sans coût",0,7.5]
[2011,"BAT A",52,"BATTELLE BATIMENT A","A","CS","COMPACTUS","Archivage et surfaces d'entreposage (Ar)",196,43.5]
[2011,"BAT A",52,"BATTELLE BATIMENT A","A","DV","DIVERS","Local fictif - sans coût",0,4.5]
[2011,"BAT A",52,"BATTELLE BATIMENT A","A","LR","LABORATOIRE DE RECHERCHE","Laboratoires (La)",805,20]
[2011,"BAT A",52,"BATTELLE BATIMENT A","A","LR","LABORATOIRE DE RECHERCHE","Laboratoires (La)",805,23.5]
[2011,"BAT A",52,"BATTELLE BATIMENT A","A","LR","LABORATOIRE DE RECHERCHE","Laboratoires (La)",805,48]
[2011,"BAT A",52,"BATTELLE BATIMENT A","A","LR","LABORATOIRE DE RECHERCHE","Laboratoires (La)",805,48]
[2011,"BAT A",52,"BATTELLE BATIMENT A","A","LR","LABORATOIRE DE RECHERCHE","Laboratoires (La)",805,48]
[2011,"BAT A",52,"BATTELLE BATIMENT A","A","LR","LABORATOIRE DE RECHERCHE","Laboratoires (La)",805,72.5]
[2011,"BAT A",52,"BATTELLE BATIMENT A","A","PC","SALLE DE TERMINAUX","Laboratoires (La)",805,48]
[2011,"BAT A",52,"BATTELLE BATIMENT A","A","PC","SALLE DE TERMINAUX","Laboratoires (La)",805,48]
[2011,"BAT A",52,"BATTELLE BATIMENT A","A","RE","SALLE DE REUNION","Salles d'enseignement (UR)",392,48]
[2011,"BAT A",52,"BATTELLE BATIMENT A","A","RE","SALLE DE REUNION","Salles d'enseignement (UR)",392,48]
[2011,"BAT A",52,"BATTELLE BATIMENT A","A","RE","SALLE DE REUNION","Salles d'enseignement (UR)",392,48]
[2011,"BAT A",52,"BATTELLE BATIMENT A","A","SM","SALLE DE SEMINAIRE / COURS","Salles d'enseignement (UR)",392,71]
[2011,"BAT A",52,"BATTELLE BATIMENT A","A","SM","SALLE DE SEMINAIRE / COURS","Salles d'enseignement (UR)",392,71]
[2011,"BAT A",52,"BATTELLE BATIMENT A","A","SM","SALLE DE SEMINAIRE / COURS","Salles d'enseignement (UR)",392,96]
[2011,"BAT A",52,"BATTELLE BATIMENT A","A","SM","SALLE DE SEMINAIRE / COURS","Salles d'enseignement (UR)",392,144]
[2011,"BAT A",52,"BATTELLE BATIMENT A","A","ST","STOCKAGE","Archivage et surfaces d'entreposage (Ar)",196,8]
[2011,"BAT A",52,"BATTELLE BATIMENT A","A","ST","STOCKAGE","Archivage et surfaces d'entreposage (Ar)",196,19.5]
[2011,"BAT A",52,"BATTELLE BATIMENT A","A","ST","STOCKAGE","Archivage et surfaces d'entreposage (Ar)",196,31.5]
[2011,"BAT A",52,"BATTELLE BATIMENT A","A","ST","STOCKAGE","Archivage et surfaces d'entreposage (Ar)",196,34.5]
[2011,"BAT A",52,"BATTELLE BATIMENT A","A","ST","STOCKAGE","Archivage et surfaces d'entreposage (Ar)",196,34.799999999999997]
[2011,"BAT A",52,"BATTELLE BATIMENT A","A","ST","STOCKAGE","Archivage et surfaces d'entreposage (Ar)",196,50]
[2011,"BAT A",52,"BATTELLE BATIMENT A","A","ST","STOCKAGE","Archivage et surfaces d'entreposage (Ar)",196,50.2]
[2011,"BAT A",52,"BATTELLE BATIMENT A","A","TE","LOCAL TECHNIQUE","Laboratoires (La)",805,11.5]
[2011,"BAT A",52,"BATTELLE BATIMENT A","A","TP","SALLE DE TRAVAUX PRATIQUES","Salles d'enseignement (UR)",392,23.5]
[2011,"HCUG",54,"HOPITAL CANTONAL","A","BU","BUREAU","Bureaux (Bü)",392,10.7]
[2011,"HCUG",54,"HOPITAL CANTONAL","A","BU","BUREAU","Bureaux (Bü)",392,16.8]
[2011,"HCUG",54,"HOPITAL CANTONAL","A","BU","BUREAU","Bureaux (Bü)",392,31]
[2011,"CIG",60,"CENTRE INT FAC DE GERONTOLOGIE","A","BU","BUREAU","Bureaux (Bü)",392,12.5]
[2011,"CIG",60,"CENTRE INT FAC DE GERONTOLOGIE","A","BU","BUREAU","Bureaux (Bü)",392,14]
[2011,"CIG",60,"CENTRE INT FAC DE GERONTOLOGIE","A","BU","BUREAU","Bureaux (Bü)",392,16]
[2011,"CIG",60,"CENTRE INT FAC DE GERONTOLOGIE","A","BU","BUREAU","Bureaux (Bü)",392,16]
[2011,"CIG",60,"CENTRE INT FAC DE GERONTOLOGIE","A","BU","BUREAU","Bureaux (Bü)",392,17]
[2011,"CIG",60,"CENTRE INT FAC DE GERONTOLOGIE","A","BU","BUREAU","Bureaux (Bü)",392,22.5]
[2011,"CIG",60,"CENTRE INT FAC DE GERONTOLOGIE","A","BU","BUREAU","Bureaux (Bü)",392,25.5]
[2011,"CIG",60,"CENTRE INT FAC DE GERONTOLOGIE","A","BU","BUREAU","Bureaux (Bü)",392,34.5]
[2011,"TURI",63,"CHEMIN THURY","A","AR","ARCHIVES","Archivage et surfaces d'entreposage (Ar)",196,58]
[2011,"TURI",63,"CHEMIN THURY","A","BI","BIBLIOTHEQUE, SALLE DE LECTURE","Bibliothèques (Bi)",468,58]
[2011,"TURI",63,"CHEMIN THURY","A","BU","BUREAU","Bureaux (Bü)",392,13]
[2011,"TURI",63,"CHEMIN THURY","A","BU","BUREAU","Bureaux (Bü)",392,13.5]
[2011,"TURI",63,"CHEMIN THURY","A","BU","BUREAU","Bureaux (Bü)",392,16]
[2011,"TURI",63,"CHEMIN THURY","A","BU","BUREAU","Bureaux (Bü)",392,17]
[2011,"TURI",63,"CHEMIN THURY","A","BU","BUREAU","Bureaux (Bü)",392,17.5]
[2011,"TURI",63,"CHEMIN THURY","A","BU","BUREAU","Bureaux (Bü)",392,17.5]
[2011,"TURI",63,"CHEMIN THURY","A","BU","BUREAU","Bureaux (Bü)",392,20.5]
[2011,"TURI",63,"CHEMIN THURY","A","BU","BUREAU","Bureaux (Bü)",392,32.5]
[2011,"TURI",63,"CHEMIN THURY","A","BU","BUREAU","Bureaux (Bü)",392,38]
[2011,"TURI",63,"CHEMIN THURY","A","CA","CAFETERIA","Locaux du domaine social (So)",430,13]
[2011,"TURI",63,"CHEMIN THURY","A","DV","DIVERS","Local fictif - sans coût",0,12.5]
[2011,"TURI",63,"CHEMIN THURY","A","DV","DIVERS","Local fictif - sans coût",0,14]
[2011,"TURI",63,"CHEMIN THURY","A","ST","STOCKAGE","Archivage et surfaces d'entreposage (Ar)",196,2]
[2011,"TURI",63,"CHEMIN THURY","A","ST","STOCKAGE","Archivage et surfaces d'entreposage (Ar)",196,3]
[2011,"TURI",63,"CHEMIN THURY","A","ST","STOCKAGE","Archivage et surfaces d'entreposage (Ar)",196,7]
[2011,"TURI",63,"CHEMIN THURY","A","ST","STOCKAGE","Archivage et surfaces d'entreposage (Ar)",196,7.5]
[2011,"TURI",63,"CHEMIN THURY","A","ST","STOCKAGE","Archivage et surfaces d'entreposage (Ar)",196,17.5]
[2011,"TURI",63,"CHEMIN THURY","A","ST","STOCKAGE","Archivage et surfaces d'entreposage (Ar)",196,21.5]
[2011,"DUF20",68,"GENERAL DUFOUR 20","I","AT","ATELIER","Laboratoires (La)",805,16.5]
[2011,"DUF20",68,"GENERAL DUFOUR 20","I","BU","BUREAU","Bureaux (Bü)",392,11]
[2011,"DUF20",68,"GENERAL DUFOUR 20","I","BU","BUREAU","Bureaux (Bü)",392,13]
[2011,"DUF20",68,"GENERAL DUFOUR 20","I","BU","BUREAU","Bureaux (Bü)",392,13]
[2011,"DUF20",68,"GENERAL DUFOUR 20","I","BU","BUREAU","Bureaux (Bü)",392,14]
[2011,"DUF20",68,"GENERAL DUFOUR 20","I","BU","BUREAU","Bureaux (Bü)",392,14.5]
[2011,"DUF20",68,"GENERAL DUFOUR 20","I","BU","BUREAU","Bureaux (Bü)",392,14.5]
[2011,"DUF20",68,"GENERAL DUFOUR 20","I","BU","BUREAU","Bureaux (Bü)",392,15]
[2011,"DUF20",68,"GENERAL DUFOUR 20","I","BU","BUREAU","Bureaux (Bü)",392,15]
[2011,"DUF20",68,"GENERAL DUFOUR 20","I","BU","BUREAU","Bureaux (Bü)",392,16.5]
[2011,"DUF20",68,"GENERAL DUFOUR 20","I","BU","BUREAU","Bureaux (Bü)",392,16.5]
[2011,"DUF20",68,"GENERAL DUFOUR 20","I","BU","BUREAU","Bureaux (Bü)",392,17]
[2011,"DUF20",68,"GENERAL DUFOUR 20","I","BU","BUREAU","Bureaux (Bü)",392,17.5]
[2011,"DUF20",68,"GENERAL DUFOUR 20","I","BU","BUREAU","Bureaux (Bü)",392,18]
[2011,"DUF20",68,"GENERAL DUFOUR 20","I","BU","BUREAU","Bureaux (Bü)",392,18]
[2011,"DUF20",68,"GENERAL DUFOUR 20","I","BU","BUREAU","Bureaux (Bü)",392,18.5]
[2011,"DUF20",68,"GENERAL DUFOUR 20","I","BU","BUREAU","Bureaux (Bü)",392,20]
[2011,"DUF20",68,"GENERAL DUFOUR 20","I","BU","BUREAU","Bureaux (Bü)",392,21]
[2011,"DUF20",68,"GENERAL DUFOUR 20","I","BU","BUREAU","Bureaux (Bü)",392,21.5]
[2011,"DUF20",68,"GENERAL DUFOUR 20","I","BU","BUREAU","Bureaux (Bü)",392,26.5]
[2011,"FRIED",69,"VILLA FRIEDHEIM","A","AR","ARCHIVES","Archivage et surfaces d'entreposage (Ar)",196,7.9]
[2011,"FRIED",69,"VILLA FRIEDHEIM","A","AR","ARCHIVES","Archivage et surfaces d'entreposage (Ar)",196,20.9]
[2011,"FRIED",69,"VILLA FRIEDHEIM","A","AX","ANNEXES","Archivage et surfaces d'entreposage (Ar)",196,5.35]
[2011,"FRIED",69,"VILLA FRIEDHEIM","A","AX","ANNEXES","Archivage et surfaces d'entreposage (Ar)",196,22.1]
[2011,"FRIED",69,"VILLA FRIEDHEIM","A","BI","BIBLIOTHEQUE, SALLE DE LECTURE","Bibliothèques (Bi)",468,22.9]
[2011,"FRIED",69,"VILLA FRIEDHEIM","A","BU","BUREAU","Bureaux (Bü)",392,5.5]
[2011,"FRIED",69,"VILLA FRIEDHEIM","A","BU","BUREAU","Bureaux (Bü)",392,6.8]
[2011,"FRIED",69,"VILLA FRIEDHEIM","A","BU","BUREAU","Bureaux (Bü)",392,9.9]
[2011,"FRIED",69,"VILLA FRIEDHEIM","A","BU","BUREAU","Bureaux (Bü)",392,9.9]
[2011,"FRIED",69,"VILLA FRIEDHEIM","A","BU","BUREAU","Bureaux (Bü)",392,12.8]
[2011,"FRIED",69,"VILLA FRIEDHEIM","A","BU","BUREAU","Bureaux (Bü)",392,13.8]
[2011,"FRIED",69,"VILLA FRIEDHEIM","A","BU","BUREAU","Bureaux (Bü)",392,16]
[2011,"FRIED",69,"VILLA FRIEDHEIM","A","BU","BUREAU","Bureaux (Bü)",392,19.3]
[2011,"FRIED",69,"VILLA FRIEDHEIM","A","BU","BUREAU","Bureaux (Bü)",392,19.899999999999999]
[2011,"FRIED",69,"VILLA FRIEDHEIM","A","BU","BUREAU","Bureaux (Bü)",392,20.100000000000001]
[2011,"FRIED",69,"VILLA FRIEDHEIM","A","BU","BUREAU","Bureaux (Bü)",392,22.7]
[2011,"FRIED",69,"VILLA FRIEDHEIM","A","CA","CAFETERIA","Locaux du domaine social (So)",430,23.9]
[2011,"FRIED",69,"VILLA FRIEDHEIM","A","CO","COULOIR","Local fictif - sans coût",0,5.35]
[2011,"FRIED",69,"VILLA FRIEDHEIM","A","DP","DEPOT","Archivage et surfaces d'entreposage (Ar)",196,14.5]
[2011,"FRIED",69,"VILLA FRIEDHEIM","A","SA","SANITAIRE","Local fictif - sans coût",0,9]
[2011,"FRIED",69,"VILLA FRIEDHEIM","A","ST","STOCKAGE","Archivage et surfaces d'entreposage (Ar)",196,14.1]
[2011,"IMD",70,"SMD","A","AR","ARCHIVES","Archivage et surfaces d'entreposage (Ar)",196,29]
[2011,"IMD",70,"SMD","A","AR","ARCHIVES","Archivage et surfaces d'entreposage (Ar)",196,70]
[2011,"IMD",70,"SMD","A","AT","ATELIER","Laboratoires (La)",805,14]
[2011,"IMD",70,"SMD","A","AT","ATELIER","Laboratoires (La)",805,20]
[2011,"IMD",70,"SMD","A","AT","ATELIER","Laboratoires (La)",805,37.5]
[2011,"IMD",70,"SMD","A","AU","AUDITOIRE","Salles de cours (Hö)",667,80.5]
[2011,"IMD",70,"SMD","A","AU","AUDITOIRE","Salles de cours (Hö)",667,89.5]
[2011,"IMD",70,"SMD","A","AU","AUDITOIRE","Salles de cours (Hö)",667,98.5]
[2011,"IMD",70,"SMD","A","AX","ANNEXES","Archivage et surfaces d'entreposage (Ar)",196,3]
[2011,"IMD",70,"SMD","A","AX","ANNEXES","Archivage et surfaces d'entreposage (Ar)",196,11]
[2011,"IMD",70,"SMD","A","AX","ANNEXES","Archivage et surfaces d'entreposage (Ar)",196,16.5]
[2011,"IMD",70,"SMD","A","AX","ANNEXES","Archivage et surfaces d'entreposage (Ar)",196,19]
[2011,"IMD",70,"SMD","A","BU","BUREAU","Bureaux (Bü)",392,6.5]
[2011,"IMD",70,"SMD","A","BU","BUREAU","Bureaux (Bü)",392,6.5]
[2011,"IMD",70,"SMD","A","BU","BUREAU","Bureaux (Bü)",392,8.5]
[2011,"IMD",70,"SMD","A","BU","BUREAU","Bureaux (Bü)",392,9]
[2011,"IMD",70,"SMD","A","BU","BUREAU","Bureaux (Bü)",392,9.5]
[2011,"IMD",70,"SMD","A","BU","BUREAU","Bureaux (Bü)",392,9.5]
[2011,"IMD",70,"SMD","A","BU","BUREAU","Bureaux (Bü)",392,10]
[2011,"IMD",70,"SMD","A","BU","BUREAU","Bureaux (Bü)",392,10.5]
[2011,"IMD",70,"SMD","A","BU","BUREAU","Bureaux (Bü)",392,11.5]
[2011,"IMD",70,"SMD","A","BU","BUREAU","Bureaux (Bü)",392,11.5]
[2011,"IMD",70,"SMD","A","BU","BUREAU","Bureaux (Bü)",392,12]
[2011,"IMD",70,"SMD","A","BU","BUREAU","Bureaux (Bü)",392,12]
[2011,"IMD",70,"SMD","A","BU","BUREAU","Bureaux (Bü)",392,12.5]
[2011,"IMD",70,"SMD","A","BU","BUREAU","Bureaux (Bü)",392,13]
[2011,"IMD",70,"SMD","A","BU","BUREAU","Bureaux (Bü)",392,13]
[2011,"IMD",70,"SMD","A","BU","BUREAU","Bureaux (Bü)",392,13.5]
[2011,"IMD",70,"SMD","A","BU","BUREAU","Bureaux (Bü)",392,14.5]
[2011,"IMD",70,"SMD","A","BU","BUREAU","Bureaux (Bü)",392,17.5]
[2011,"IMD",70,"SMD","A","BU","BUREAU","Bureaux (Bü)",392,18]
[2011,"IMD",70,"SMD","A","BU","BUREAU","Bureaux (Bü)",392,18]
[2011,"IMD",70,"SMD","A","BU","BUREAU","Bureaux (Bü)",392,18]
[2011,"IMD",70,"SMD","A","BU","BUREAU","Bureaux (Bü)",392,18.5]
[2011,"IMD",70,"SMD","A","BU","BUREAU","Bureaux (Bü)",392,18.5]
[2011,"IMD",70,"SMD","A","BU","BUREAU","Bureaux (Bü)",392,19]
[2011,"IMD",70,"SMD","A","BU","BUREAU","Bureaux (Bü)",392,19]
[2011,"IMD",70,"SMD","A","BU","BUREAU","Bureaux (Bü)",392,19]
[2011,"IMD",70,"SMD","A","BU","BUREAU","Bureaux (Bü)",392,19]
[2011,"IMD",70,"SMD","A","BU","BUREAU","Bureaux (Bü)",392,19]
[2011,"IMD",70,"SMD","A","BU","BUREAU","Bureaux (Bü)",392,20]
[2011,"IMD",70,"SMD","A","BU","BUREAU","Bureaux (Bü)",392,23.5]
[2011,"IMD",70,"SMD","A","BU","BUREAU","Bureaux (Bü)",392,24.5]
[2011,"IMD",70,"SMD","A","BU","BUREAU","Bureaux (Bü)",392,27]
[2011,"IMD",70,"SMD","A","BU","BUREAU","Bureaux (Bü)",392,27.5]
[2011,"IMD",70,"SMD","A","BU","BUREAU","Bureaux (Bü)",392,28.5]
[2011,"IMD",70,"SMD","A","BU","BUREAU","Bureaux (Bü)",392,28.5]
[2011,"IMD",70,"SMD","A","BU","BUREAU","Bureaux (Bü)",392,29.5]
[2011,"IMD",70,"SMD","A","BU","BUREAU","Bureaux (Bü)",392,32]
[2011,"IMD",70,"SMD","A","BU","BUREAU","Bureaux (Bü)",392,34]
[2011,"IMD",70,"SMD","A","BU","BUREAU","Bureaux (Bü)",392,34]
[2011,"IMD",70,"SMD","A","CA","CAFETERIA","Locaux du domaine social (So)",430,38]
[2011,"IMD",70,"SMD","A","CA","CAFETERIA","Locaux du domaine social (So)",430,74.5]
[2011,"IMD",70,"SMD","A","DP","DEPOT","Archivage et surfaces d'entreposage (Ar)",196,3]
[2011,"IMD",70,"SMD","A","DP","DEPOT","Archivage et surfaces d'entreposage (Ar)",196,4]
[2011,"IMD",70,"SMD","A","DV","DIVERS","Local fictif - sans coût",0,2.5]
[2011,"IMD",70,"SMD","A","DV","DIVERS","Local fictif - sans coût",0,5.5]
[2011,"IMD",70,"SMD","A","DV","DIVERS","Local fictif - sans coût",0,6]
[2011,"IMD",70,"SMD","A","DV","DIVERS","Local fictif - sans coût",0,8]
[2011,"IMD",70,"SMD","A","DV","DIVERS","Local fictif - sans coût",0,8]
[2011,"IMD",70,"SMD","A","DV","DIVERS","Local fictif - sans coût",0,8]
[2011,"IMD",70,"SMD","A","DV","DIVERS","Local fictif - sans coût",0,42.5]
[2011,"IMD",70,"SMD","A","DV","DIVERS","Local fictif - sans coût",0,47]
[2011,"IMD",70,"SMD","A","DV","DIVERS","Local fictif - sans coût",0,66]
[2011,"IMD",70,"SMD","A","DV","DIVERS","Local fictif - sans coût",0,88.5]
[2011,"IMD",70,"SMD","A","LH","LABO PHOTO HUMIDE","Laboratoires (La)",805,9.5]
[2011,"IMD",70,"SMD","A","LR","LABORATOIRE DE RECHERCHE","Laboratoires (La)",805,2.5]
[2011,"IMD",70,"SMD","A","LR","LABORATOIRE DE RECHERCHE","Laboratoires (La)",805,2.5]
[2011,"IMD",70,"SMD","A","LR","LABORATOIRE DE RECHERCHE","Laboratoires (La)",805,3]
[2011,"IMD",70,"SMD","A","LR","LABORATOIRE DE RECHERCHE","Laboratoires (La)",805,3]
[2011,"IMD",70,"SMD","A","LR","LABORATOIRE DE RECHERCHE","Laboratoires (La)",805,4]
[2011,"IMD",70,"SMD","A","LR","LABORATOIRE DE RECHERCHE","Laboratoires (La)",805,4.5]
[2011,"IMD",70,"SMD","A","LR","LABORATOIRE DE RECHERCHE","Laboratoires (La)",805,4.5]
[2011,"IMD",70,"SMD","A","LR","LABORATOIRE DE RECHERCHE","Laboratoires (La)",805,5]
[2011,"IMD",70,"SMD","A","LR","LABORATOIRE DE RECHERCHE","Laboratoires (La)",805,6]
[2011,"IMD",70,"SMD","A","LR","LABORATOIRE DE RECHERCHE","Laboratoires (La)",805,9]
[2011,"IMD",70,"SMD","A","LR","LABORATOIRE DE RECHERCHE","Laboratoires (La)",805,11]
[2011,"IMD",70,"SMD","A","LR","LABORATOIRE DE RECHERCHE","Laboratoires (La)",805,11.5]
[2011,"IMD",70,"SMD","A","LR","LABORATOIRE DE RECHERCHE","Laboratoires (La)",805,11.5]
[2011,"IMD",70,"SMD","A","LR","LABORATOIRE DE RECHERCHE","Laboratoires (La)",805,12]
[2011,"IMD",70,"SMD","A","LR","LABORATOIRE DE RECHERCHE","Laboratoires (La)",805,12]
[2011,"IMD",70,"SMD","A","LR","LABORATOIRE DE RECHERCHE","Laboratoires (La)",805,12]
[2011,"IMD",70,"SMD","A","LR","LABORATOIRE DE RECHERCHE","Laboratoires (La)",805,12]
[2011,"IMD",70,"SMD","A","LR","LABORATOIRE DE RECHERCHE","Laboratoires (La)",805,12.5]
[2011,"IMD",70,"SMD","A","LR","LABORATOIRE DE RECHERCHE","Laboratoires (La)",805,12.5]
[2011,"IMD",70,"SMD","A","LR","LABORATOIRE DE RECHERCHE","Laboratoires (La)",805,12.5]
[2011,"IMD",70,"SMD","A","LR","LABORATOIRE DE RECHERCHE","Laboratoires (La)",805,14]
[2011,"IMD",70,"SMD","A","LR","LABORATOIRE DE RECHERCHE","Laboratoires (La)",805,14.5]
[2011,"IMD",70,"SMD","A","LR","LABORATOIRE DE RECHERCHE","Laboratoires (La)",805,16]
[2011,"IMD",70,"SMD","A","LR","LABORATOIRE DE RECHERCHE","Laboratoires (La)",805,17]
[2011,"IMD",70,"SMD","A","LR","LABORATOIRE DE RECHERCHE","Laboratoires (La)",805,17]
[2011,"IMD",70,"SMD","A","LR","LABORATOIRE DE RECHERCHE","Laboratoires (La)",805,17]
[2011,"IMD",70,"SMD","A","LR","LABORATOIRE DE RECHERCHE","Laboratoires (La)",805,17.5]
[2011,"IMD",70,"SMD","A","LR","LABORATOIRE DE RECHERCHE","Laboratoires (La)",805,18]
[2011,"IMD",70,"SMD","A","LR","LABORATOIRE DE RECHERCHE","Laboratoires (La)",805,18]
[2011,"IMD",70,"SMD","A","LR","LABORATOIRE DE RECHERCHE","Laboratoires (La)",805,19]
[2011,"IMD",70,"SMD","A","LR","LABORATOIRE DE RECHERCHE","Laboratoires (La)",805,19]
[2011,"IMD",70,"SMD","A","LR","LABORATOIRE DE RECHERCHE","Laboratoires (La)",805,19]
[2011,"IMD",70,"SMD","A","LR","LABORATOIRE DE RECHERCHE","Laboratoires (La)",805,19]
[2011,"IMD",70,"SMD","A","LR","LABORATOIRE DE RECHERCHE","Laboratoires (La)",805,19]
[2011,"IMD",70,"SMD","A","LR","LABORATOIRE DE RECHERCHE","Laboratoires (La)",805,19.5]
[2011,"IMD",70,"SMD","A","LR","LABORATOIRE DE RECHERCHE","Laboratoires (La)",805,21.5]
[2011,"IMD",70,"SMD","A","LR","LABORATOIRE DE RECHERCHE","Laboratoires (La)",805,23]
[2011,"IMD",70,"SMD","A","LR","LABORATOIRE DE RECHERCHE","Laboratoires (La)",805,23.5]
[2011,"IMD",70,"SMD","A","LR","LABORATOIRE DE RECHERCHE","Laboratoires (La)",805,29]
[2011,"IMD",70,"SMD","A","LR","LABORATOIRE DE RECHERCHE","Laboratoires (La)",805,31]
[2011,"IMD",70,"SMD","A","LR","LABORATOIRE DE RECHERCHE","Laboratoires (La)",805,32]
[2011,"IMD",70,"SMD","A","LR","LABORATOIRE DE RECHERCHE","Laboratoires (La)",805,33]
[2011,"IMD",70,"SMD","A","LR","LABORATOIRE DE RECHERCHE","Laboratoires (La)",805,35]
[2011,"IMD",70,"SMD","A","LR","LABORATOIRE DE RECHERCHE","Laboratoires (La)",805,37.5]
[2011,"IMD",70,"SMD","A","LT","LABORATOIRE DE TRAVAUX PRATIQUES","Laboratoires (La)",805,5.5]
[2011,"IMD",70,"SMD","A","LT","LABORATOIRE DE TRAVAUX PRATIQUES","Laboratoires (La)",805,9]
[2011,"IMD",70,"SMD","A","LT","LABORATOIRE DE TRAVAUX PRATIQUES","Laboratoires (La)",805,10]
[2011,"IMD",70,"SMD","A","LT","LABORATOIRE DE TRAVAUX PRATIQUES","Laboratoires (La)",805,11.5]
[2011,"IMD",70,"SMD","A","LT","LABORATOIRE DE TRAVAUX PRATIQUES","Laboratoires (La)",805,11.5]
[2011,"IMD",70,"SMD","A","LT","LABORATOIRE DE TRAVAUX PRATIQUES","Laboratoires (La)",805,13.5]
[2011,"IMD",70,"SMD","A","LT","LABORATOIRE DE TRAVAUX PRATIQUES","Laboratoires (La)",805,13.5]
[2011,"IMD",70,"SMD","A","LT","LABORATOIRE DE TRAVAUX PRATIQUES","Laboratoires (La)",805,13.5]
[2011,"IMD",70,"SMD","A","LT","LABORATOIRE DE TRAVAUX PRATIQUES","Laboratoires (La)",805,13.5]
[2011,"IMD",70,"SMD","A","LT","LABORATOIRE DE TRAVAUX PRATIQUES","Laboratoires (La)",805,13.5]
[2011,"IMD",70,"SMD","A","LT","LABORATOIRE DE TRAVAUX PRATIQUES","Laboratoires (La)",805,13.5]
[2011,"IMD",70,"SMD","A","LT","LABORATOIRE DE TRAVAUX PRATIQUES","Laboratoires (La)",805,15]
[2011,"IMD",70,"SMD","A","LT","LABORATOIRE DE TRAVAUX PRATIQUES","Laboratoires (La)",805,17]
[2011,"IMD",70,"SMD","A","LT","LABORATOIRE DE TRAVAUX PRATIQUES","Laboratoires (La)",805,17]
[2011,"IMD",70,"SMD","A","LT","LABORATOIRE DE TRAVAUX PRATIQUES","Laboratoires (La)",805,18.5]
[2011,"IMD",70,"SMD","A","LT","LABORATOIRE DE TRAVAUX PRATIQUES","Laboratoires (La)",805,19]
[2011,"IMD",70,"SMD","A","LT","LABORATOIRE DE TRAVAUX PRATIQUES","Laboratoires (La)",805,23.5]
[2011,"IMD",70,"SMD","A","LT","LABORATOIRE DE TRAVAUX PRATIQUES","Laboratoires (La)",805,24.5]
[2011,"IMD",70,"SMD","A","LT","LABORATOIRE DE TRAVAUX PRATIQUES","Laboratoires (La)",805,30]
[2011,"IMD",70,"SMD","A","LT","LABORATOIRE DE TRAVAUX PRATIQUES","Laboratoires (La)",805,91]
[2011,"IMD",70,"SMD","A","LT","LABORATOIRE DE TRAVAUX PRATIQUES","Laboratoires (La)",805,101]
[2011,"IMD",70,"SMD","A","LT","LABORATOIRE DE TRAVAUX PRATIQUES","Laboratoires (La)",805,102]
[2011,"IMD",70,"SMD","A","LT","LABORATOIRE DE TRAVAUX PRATIQUES","Laboratoires (La)",805,105.5]
[2011,"IMD",70,"SMD","A","LT","LABORATOIRE DE TRAVAUX PRATIQUES","Laboratoires (La)",805,108]
[2011,"IMD",70,"SMD","A","LT","LABORATOIRE DE TRAVAUX PRATIQUES","Laboratoires (La)",805,112.5]
[2011,"IMD",70,"SMD","A","LT","LABORATOIRE DE TRAVAUX PRATIQUES","Laboratoires (La)",805,269]
[2011,"IMD",70,"SMD","A","LT","LABORATOIRE DE TRAVAUX PRATIQUES","Laboratoires (La)",805,287]
[2011,"IMD",70,"SMD","A","LT","LABORATOIRE DE TRAVAUX PRATIQUES","Laboratoires (La)",805,305]
[2011,"IMD",70,"SMD","A","SA","SANITAIRE","Local fictif - sans coût",0,12]
[2011,"IMD",70,"SMD","A","SA","SANITAIRE","Local fictif - sans coût",0,18.5]
[2011,"IMD",70,"SMD","A","SM","SALLE DE SEMINAIRE / COURS","Salles d'enseignement (UR)",392,28.5]
[2011,"IMD",70,"SMD","A","ST","STOCKAGE","Archivage et surfaces d'entreposage (Ar)",196,3.5]
[2011,"IMD",70,"SMD","A","ST","STOCKAGE","Archivage et surfaces d'entreposage (Ar)",196,5]
[2011,"IMD",70,"SMD","A","ST","STOCKAGE","Archivage et surfaces d'entreposage (Ar)",196,9]
[2011,"IMD",70,"SMD","A","ST","STOCKAGE","Archivage et surfaces d'entreposage (Ar)",196,10.5]
[2011,"FELUL",72,"STATION BOTANIQUE","A","AT","ATELIER","Laboratoires (La)",805,27.5]
[2011,"FELUL",72,"STATION BOTANIQUE","A","AX","ANNEXES","Archivage et surfaces d'entreposage (Ar)",196,10.5]
[2011,"FELUL",72,"STATION BOTANIQUE","A","AX","ANNEXES","Archivage et surfaces d'entreposage (Ar)",196,27.5]
[2011,"FELUL",72,"STATION BOTANIQUE","A","AX","ANNEXES","Archivage et surfaces d'entreposage (Ar)",196,27.5]
[2011,"FELUL",72,"STATION BOTANIQUE","A","AX","ANNEXES","Archivage et surfaces d'entreposage (Ar)",196,27.5]
[2011,"FELUL",72,"STATION BOTANIQUE","A","AX","ANNEXES","Archivage et surfaces d'entreposage (Ar)",196,27.5]
[2011,"FELUL",72,"STATION BOTANIQUE","A","AX","ANNEXES","Archivage et surfaces d'entreposage (Ar)",196,27.5]
[2011,"FELUL",72,"STATION BOTANIQUE","A","AX","ANNEXES","Archivage et surfaces d'entreposage (Ar)",196,30]
[2011,"FELUL",72,"STATION BOTANIQUE","A","AX","ANNEXES","Archivage et surfaces d'entreposage (Ar)",196,33]
[2011,"FELUL",72,"STATION BOTANIQUE","A","BU","BUREAU","Bureaux (Bü)",392,7.5]
[2011,"FELUL",72,"STATION BOTANIQUE","A","BU","BUREAU","Bureaux (Bü)",392,49]
[2011,"FELUL",72,"STATION BOTANIQUE","A","CO","COULOIR","Local fictif - sans coût",0,12.5]
[2011,"FELUL",72,"STATION BOTANIQUE","A","CO","COULOIR","Local fictif - sans coût",0,14]
[2011,"FELUL",72,"STATION BOTANIQUE","A","DP","DEPOT","Archivage et surfaces d'entreposage (Ar)",196,3.5]
[2011,"FELUL",72,"STATION BOTANIQUE","A","DP","DEPOT","Archivage et surfaces d'entreposage (Ar)",196,4]
[2011,"FELUL",72,"STATION BOTANIQUE","A","LR","LABORATOIRE DE RECHERCHE","Laboratoires (La)",805,2.5]
[2011,"FELUL",72,"STATION BOTANIQUE","A","LR","LABORATOIRE DE RECHERCHE","Laboratoires (La)",805,12.5]
[2011,"FELUL",72,"STATION BOTANIQUE","A","LR","LABORATOIRE DE RECHERCHE","Laboratoires (La)",805,14.5]
[2011,"FELUL",72,"STATION BOTANIQUE","A","LR","LABORATOIRE DE RECHERCHE","Laboratoires (La)",805,15]
[2011,"FELUL",72,"STATION BOTANIQUE","A","LR","LABORATOIRE DE RECHERCHE","Laboratoires (La)",805,15]
[2011,"FELUL",72,"STATION BOTANIQUE","A","LR","LABORATOIRE DE RECHERCHE","Laboratoires (La)",805,17]
[2011,"FELUL",72,"STATION BOTANIQUE","A","LR","LABORATOIRE DE RECHERCHE","Laboratoires (La)",805,20.5]
[2011,"FELUL",72,"STATION BOTANIQUE","A","LR","LABORATOIRE DE RECHERCHE","Laboratoires (La)",805,30]
[2011,"FELUL",72,"STATION BOTANIQUE","A","ST","STOCKAGE","Archivage et surfaces d'entreposage (Ar)",196,32.5]
[2011,"FELUL",72,"STATION BOTANIQUE","A","ST","STOCKAGE","Archivage et surfaces d'entreposage (Ar)",196,62]
[2011,"FELUL",72,"STATION BOTANIQUE","A","ST","STOCKAGE","Archivage et surfaces d'entreposage (Ar)",196,155]
[2011,"STURM",73,"STURM","I","AT","ATELIER","Laboratoires (La)",805,200]
[2011,"STURM",73,"STURM","I","AU","AUDITOIRE","Salles de cours (Hö)",667,75]
[2011,"STURM",73,"STURM","I","AX","ANNEXES","Archivage et surfaces d'entreposage (Ar)",196,63]
[2011,"STURM",73,"STURM","I","AX","ANNEXES","Archivage et surfaces d'entreposage (Ar)",196,63]
[2011,"STURM",73,"STURM","I","AX","ANNEXES","Archivage et surfaces d'entreposage (Ar)",196,63]
[2011,"STURM",73,"STURM","I","AX","ANNEXES","Archivage et surfaces d'entreposage (Ar)",196,63]
[2011,"STURM",73,"STURM","I","AX","ANNEXES","Archivage et surfaces d'entreposage (Ar)",196,63]
[2011,"STURM",73,"STURM","I","BU","BUREAU","Bureaux (Bü)",392,11]
[2011,"STURM",73,"STURM","I","BU","BUREAU","Bureaux (Bü)",392,14]
[2011,"STURM",73,"STURM","I","BU","BUREAU","Bureaux (Bü)",392,14]
[2011,"STURM",73,"STURM","I","BU","BUREAU","Bureaux (Bü)",392,14]
[2011,"STURM",73,"STURM","I","BU","BUREAU","Bureaux (Bü)",392,18]
[2011,"STURM",73,"STURM","I","BU","BUREAU","Bureaux (Bü)",392,20]
[2011,"STURM",73,"STURM","I","BU","BUREAU","Bureaux (Bü)",392,20]
[2011,"STURM",73,"STURM","I","BU","BUREAU","Bureaux (Bü)",392,32]
[2011,"STURM",73,"STURM","I","BU","BUREAU","Bureaux (Bü)",392,34]
[2011,"STURM",73,"STURM","I","BU","BUREAU","Bureaux (Bü)",392,36]
[2011,"STURM",73,"STURM","I","LR","LABORATOIRE DE RECHERCHE","Laboratoires (La)",805,75]
[2011,"STURM",73,"STURM","I","SM","SALLE DE SEMINAIRE / COURS","Salles d'enseignement (UR)",392,56]
[2011,"STURM",73,"STURM","I","TP","SALLE DE TRAVAUX PRATIQUES","Salles d'enseignement (UR)",392,63]
[2011,"STERN",75,"STERN","I","BU","BUREAU","Bureaux (Bü)",392,10.5]
[2011,"STERN",75,"STERN","I","BU","BUREAU","Bureaux (Bü)",392,23.5]
[2011,"STERN",75,"STERN","I","BU","BUREAU","Bureaux (Bü)",392,24]
[2011,"STERN",75,"STERN","I","BU","BUREAU","Bureaux (Bü)",392,120]
[2011,"STERN",75,"STERN","I","RE","SALLE DE REUNION","Salles d'enseignement (UR)",392,14.5]
[2011,"STERN",75,"STERN","I","TP","SALLE DE TRAVAUX PRATIQUES","Salles d'enseignement (UR)",392,17]
[2011,"STERN",75,"STERN","I","TP","SALLE DE TRAVAUX PRATIQUES","Salles d'enseignement (UR)",392,50]
[2011,"STERN",75,"STERN","I","TP","SALLE DE TRAVAUX PRATIQUES","Salles d'enseignement (UR)",392,132]
[2011,"STERN",75,"STERN","I","TP","SALLE DE TRAVAUX PRATIQUES","Salles d'enseignement (UR)",392,159]
[2011,"OURS",79,"SAINT - OURS","A","BU","BUREAU","Bureaux (Bü)",392,12]
[2011,"OURS",79,"SAINT - OURS","A","BU","BUREAU","Bureaux (Bü)",392,12]
[2011,"OURS",79,"SAINT - OURS","A","BU","BUREAU","Bureaux (Bü)",392,12]
[2011,"OURS",79,"SAINT - OURS","A","BU","BUREAU","Bureaux (Bü)",392,12]
[2011,"OURS",79,"SAINT - OURS","A","BU","BUREAU","Bureaux (Bü)",392,12.5]
[2011,"OURS",79,"SAINT - OURS","A","BU","BUREAU","Bureaux (Bü)",392,12.5]
[2011,"OURS",79,"SAINT - OURS","A","BU","BUREAU","Bureaux (Bü)",392,12.5]
[2011,"OURS",79,"SAINT - OURS","A","BU","BUREAU","Bureaux (Bü)",392,12.5]
[2011,"OURS",79,"SAINT - OURS","A","BU","BUREAU","Bureaux (Bü)",392,12.5]
[2011,"OURS",79,"SAINT - OURS","A","BU","BUREAU","Bureaux (Bü)",392,12.5]
[2011,"OURS",79,"SAINT - OURS","A","BU","BUREAU","Bureaux (Bü)",392,14]
[2011,"OURS",79,"SAINT - OURS","A","BU","BUREAU","Bureaux (Bü)",392,14]
[2011,"OURS",79,"SAINT - OURS","A","BU","BUREAU","Bureaux (Bü)",392,14.5]
[2011,"OURS",79,"SAINT - OURS","A","BU","BUREAU","Bureaux (Bü)",392,15]
[2011,"OURS",79,"SAINT - OURS","A","BU","BUREAU","Bureaux (Bü)",392,16.5]
[2011,"OURS",79,"SAINT - OURS","A","BU","BUREAU","Bureaux (Bü)",392,16.5]
[2011,"OURS",79,"SAINT - OURS","A","BU","BUREAU","Bureaux (Bü)",392,16.5]
[2011,"OURS",79,"SAINT - OURS","A","BU","BUREAU","Bureaux (Bü)",392,16.5]
[2011,"OURS",79,"SAINT - OURS","A","BU","BUREAU","Bureaux (Bü)",392,16.5]
[2011,"OURS",79,"SAINT - OURS","A","BU","BUREAU","Bureaux (Bü)",392,16.5]
[2011,"OURS",79,"SAINT - OURS","A","BU","BUREAU","Bureaux (Bü)",392,16.5]
[2011,"OURS",79,"SAINT - OURS","A","BU","BUREAU","Bureaux (Bü)",392,16.5]
[2011,"OURS",79,"SAINT - OURS","A","BU","BUREAU","Bureaux (Bü)",392,17.5]
[2011,"OURS",79,"SAINT - OURS","A","BU","BUREAU","Bureaux (Bü)",392,20]
[2011,"OURS",79,"SAINT - OURS","A","BU","BUREAU","Bureaux (Bü)",392,20]
[2011,"OURS",79,"SAINT - OURS","A","BU","BUREAU","Bureaux (Bü)",392,22.5]
[2011,"OURS",79,"SAINT - OURS","A","BU","BUREAU","Bureaux (Bü)",392,22.5]
[2011,"OURS",79,"SAINT - OURS","A","BU","BUREAU","Bureaux (Bü)",392,26.5]
[2011,"OURS",79,"SAINT - OURS","A","BU","BUREAU","Bureaux (Bü)",392,29.5]
[2011,"OURS",79,"SAINT - OURS","A","BU","BUREAU","Bureaux (Bü)",392,29.5]
[2011,"OURS",79,"SAINT - OURS","A","BU","BUREAU","Bureaux (Bü)",392,45.5]
[2011,"OURS",79,"SAINT - OURS","A","DP","DEPOT","Archivage et surfaces d'entreposage (Ar)",196,6.5]
[2011,"OURS",79,"SAINT - OURS","A","RE","SALLE DE REUNION","Salles d'enseignement (UR)",392,44.5]
[2011,"OURS",79,"SAINT - OURS","A","SM","SALLE DE SEMINAIRE / COURS","Salles d'enseignement (UR)",392,36.5]
[2011,"BOTA2",82,"BOTANIQUE 2","I","AU","AUDITOIRE","Salles de cours (Hö)",667,159]
[2011,"BOTA2",82,"BOTANIQUE 2","I","AX","ANNEXES","Archivage et surfaces d'entreposage (Ar)",196,3.5]
[2011,"BOTA2",82,"BOTANIQUE 2","I","AX","ANNEXES","Archivage et surfaces d'entreposage (Ar)",196,4.5]
[2011,"BOTA2",82,"BOTANIQUE 2","I","AX","ANNEXES","Archivage et surfaces d'entreposage (Ar)",196,8]
[2011,"BOTA2",82,"BOTANIQUE 2","I","AX","ANNEXES","Archivage et surfaces d'entreposage (Ar)",196,8]
[2011,"BOTA2",82,"BOTANIQUE 2","I","AX","ANNEXES","Archivage et surfaces d'entreposage (Ar)",196,9.5]
[2011,"BOTA2",82,"BOTANIQUE 2","I","AX","ANNEXES","Archivage et surfaces d'entreposage (Ar)",196,11]
[2011,"BOTA2",82,"BOTANIQUE 2","I","AX","ANNEXES","Archivage et surfaces d'entreposage (Ar)",196,15]
[2011,"BOTA2",82,"BOTANIQUE 2","I","BU","BUREAU","Bureaux (Bü)",392,9.5]
[2011,"BOTA2",82,"BOTANIQUE 2","I","BU","BUREAU","Bureaux (Bü)",392,9.5]
[2011,"BOTA2",82,"BOTANIQUE 2","I","BU","BUREAU","Bureaux (Bü)",392,21]
[2011,"BOTA2",82,"BOTANIQUE 2","I","BU","BUREAU","Bureaux (Bü)",392,21]
[2011,"BOTA2",82,"BOTANIQUE 2","I","LR","LABORATOIRE DE RECHERCHE","Laboratoires (La)",805,9]
[2011,"BOTA2",82,"BOTANIQUE 2","I","LR","LABORATOIRE DE RECHERCHE","Laboratoires (La)",805,31.5]
[2011,"BOTA2",82,"BOTANIQUE 2","I","LR","LABORATOIRE DE RECHERCHE","Laboratoires (La)",805,40.5]
[2011,"BOTA2",82,"BOTANIQUE 2","I","LR","LABORATOIRE DE RECHERCHE","Laboratoires (La)",805,40.5]
[2011,"BOTA2",82,"BOTANIQUE 2","I","LR","LABORATOIRE DE RECHERCHE","Laboratoires (La)",805,42.5]
[2011,"LAND",84,"LANDOLT","A","AR","ARCHIVES","Archivage et surfaces d'entreposage (Ar)",196,11]
[2011,"LAND",84,"LANDOLT","A","AX","ANNEXES","Archivage et surfaces d'entreposage (Ar)",196,7.5]
[2011,"LAND",84,"LANDOLT","A","BU","BUREAU","Bureaux (Bü)",392,11]
[2011,"LAND",84,"LANDOLT","A","BU","BUREAU","Bureaux (Bü)",392,11]
[2011,"LAND",84,"LANDOLT","A","BU","BUREAU","Bureaux (Bü)",392,11]
[2011,"LAND",84,"LANDOLT","A","BU","BUREAU","Bureaux (Bü)",392,11]
[2011,"LAND",84,"LANDOLT","A","BU","BUREAU","Bureaux (Bü)",392,11]
[2011,"LAND",84,"LANDOLT","A","BU","BUREAU","Bureaux (Bü)",392,11]
[2011,"LAND",84,"LANDOLT","A","BU","BUREAU","Bureaux (Bü)",392,11]
[2011,"LAND",84,"LANDOLT","A","BU","BUREAU","Bureaux (Bü)",392,11]
[2011,"LAND",84,"LANDOLT","A","BU","BUREAU","Bureaux (Bü)",392,11.5]
[2011,"LAND",84,"LANDOLT","A","BU","BUREAU","Bureaux (Bü)",392,13.5]
[2011,"LAND",84,"LANDOLT","A","BU","BUREAU","Bureaux (Bü)",392,14]
[2011,"LAND",84,"LANDOLT","A","BU","BUREAU","Bureaux (Bü)",392,14]
[2011,"LAND",84,"LANDOLT","A","BU","BUREAU","Bureaux (Bü)",392,14]
[2011,"LAND",84,"LANDOLT","A","BU","BUREAU","Bureaux (Bü)",392,14]
[2011,"LAND",84,"LANDOLT","A","BU","BUREAU","Bureaux (Bü)",392,14]
[2011,"LAND",84,"LANDOLT","A","BU","BUREAU","Bureaux (Bü)",392,14]
[2011,"LAND",84,"LANDOLT","A","BU","BUREAU","Bureaux (Bü)",392,14]
[2011,"LAND",84,"LANDOLT","A","BU","BUREAU","Bureaux (Bü)",392,14]
[2011,"LAND",84,"LANDOLT","A","BU","BUREAU","Bureaux (Bü)",392,14]
[2011,"LAND",84,"LANDOLT","A","BU","BUREAU","Bureaux (Bü)",392,14]
[2011,"LAND",84,"LANDOLT","A","BU","BUREAU","Bureaux (Bü)",392,14]
[2011,"LAND",84,"LANDOLT","A","BU","BUREAU","Bureaux (Bü)",392,15.5]
[2011,"LAND",84,"LANDOLT","A","BU","BUREAU","Bureaux (Bü)",392,15.5]
[2011,"LAND",84,"LANDOLT","A","BU","BUREAU","Bureaux (Bü)",392,15.5]
[2011,"LAND",84,"LANDOLT","A","BU","BUREAU","Bureaux (Bü)",392,15.5]
[2011,"LAND",84,"LANDOLT","A","BU","BUREAU","Bureaux (Bü)",392,15.5]
[2011,"LAND",84,"LANDOLT","A","BU","BUREAU","Bureaux (Bü)",392,15.5]
[2011,"LAND",84,"LANDOLT","A","BU","BUREAU","Bureaux (Bü)",392,17]
[2011,"LAND",84,"LANDOLT","A","BU","BUREAU","Bureaux (Bü)",392,17]
[2011,"LAND",84,"LANDOLT","A","BU","BUREAU","Bureaux (Bü)",392,17]
[2011,"LAND",84,"LANDOLT","A","BU","BUREAU","Bureaux (Bü)",392,17]
[2011,"LAND",84,"LANDOLT","A","BU","BUREAU","Bureaux (Bü)",392,17]
[2011,"LAND",84,"LANDOLT","A","BU","BUREAU","Bureaux (Bü)",392,19]
[2011,"LAND",84,"LANDOLT","A","BU","BUREAU","Bureaux (Bü)",392,19]
[2011,"LAND",84,"LANDOLT","A","BU","BUREAU","Bureaux (Bü)",392,19]
[2011,"LAND",84,"LANDOLT","A","BU","BUREAU","Bureaux (Bü)",392,20]
[2011,"LAND",84,"LANDOLT","A","BU","BUREAU","Bureaux (Bü)",392,21]
[2011,"LAND",84,"LANDOLT","A","BU","BUREAU","Bureaux (Bü)",392,21]
[2011,"LAND",84,"LANDOLT","A","BU","BUREAU","Bureaux (Bü)",392,21]
[2011,"LAND",84,"LANDOLT","A","BU","BUREAU","Bureaux (Bü)",392,21]
[2011,"LAND",84,"LANDOLT","A","BU","BUREAU","Bureaux (Bü)",392,21]
[2011,"LAND",84,"LANDOLT","A","BU","BUREAU","Bureaux (Bü)",392,21]
[2011,"LAND",84,"LANDOLT","A","BU","BUREAU","Bureaux (Bü)",392,21]
[2011,"LAND",84,"LANDOLT","A","BU","BUREAU","Bureaux (Bü)",392,21]
[2011,"LAND",84,"LANDOLT","A","BU","BUREAU","Bureaux (Bü)",392,23]
[2011,"LAND",84,"LANDOLT","A","BU","BUREAU","Bureaux (Bü)",392,23]
[2011,"LAND",84,"LANDOLT","A","BU","BUREAU","Bureaux (Bü)",392,23]
[2011,"LAND",84,"LANDOLT","A","BU","BUREAU","Bureaux (Bü)",392,23]
[2011,"LAND",84,"LANDOLT","A","BU","BUREAU","Bureaux (Bü)",392,23.5]
[2011,"LAND",84,"LANDOLT","A","BU","BUREAU","Bureaux (Bü)",392,24]
[2011,"LAND",84,"LANDOLT","A","BU","BUREAU","Bureaux (Bü)",392,24]
[2011,"LAND",84,"LANDOLT","A","BU","BUREAU","Bureaux (Bü)",392,24]
[2011,"LAND",84,"LANDOLT","A","BU","BUREAU","Bureaux (Bü)",392,24]
[2011,"LAND",84,"LANDOLT","A","BU","BUREAU","Bureaux (Bü)",392,24.5]
[2011,"LAND",84,"LANDOLT","A","BU","BUREAU","Bureaux (Bü)",392,26]
[2011,"LAND",84,"LANDOLT","A","BU","BUREAU","Bureaux (Bü)",392,27.5]
[2011,"LAND",84,"LANDOLT","A","BU","BUREAU","Bureaux (Bü)",392,29.5]
[2011,"LAND",84,"LANDOLT","A","BU","BUREAU","Bureaux (Bü)",392,29.5]
[2011,"LAND",84,"LANDOLT","A","BU","BUREAU","Bureaux (Bü)",392,30]
[2011,"LAND",84,"LANDOLT","A","DP","DEPOT","Archivage et surfaces d'entreposage (Ar)",196,11]
[2011,"LAND",84,"LANDOLT","A","DV","DIVERS","Local fictif - sans coût",0,14]
[2011,"LAND",84,"LANDOLT","A","RE","SALLE DE REUNION","Salles d'enseignement (UR)",392,19]
[2011,"LAND",84,"LANDOLT","A","RE","SALLE DE REUNION","Salles d'enseignement (UR)",392,29.5]
[2011,"LAND",84,"LANDOLT","A","RE","SALLE DE REUNION","Salles d'enseignement (UR)",392,29.5]
[2011,"LAND",84,"LANDOLT","A","SM","SALLE DE SEMINAIRE / COURS","Salles d'enseignement (UR)",392,40.5]
[2011,"LAND",84,"LANDOLT","A","SM","SALLE DE SEMINAIRE / COURS","Salles d'enseignement (UR)",392,40.5]
[2011,"LAND",84,"LANDOLT","A","ST","STOCKAGE","Archivage et surfaces d'entreposage (Ar)",196,11]
[2011,"LAND",84,"LANDOLT","A","ST","STOCKAGE","Archivage et surfaces d'entreposage (Ar)",196,11]
[2011,"OBPRO",85,"OBSERVATOIRE HAUTE PROVENCE","A","BU","BUREAU","Bureaux (Bü)",392,8.5]
[2011,"OBPRO",85,"OBSERVATOIRE HAUTE PROVENCE","A","BU","BUREAU","Bureaux (Bü)",392,10.5]
[2011,"OBPRO",85,"OBSERVATOIRE HAUTE PROVENCE","A","BU","BUREAU","Bureaux (Bü)",392,11]
[2011,"OBPRO",85,"OBSERVATOIRE HAUTE PROVENCE","A","BU","BUREAU","Bureaux (Bü)",392,11]
[2011,"OBPRO",85,"OBSERVATOIRE HAUTE PROVENCE","A","BU","BUREAU","Bureaux (Bü)",392,14]
[2011,"OBPRO",85,"OBSERVATOIRE HAUTE PROVENCE","A","BU","BUREAU","Bureaux (Bü)",392,27]
[2011,"OBPRO",85,"OBSERVATOIRE HAUTE PROVENCE","A","LR","LABORATOIRE DE RECHERCHE","Laboratoires (La)",805,4.5]
[2011,"OBPRO",85,"OBSERVATOIRE HAUTE PROVENCE","A","LR","LABORATOIRE DE RECHERCHE","Laboratoires (La)",805,4.5]
[2011,"OBPRO",85,"OBSERVATOIRE HAUTE PROVENCE","A","LR","LABORATOIRE DE RECHERCHE","Laboratoires (La)",805,7.5]
[2011,"OBPRO",85,"OBSERVATOIRE HAUTE PROVENCE","A","LR","LABORATOIRE DE RECHERCHE","Laboratoires (La)",805,11]
[2011,"OBPRO",85,"OBSERVATOIRE HAUTE PROVENCE","A","LR","LABORATOIRE DE RECHERCHE","Laboratoires (La)",805,23.5]
[2011,"PIGNO",87,"UNI-PIGNON","A","BU","BUREAU","Bureaux (Bü)",392,10.5]
[2011,"PIGNO",87,"UNI-PIGNON","A","BU","BUREAU","Bureaux (Bü)",392,10.5]
[2011,"PIGNO",87,"UNI-PIGNON","A","BU","BUREAU","Bureaux (Bü)",392,10.5]
[2011,"PIGNO",87,"UNI-PIGNON","A","BU","BUREAU","Bureaux (Bü)",392,10.5]
[2011,"PIGNO",87,"UNI-PIGNON","A","BU","BUREAU","Bureaux (Bü)",392,10.5]
[2011,"PIGNO",87,"UNI-PIGNON","A","BU","BUREAU","Bureaux (Bü)",392,10.5]
[2011,"PIGNO",87,"UNI-PIGNON","A","BU","BUREAU","Bureaux (Bü)",392,10.5]
[2011,"PIGNO",87,"UNI-PIGNON","A","BU","BUREAU","Bureaux (Bü)",392,10.5]
[2011,"PIGNO",87,"UNI-PIGNON","A","BU","BUREAU","Bureaux (Bü)",392,10.5]
[2011,"PIGNO",87,"UNI-PIGNON","A","BU","BUREAU","Bureaux (Bü)",392,10.5]
[2011,"PIGNO",87,"UNI-PIGNON","A","BU","BUREAU","Bureaux (Bü)",392,13]
[2011,"PIGNO",87,"UNI-PIGNON","A","BU","BUREAU","Bureaux (Bü)",392,13]
[2011,"PIGNO",87,"UNI-PIGNON","A","BU","BUREAU","Bureaux (Bü)",392,13]
[2011,"PIGNO",87,"UNI-PIGNON","A","BU","BUREAU","Bureaux (Bü)",392,13]
[2011,"PIGNO",87,"UNI-PIGNON","A","BU","BUREAU","Bureaux (Bü)",392,13]
[2011,"PIGNO",87,"UNI-PIGNON","A","BU","BUREAU","Bureaux (Bü)",392,13]
[2011,"PIGNO",87,"UNI-PIGNON","A","BU","BUREAU","Bureaux (Bü)",392,13]
[2011,"PIGNO",87,"UNI-PIGNON","A","BU","BUREAU","Bureaux (Bü)",392,13]
[2011,"PIGNO",87,"UNI-PIGNON","A","BU","BUREAU","Bureaux (Bü)",392,13]
[2011,"PIGNO",87,"UNI-PIGNON","A","BU","BUREAU","Bureaux (Bü)",392,13]
[2011,"PIGNO",87,"UNI-PIGNON","A","BU","BUREAU","Bureaux (Bü)",392,13]
[2011,"PIGNO",87,"UNI-PIGNON","A","BU","BUREAU","Bureaux (Bü)",392,13]
[2011,"PIGNO",87,"UNI-PIGNON","A","BU","BUREAU","Bureaux (Bü)",392,13]
[2011,"PIGNO",87,"UNI-PIGNON","A","BU","BUREAU","Bureaux (Bü)",392,13]
[2011,"PIGNO",87,"UNI-PIGNON","A","BU","BUREAU","Bureaux (Bü)",392,13]
[2011,"PIGNO",87,"UNI-PIGNON","A","BU","BUREAU","Bureaux (Bü)",392,13]
[2011,"PIGNO",87,"UNI-PIGNON","A","BU","BUREAU","Bureaux (Bü)",392,13]
[2011,"PIGNO",87,"UNI-PIGNON","A","BU","BUREAU","Bureaux (Bü)",392,13]
[2011,"PIGNO",87,"UNI-PIGNON","A","BU","BUREAU","Bureaux (Bü)",392,13]
[2011,"PIGNO",87,"UNI-PIGNON","A","BU","BUREAU","Bureaux (Bü)",392,13]
[2011,"PIGNO",87,"UNI-PIGNON","A","BU","BUREAU","Bureaux (Bü)",392,13]
[2011,"PIGNO",87,"UNI-PIGNON","A","BU","BUREAU","Bureaux (Bü)",392,13]
[2011,"PIGNO",87,"UNI-PIGNON","A","BU","BUREAU","Bureaux (Bü)",392,13]
[2011,"PIGNO",87,"UNI-PIGNON","A","BU","BUREAU","Bureaux (Bü)",392,13]
[2011,"PIGNO",87,"UNI-PIGNON","A","BU","BUREAU","Bureaux (Bü)",392,13]
[2011,"PIGNO",87,"UNI-PIGNON","A","BU","BUREAU","Bureaux (Bü)",392,13]
[2011,"PIGNO",87,"UNI-PIGNON","A","BU","BUREAU","Bureaux (Bü)",392,13]
[2011,"PIGNO",87,"UNI-PIGNON","A","BU","BUREAU","Bureaux (Bü)",392,13]
[2011,"PIGNO",87,"UNI-PIGNON","A","BU","BUREAU","Bureaux (Bü)",392,13]
[2011,"PIGNO",87,"UNI-PIGNON","A","BU","BUREAU","Bureaux (Bü)",392,13]
[2011,"PIGNO",87,"UNI-PIGNON","A","BU","BUREAU","Bureaux (Bü)",392,13]
[2011,"PIGNO",87,"UNI-PIGNON","A","BU","BUREAU","Bureaux (Bü)",392,13]
[2011,"PIGNO",87,"UNI-PIGNON","A","BU","BUREAU","Bureaux (Bü)",392,13]
[2011,"PIGNO",87,"UNI-PIGNON","A","BU","BUREAU","Bureaux (Bü)",392,13.5]
[2011,"PIGNO",87,"UNI-PIGNON","A","BU","BUREAU","Bureaux (Bü)",392,14]
[2011,"PIGNO",87,"UNI-PIGNON","A","BU","BUREAU","Bureaux (Bü)",392,14]
[2011,"PIGNO",87,"UNI-PIGNON","A","BU","BUREAU","Bureaux (Bü)",392,14]
[2011,"PIGNO",87,"UNI-PIGNON","A","BU","BUREAU","Bureaux (Bü)",392,14]
[2011,"PIGNO",87,"UNI-PIGNON","A","BU","BUREAU","Bureaux (Bü)",392,16]
[2011,"PIGNO",87,"UNI-PIGNON","A","BU","BUREAU","Bureaux (Bü)",392,16]
[2011,"PIGNO",87,"UNI-PIGNON","A","BU","BUREAU","Bureaux (Bü)",392,16]
[2011,"PIGNO",87,"UNI-PIGNON","A","BU","BUREAU","Bureaux (Bü)",392,16]
[2011,"PIGNO",87,"UNI-PIGNON","A","BU","BUREAU","Bureaux (Bü)",392,16]
[2011,"PIGNO",87,"UNI-PIGNON","A","BU","BUREAU","Bureaux (Bü)",392,16]
[2011,"PIGNO",87,"UNI-PIGNON","A","BU","BUREAU","Bureaux (Bü)",392,16]
[2011,"PIGNO",87,"UNI-PIGNON","A","BU","BUREAU","Bureaux (Bü)",392,16]
[2011,"PIGNO",87,"UNI-PIGNON","A","BU","BUREAU","Bureaux (Bü)",392,16]
[2011,"PIGNO",87,"UNI-PIGNON","A","BU","BUREAU","Bureaux (Bü)",392,16]
[2011,"PIGNO",87,"UNI-PIGNON","A","BU","BUREAU","Bureaux (Bü)",392,16]
[2011,"PIGNO",87,"UNI-PIGNON","A","BU","BUREAU","Bureaux (Bü)",392,16]
[2011,"PIGNO",87,"UNI-PIGNON","A","BU","BUREAU","Bureaux (Bü)",392,16]
[2011,"PIGNO",87,"UNI-PIGNON","A","BU","BUREAU","Bureaux (Bü)",392,16.5]
[2011,"PIGNO",87,"UNI-PIGNON","A","BU","BUREAU","Bureaux (Bü)",392,16.5]
[2011,"PIGNO",87,"UNI-PIGNON","A","BU","BUREAU","Bureaux (Bü)",392,16.5]
[2011,"PIGNO",87,"UNI-PIGNON","A","BU","BUREAU","Bureaux (Bü)",392,17]
[2011,"PIGNO",87,"UNI-PIGNON","A","BU","BUREAU","Bureaux (Bü)",392,17]
[2011,"PIGNO",87,"UNI-PIGNON","A","BU","BUREAU","Bureaux (Bü)",392,17]
[2011,"PIGNO",87,"UNI-PIGNON","A","BU","BUREAU","Bureaux (Bü)",392,17]
[2011,"PIGNO",87,"UNI-PIGNON","A","BU","BUREAU","Bureaux (Bü)",392,17.5]
[2011,"PIGNO",87,"UNI-PIGNON","A","BU","BUREAU","Bureaux (Bü)",392,17.5]
[2011,"PIGNO",87,"UNI-PIGNON","A","BU","BUREAU","Bureaux (Bü)",392,17.5]
[2011,"PIGNO",87,"UNI-PIGNON","A","BU","BUREAU","Bureaux (Bü)",392,17.5]
[2011,"PIGNO",87,"UNI-PIGNON","A","BU","BUREAU","Bureaux (Bü)",392,17.5]
[2011,"PIGNO",87,"UNI-PIGNON","A","BU","BUREAU","Bureaux (Bü)",392,19.5]
[2011,"PIGNO",87,"UNI-PIGNON","A","BU","BUREAU","Bureaux (Bü)",392,20.5]
[2011,"PIGNO",87,"UNI-PIGNON","A","LR","LABORATOIRE DE RECHERCHE","Laboratoires (La)",805,20.5]
[2011,"PIGNO",87,"UNI-PIGNON","A","LR","LABORATOIRE DE RECHERCHE","Laboratoires (La)",805,24]
[2011,"PIGNO",87,"UNI-PIGNON","A","SM","SALLE DE SEMINAIRE / COURS","Salles d'enseignement (UR)",392,23]
[2011,"PIGNO",87,"UNI-PIGNON","A","SM","SALLE DE SEMINAIRE / COURS","Salles d'enseignement (UR)",392,24]
[2011,"PIGNO",87,"UNI-PIGNON","A","SM","SALLE DE SEMINAIRE / COURS","Salles d'enseignement (UR)",392,24]
[2011,"PIGNO",87,"UNI-PIGNON","A","SM","SALLE DE SEMINAIRE / COURS","Salles d'enseignement (UR)",392,26]
[2011,"PIGNO",87,"UNI-PIGNON","A","SM","SALLE DE SEMINAIRE / COURS","Salles d'enseignement (UR)",392,29]
[2011,"PIGNO",87,"UNI-PIGNON","A","SM","SALLE DE SEMINAIRE / COURS","Salles d'enseignement (UR)",392,47.5]
[2011,"PIGNO",87,"UNI-PIGNON","A","SM","SALLE DE SEMINAIRE / COURS","Salles d'enseignement (UR)",392,47.5]
[2011,"PIGNO",87,"UNI-PIGNON","A","SM","SALLE DE SEMINAIRE / COURS","Salles d'enseignement (UR)",392,47.5]
[2011,"PIGNO",87,"UNI-PIGNON","A","SM","SALLE DE SEMINAIRE / COURS","Salles d'enseignement (UR)",392,47.5]
[2011,"PIGNO",87,"UNI-PIGNON","A","SM","SALLE DE SEMINAIRE / COURS","Salles d'enseignement (UR)",392,48]
[2011,"PIGNO",87,"UNI-PIGNON","A","SM","SALLE DE SEMINAIRE / COURS","Salles d'enseignement (UR)",392,61.5]
[2011,"PIGNO",87,"UNI-PIGNON","A","ST","STOCKAGE","Archivage et surfaces d'entreposage (Ar)",196,66]
[2011,"ACA4",88,"CENTRE ACACIAS IV","A","AR","ARCHIVES","Archivage et surfaces d'entreposage (Ar)",196,37]
[2011,"ACA4",88,"CENTRE ACACIAS IV","A","AT","ATELIER","Laboratoires (La)",805,14]
[2011,"ACA4",88,"CENTRE ACACIAS IV","A","AX","ANNEXES","Archivage et surfaces d'entreposage (Ar)",196,14]
[2011,"ACA4",88,"CENTRE ACACIAS IV","A","BU","BUREAU","Bureaux (Bü)",392,9.5]
[2011,"ACA4",88,"CENTRE ACACIAS IV","A","BU","BUREAU","Bureaux (Bü)",392,11]
[2011,"ACA4",88,"CENTRE ACACIAS IV","A","BU","BUREAU","Bureaux (Bü)",392,14]
[2011,"ACA4",88,"CENTRE ACACIAS IV","A","BU","BUREAU","Bureaux (Bü)",392,15]
[2011,"ACA4",88,"CENTRE ACACIAS IV","A","BU","BUREAU","Bureaux (Bü)",392,15]
[2011,"ACA4",88,"CENTRE ACACIAS IV","A","BU","BUREAU","Bureaux (Bü)",392,17]
[2011,"ACA4",88,"CENTRE ACACIAS IV","A","BU","BUREAU","Bureaux (Bü)",392,17]
[2011,"ACA4",88,"CENTRE ACACIAS IV","A","BU","BUREAU","Bureaux (Bü)",392,17.5]
[2011,"ACA4",88,"CENTRE ACACIAS IV","A","BU","BUREAU","Bureaux (Bü)",392,48]
[2011,"ACA4",88,"CENTRE ACACIAS IV","A","LR","LABORATOIRE DE RECHERCHE","Laboratoires (La)",805,15]
[2011,"ACA4",88,"CENTRE ACACIAS IV","A","LR","LABORATOIRE DE RECHERCHE","Laboratoires (La)",805,17]
[2011,"ACA4",88,"CENTRE ACACIAS IV","A","LR","LABORATOIRE DE RECHERCHE","Laboratoires (La)",805,24]
[2011,"ACA4",88,"CENTRE ACACIAS IV","A","LR","LABORATOIRE DE RECHERCHE","Laboratoires (La)",805,30]
[2011,"FOREM",89,"FOND. POUR RECHERCHE MEDICALE","A","AX","ANNEXES","Archivage et surfaces d'entreposage (Ar)",196,6]
[2011,"FOREM",89,"FOND. POUR RECHERCHE MEDICALE","A","AX","ANNEXES","Archivage et surfaces d'entreposage (Ar)",196,7.5]
[2011,"FOREM",89,"FOND. POUR RECHERCHE MEDICALE","A","AX","ANNEXES","Archivage et surfaces d'entreposage (Ar)",196,7.5]
[2011,"FOREM",89,"FOND. POUR RECHERCHE MEDICALE","A","AX","ANNEXES","Archivage et surfaces d'entreposage (Ar)",196,13.5]
[2011,"FOREM",89,"FOND. POUR RECHERCHE MEDICALE","A","AX","ANNEXES","Archivage et surfaces d'entreposage (Ar)",196,13.5]
[2011,"FOREM",89,"FOND. POUR RECHERCHE MEDICALE","A","AX","ANNEXES","Archivage et surfaces d'entreposage (Ar)",196,13.5]
[2011,"FOREM",89,"FOND. POUR RECHERCHE MEDICALE","A","AX","ANNEXES","Archivage et surfaces d'entreposage (Ar)",196,20.5]
[2011,"FOREM",89,"FOND. POUR RECHERCHE MEDICALE","A","AX","ANNEXES","Archivage et surfaces d'entreposage (Ar)",196,20.5]
[2011,"FOREM",89,"FOND. POUR RECHERCHE MEDICALE","A","BU","BUREAU","Bureaux (Bü)",392,5]
[2011,"FOREM",89,"FOND. POUR RECHERCHE MEDICALE","A","BU","BUREAU","Bureaux (Bü)",392,5]
[2011,"FOREM",89,"FOND. POUR RECHERCHE MEDICALE","A","BU","BUREAU","Bureaux (Bü)",392,5]
[2011,"FOREM",89,"FOND. POUR RECHERCHE MEDICALE","A","BU","BUREAU","Bureaux (Bü)",392,5]
[2011,"FOREM",89,"FOND. POUR RECHERCHE MEDICALE","A","BU","BUREAU","Bureaux (Bü)",392,9]
[2011,"FOREM",89,"FOND. POUR RECHERCHE MEDICALE","A","BU","BUREAU","Bureaux (Bü)",392,9]
[2011,"FOREM",89,"FOND. POUR RECHERCHE MEDICALE","A","BU","BUREAU","Bureaux (Bü)",392,9]
[2011,"FOREM",89,"FOND. POUR RECHERCHE MEDICALE","A","BU","BUREAU","Bureaux (Bü)",392,9]
[2011,"FOREM",89,"FOND. POUR RECHERCHE MEDICALE","A","BU","BUREAU","Bureaux (Bü)",392,12]
[2011,"FOREM",89,"FOND. POUR RECHERCHE MEDICALE","A","BU","BUREAU","Bureaux (Bü)",392,13.5]
[2011,"FOREM",89,"FOND. POUR RECHERCHE MEDICALE","A","BU","BUREAU","Bureaux (Bü)",392,13.5]
[2011,"FOREM",89,"FOND. POUR RECHERCHE MEDICALE","A","BU","BUREAU","Bureaux (Bü)",392,13.5]
[2011,"FOREM",89,"FOND. POUR RECHERCHE MEDICALE","A","BU","BUREAU","Bureaux (Bü)",392,13.5]
[2011,"FOREM",89,"FOND. POUR RECHERCHE MEDICALE","A","BU","BUREAU","Bureaux (Bü)",392,13.5]
[2011,"FOREM",89,"FOND. POUR RECHERCHE MEDICALE","A","BU","BUREAU","Bureaux (Bü)",392,13.5]
[2011,"FOREM",89,"FOND. POUR RECHERCHE MEDICALE","A","BU","BUREAU","Bureaux (Bü)",392,14.5]
[2011,"FOREM",89,"FOND. POUR RECHERCHE MEDICALE","A","BU","BUREAU","Bureaux (Bü)",392,14.5]
[2011,"FOREM",89,"FOND. POUR RECHERCHE MEDICALE","A","BU","BUREAU","Bureaux (Bü)",392,23]
[2011,"FOREM",89,"FOND. POUR RECHERCHE MEDICALE","A","CA","CAFETERIA","Locaux du domaine social (So)",430,9]
[2011,"FOREM",89,"FOND. POUR RECHERCHE MEDICALE","A","LR","LABORATOIRE DE RECHERCHE","Laboratoires (La)",805,13.5]
[2011,"FOREM",89,"FOND. POUR RECHERCHE MEDICALE","A","LR","LABORATOIRE DE RECHERCHE","Laboratoires (La)",805,23]
[2011,"FOREM",89,"FOND. POUR RECHERCHE MEDICALE","A","LR","LABORATOIRE DE RECHERCHE","Laboratoires (La)",805,26.5]
[2011,"FOREM",89,"FOND. POUR RECHERCHE MEDICALE","A","LR","LABORATOIRE DE RECHERCHE","Laboratoires (La)",805,26.5]
[2011,"FOREM",89,"FOND. POUR RECHERCHE MEDICALE","A","LR","LABORATOIRE DE RECHERCHE","Laboratoires (La)",805,38]
[2011,"FOREM",89,"FOND. POUR RECHERCHE MEDICALE","A","LR","LABORATOIRE DE RECHERCHE","Laboratoires (La)",805,38]
[2011,"FOREM",89,"FOND. POUR RECHERCHE MEDICALE","A","LR","LABORATOIRE DE RECHERCHE","Laboratoires (La)",805,38]
[2011,"FOREM",89,"FOND. POUR RECHERCHE MEDICALE","A","LR","LABORATOIRE DE RECHERCHE","Laboratoires (La)",805,38]
[2011,"FOREM",89,"FOND. POUR RECHERCHE MEDICALE","A","LR","LABORATOIRE DE RECHERCHE","Laboratoires (La)",805,41.5]
[2011,"FOREM",89,"FOND. POUR RECHERCHE MEDICALE","A","LR","LABORATOIRE DE RECHERCHE","Laboratoires (La)",805,41.5]
[2011,"FOREM",89,"FOND. POUR RECHERCHE MEDICALE","A","LR","LABORATOIRE DE RECHERCHE","Laboratoires (La)",805,41.5]
[2011,"FOREM",89,"FOND. POUR RECHERCHE MEDICALE","A","LR","LABORATOIRE DE RECHERCHE","Laboratoires (La)",805,41.5]
[2011,"FOREM",89,"FOND. POUR RECHERCHE MEDICALE","A","RE","SALLE DE REUNION","Salles d'enseignement (UR)",392,13]
[2011,"CMU",90,"CMU","A","AB","ABRI, CAVE","Archivage et surfaces d'entreposage (Ar)",196,12]
[2011,"CMU",90,"CMU","A","AB","ABRI, CAVE","Archivage et surfaces d'entreposage (Ar)",196,12]
[2011,"CMU",90,"CMU","A","AB","ABRI, CAVE","Archivage et surfaces d'entreposage (Ar)",196,18.5]
[2011,"CMU",90,"CMU","A","AB","ABRI, CAVE","Archivage et surfaces d'entreposage (Ar)",196,20]
[2011,"CMU",90,"CMU","A","AB","ABRI, CAVE","Archivage et surfaces d'entreposage (Ar)",196,20]
[2011,"CMU",90,"CMU","A","AB","ABRI, CAVE","Archivage et surfaces d'entreposage (Ar)",196,28.5]
[2011,"CMU",90,"CMU","A","AB","ABRI, CAVE","Archivage et surfaces d'entreposage (Ar)",196,34]
[2011,"CMU",90,"CMU","A","AB","ABRI, CAVE","Archivage et surfaces d'entreposage (Ar)",196,34.5]
[2011,"CMU",90,"CMU","A","AB","ABRI, CAVE","Archivage et surfaces d'entreposage (Ar)",196,34.5]
[2011,"CMU",90,"CMU","A","AB","ABRI, CAVE","Archivage et surfaces d'entreposage (Ar)",196,35]
[2011,"CMU",90,"CMU","A","AB","ABRI, CAVE","Archivage et surfaces d'entreposage (Ar)",196,35.5]
[2011,"CMU",90,"CMU","A","AB","ABRI, CAVE","Archivage et surfaces d'entreposage (Ar)",196,35.5]
[2011,"CMU",90,"CMU","A","AB","ABRI, CAVE","Archivage et surfaces d'entreposage (Ar)",196,48.5]
[2011,"CMU",90,"CMU","A","AB","ABRI, CAVE","Archivage et surfaces d'entreposage (Ar)",196,48.5]
[2011,"CMU",90,"CMU","A","AB","ABRI, CAVE","Archivage et surfaces d'entreposage (Ar)",196,48.5]
[2011,"CMU",90,"CMU","A","AB","ABRI, CAVE","Archivage et surfaces d'entreposage (Ar)",196,48.5]
[2011,"CMU",90,"CMU","A","AB","ABRI, CAVE","Archivage et surfaces d'entreposage (Ar)",196,48.5]
[2011,"CMU",90,"CMU","A","AB","ABRI, CAVE","Archivage et surfaces d'entreposage (Ar)",196,51]
[2011,"CMU",90,"CMU","A","AB","ABRI, CAVE","Archivage et surfaces d'entreposage (Ar)",196,52.5]
[2011,"CMU",90,"CMU","A","AB","ABRI, CAVE","Archivage et surfaces d'entreposage (Ar)",196,53]
[2011,"CMU",90,"CMU","A","AB","ABRI, CAVE","Archivage et surfaces d'entreposage (Ar)",196,58]
[2011,"CMU",90,"CMU","A","AB","ABRI, CAVE","Archivage et surfaces d'entreposage (Ar)",196,62]
[2011,"CMU",90,"CMU","A","AN","ANIMALERIE","Laboratoires (La)",805,9]
[2011,"CMU",90,"CMU","A","AN","ANIMALERIE","Laboratoires (La)",805,12]
[2011,"CMU",90,"CMU","A","AN","ANIMALERIE","Laboratoires (La)",805,17.5]
[2011,"CMU",90,"CMU","A","AN","ANIMALERIE","Laboratoires (La)",805,17.5]
[2011,"CMU",90,"CMU","A","AN","ANIMALERIE","Laboratoires (La)",805,19]
[2011,"CMU",90,"CMU","A","AN","ANIMALERIE","Laboratoires (La)",805,57]
[2011,"CMU",90,"CMU","A","AR","ARCHIVES","Archivage et surfaces d'entreposage (Ar)",196,17.5]
[2011,"CMU",90,"CMU","A","AR","ARCHIVES","Archivage et surfaces d'entreposage (Ar)",196,29]
[2011,"CMU",90,"CMU","A","AT","ATELIER","Laboratoires (La)",805,8]
[2011,"CMU",90,"CMU","A","AT","ATELIER","Laboratoires (La)",805,8.5]
[2011,"CMU",90,"CMU","A","AT","ATELIER","Laboratoires (La)",805,9.5]
[2011,"CMU",90,"CMU","A","AT","ATELIER","Laboratoires (La)",805,11]
[2011,"CMU",90,"CMU","A","AT","ATELIER","Laboratoires (La)",805,12]
[2011,"CMU",90,"CMU","A","AT","ATELIER","Laboratoires (La)",805,14]
[2011,"CMU",90,"CMU","A","AT","ATELIER","Laboratoires (La)",805,17.5]
[2011,"CMU",90,"CMU","A","AT","ATELIER","Laboratoires (La)",805,18]
[2011,"CMU",90,"CMU","A","AT","ATELIER","Laboratoires (La)",805,18]
[2011,"CMU",90,"CMU","A","AT","ATELIER","Laboratoires (La)",805,20]
[2011,"CMU",90,"CMU","A","AT","ATELIER","Laboratoires (La)",805,22.5]
[2011,"CMU",90,"CMU","A","AT","ATELIER","Laboratoires (La)",805,30.5]
[2011,"CMU",90,"CMU","A","AT","ATELIER","Laboratoires (La)",805,43]
[2011,"CMU",90,"CMU","A","AT","ATELIER","Laboratoires (La)",805,46]
[2011,"CMU",90,"CMU","A","AT","ATELIER","Laboratoires (La)",805,65]
[2011,"CMU",90,"CMU","A","AT","ATELIER","Laboratoires (La)",805,76]
[2011,"CMU",90,"CMU","A","AT","ATELIER","Laboratoires (La)",805,107]
[2011,"CMU",90,"CMU","A","AT","ATELIER","Laboratoires (La)",805,159]
[2011,"CMU",90,"CMU","A","AT","ATELIER","Laboratoires (La)",805,275.5]
[2011,"CMU",90,"CMU","A","AU","AUDITOIRE","Salles de cours (Hö)",667,253.5]
[2011,"CMU",90,"CMU","A","AU","AUDITOIRE","Salles de cours (Hö)",667,274]
[2011,"CMU",90,"CMU","A","AU","AUDITOIRE","Salles de cours (Hö)",667,374]
[2011,"CMU",90,"CMU","A","AX","ANNEXES","Archivage et surfaces d'entreposage (Ar)",196,1.5]
[2011,"CMU",90,"CMU","A","AX","ANNEXES","Archivage et surfaces d'entreposage (Ar)",196,2]
[2011,"CMU",90,"CMU","A","AX","ANNEXES","Archivage et surfaces d'entreposage (Ar)",196,2]
[2011,"CMU",90,"CMU","A","AX","ANNEXES","Archivage et surfaces d'entreposage (Ar)",196,2]
[2011,"CMU",90,"CMU","A","AX","ANNEXES","Archivage et surfaces d'entreposage (Ar)",196,3.5]
[2011,"CMU",90,"CMU","A","AX","ANNEXES","Archivage et surfaces d'entreposage (Ar)",196,3.5]
[2011,"CMU",90,"CMU","A","AX","ANNEXES","Archivage et surfaces d'entreposage (Ar)",196,4]
[2011,"CMU",90,"CMU","A","AX","ANNEXES","Archivage et surfaces d'entreposage (Ar)",196,4]
[2011,"CMU",90,"CMU","A","AX","ANNEXES","Archivage et surfaces d'entreposage (Ar)",196,4.5]
[2011,"CMU",90,"CMU","A","AX","ANNEXES","Archivage et surfaces d'entreposage (Ar)",196,4.5]
[2011,"CMU",90,"CMU","A","AX","ANNEXES","Archivage et surfaces d'entreposage (Ar)",196,4.5]
[2011,"CMU",90,"CMU","A","AX","ANNEXES","Archivage et surfaces d'entreposage (Ar)",196,5]
[2011,"CMU",90,"CMU","A","AX","ANNEXES","Archivage et surfaces d'entreposage (Ar)",196,5]
[2011,"CMU",90,"CMU","A","AX","ANNEXES","Archivage et surfaces d'entreposage (Ar)",196,5]
[2011,"CMU",90,"CMU","A","AX","ANNEXES","Archivage et surfaces d'entreposage (Ar)",196,5.5]
[2011,"CMU",90,"CMU","A","AX","ANNEXES","Archivage et surfaces d'entreposage (Ar)",196,6]
[2011,"CMU",90,"CMU","A","AX","ANNEXES","Archivage et surfaces d'entreposage (Ar)",196,7]
[2011,"CMU",90,"CMU","A","AX","ANNEXES","Archivage et surfaces d'entreposage (Ar)",196,7.5]
[2011,"CMU",90,"CMU","A","AX","ANNEXES","Archivage et surfaces d'entreposage (Ar)",196,7.5]
[2011,"CMU",90,"CMU","A","AX","ANNEXES","Archivage et surfaces d'entreposage (Ar)",196,7.5]
[2011,"CMU",90,"CMU","A","AX","ANNEXES","Archivage et surfaces d'entreposage (Ar)",196,8]
[2011,"CMU",90,"CMU","A","AX","ANNEXES","Archivage et surfaces d'entreposage (Ar)",196,8]
[2011,"CMU",90,"CMU","A","AX","ANNEXES","Archivage et surfaces d'entreposage (Ar)",196,8]
[2011,"CMU",90,"CMU","A","AX","ANNEXES","Archivage et surfaces d'entreposage (Ar)",196,8.5]
[2011,"CMU",90,"CMU","A","AX","ANNEXES","Archivage et surfaces d'entreposage (Ar)",196,8.5]
[2011,"CMU",90,"CMU","A","AX","ANNEXES","Archivage et surfaces d'entreposage (Ar)",196,8.5]
[2011,"CMU",90,"CMU","A","AX","ANNEXES","Archivage et surfaces d'entreposage (Ar)",196,8.5]
[2011,"CMU",90,"CMU","A","AX","ANNEXES","Archivage et surfaces d'entreposage (Ar)",196,8.5]
[2011,"CMU",90,"CMU","A","AX","ANNEXES","Archivage et surfaces d'entreposage (Ar)",196,8.5]
[2011,"CMU",90,"CMU","A","AX","ANNEXES","Archivage et surfaces d'entreposage (Ar)",196,8.5]
[2011,"CMU",90,"CMU","A","AX","ANNEXES","Archivage et surfaces d'entreposage (Ar)",196,8.5]
[2011,"CMU",90,"CMU","A","AX","ANNEXES","Archivage et surfaces d'entreposage (Ar)",196,8.5]
[2011,"CMU",90,"CMU","A","AX","ANNEXES","Archivage et surfaces d'entreposage (Ar)",196,8.5]
[2011,"CMU",90,"CMU","A","AX","ANNEXES","Archivage et surfaces d'entreposage (Ar)",196,8.5]
[2011,"CMU",90,"CMU","A","AX","ANNEXES","Archivage et surfaces d'entreposage (Ar)",196,9]
[2011,"CMU",90,"CMU","A","AX","ANNEXES","Archivage et surfaces d'entreposage (Ar)",196,9.5]
[2011,"CMU",90,"CMU","A","AX","ANNEXES","Archivage et surfaces d'entreposage (Ar)",196,9.5]
[2011,"CMU",90,"CMU","A","AX","ANNEXES","Archivage et surfaces d'entreposage (Ar)",196,10]
[2011,"CMU",90,"CMU","A","AX","ANNEXES","Archivage et surfaces d'entreposage (Ar)",196,10]
[2011,"CMU",90,"CMU","A","AX","ANNEXES","Archivage et surfaces d'entreposage (Ar)",196,10]
[2011,"CMU",90,"CMU","A","AX","ANNEXES","Archivage et surfaces d'entreposage (Ar)",196,10]
[2011,"CMU",90,"CMU","A","AX","ANNEXES","Archivage et surfaces d'entreposage (Ar)",196,10]
[2011,"CMU",90,"CMU","A","AX","ANNEXES","Archivage et surfaces d'entreposage (Ar)",196,10]
[2011,"CMU",90,"CMU","A","AX","ANNEXES","Archivage et surfaces d'entreposage (Ar)",196,10]
[2011,"CMU",90,"CMU","A","AX","ANNEXES","Archivage et surfaces d'entreposage (Ar)",196,10]
[2011,"CMU",90,"CMU","A","AX","ANNEXES","Archivage et surfaces d'entreposage (Ar)",196,10]
[2011,"CMU",90,"CMU","A","AX","ANNEXES","Archivage et surfaces d'entreposage (Ar)",196,10]
[2011,"CMU",90,"CMU","A","AX","ANNEXES","Archivage et surfaces d'entreposage (Ar)",196,10]
[2011,"CMU",90,"CMU","A","AX","ANNEXES","Archivage et surfaces d'entreposage (Ar)",196,10]
[2011,"CMU",90,"CMU","A","AX","ANNEXES","Archivage et surfaces d'entreposage (Ar)",196,10]
[2011,"CMU",90,"CMU","A","AX","ANNEXES","Archivage et surfaces d'entreposage (Ar)",196,10]
[2011,"CMU",90,"CMU","A","AX","ANNEXES","Archivage et surfaces d'entreposage (Ar)",196,10]
[2011,"CMU",90,"CMU","A","AX","ANNEXES","Archivage et surfaces d'entreposage (Ar)",196,10]
[2011,"CMU",90,"CMU","A","AX","ANNEXES","Archivage et surfaces d'entreposage (Ar)",196,10]
[2011,"CMU",90,"CMU","A","AX","ANNEXES","Archivage et surfaces d'entreposage (Ar)",196,11.5]
[2011,"CMU",90,"CMU","A","AX","ANNEXES","Archivage et surfaces d'entreposage (Ar)",196,11.5]
[2011,"CMU",90,"CMU","A","AX","ANNEXES","Archivage et surfaces d'entreposage (Ar)",196,12]
[2011,"CMU",90,"CMU","A","AX","ANNEXES","Archivage et surfaces d'entreposage (Ar)",196,12]
[2011,"CMU",90,"CMU","A","AX","ANNEXES","Archivage et surfaces d'entreposage (Ar)",196,12]
[2011,"CMU",90,"CMU","A","AX","ANNEXES","Archivage et surfaces d'entreposage (Ar)",196,12]
[2011,"CMU",90,"CMU","A","AX","ANNEXES","Archivage et surfaces d'entreposage (Ar)",196,12.5]
[2011,"CMU",90,"CMU","A","AX","ANNEXES","Archivage et surfaces d'entreposage (Ar)",196,12.5]
[2011,"CMU",90,"CMU","A","AX","ANNEXES","Archivage et surfaces d'entreposage (Ar)",196,12.5]
[2011,"CMU",90,"CMU","A","AX","ANNEXES","Archivage et surfaces d'entreposage (Ar)",196,12.5]
[2011,"CMU",90,"CMU","A","AX","ANNEXES","Archivage et surfaces d'entreposage (Ar)",196,12.5]
[2011,"CMU",90,"CMU","A","AX","ANNEXES","Archivage et surfaces d'entreposage (Ar)",196,13]
[2011,"CMU",90,"CMU","A","AX","ANNEXES","Archivage et surfaces d'entreposage (Ar)",196,13]
[2011,"CMU",90,"CMU","A","AX","ANNEXES","Archivage et surfaces d'entreposage (Ar)",196,13]
[2011,"CMU",90,"CMU","A","AX","ANNEXES","Archivage et surfaces d'entreposage (Ar)",196,13]
[2011,"CMU",90,"CMU","A","AX","ANNEXES","Archivage et surfaces d'entreposage (Ar)",196,13.5]
[2011,"CMU",90,"CMU","A","AX","ANNEXES","Archivage et surfaces d'entreposage (Ar)",196,13.5]
[2011,"CMU",90,"CMU","A","AX","ANNEXES","Archivage et surfaces d'entreposage (Ar)",196,13.5]
[2011,"CMU",90,"CMU","A","AX","ANNEXES","Archivage et surfaces d'entreposage (Ar)",196,13.5]
[2011,"CMU",90,"CMU","A","AX","ANNEXES","Archivage et surfaces d'entreposage (Ar)",196,13.5]
[2011,"CMU",90,"CMU","A","AX","ANNEXES","Archivage et surfaces d'entreposage (Ar)",196,13.5]
[2011,"CMU",90,"CMU","A","AX","ANNEXES","Archivage et surfaces d'entreposage (Ar)",196,14]
[2011,"CMU",90,"CMU","A","AX","ANNEXES","Archivage et surfaces d'entreposage (Ar)",196,14]
[2011,"CMU",90,"CMU","A","AX","ANNEXES","Archivage et surfaces d'entreposage (Ar)",196,14]
[2011,"CMU",90,"CMU","A","AX","ANNEXES","Archivage et surfaces d'entreposage (Ar)",196,14]
[2011,"CMU",90,"CMU","A","AX","ANNEXES","Archivage et surfaces d'entreposage (Ar)",196,14]
[2011,"CMU",90,"CMU","A","AX","ANNEXES","Archivage et surfaces d'entreposage (Ar)",196,14]
[2011,"CMU",90,"CMU","A","AX","ANNEXES","Archivage et surfaces d'entreposage (Ar)",196,14]
[2011,"CMU",90,"CMU","A","AX","ANNEXES","Archivage et surfaces d'entreposage (Ar)",196,14]
[2011,"CMU",90,"CMU","A","AX","ANNEXES","Archivage et surfaces d'entreposage (Ar)",196,14]
[2011,"CMU",90,"CMU","A","AX","ANNEXES","Archivage et surfaces d'entreposage (Ar)",196,14]
[2011,"CMU",90,"CMU","A","AX","ANNEXES","Archivage et surfaces d'entreposage (Ar)",196,14]
[2011,"CMU",90,"CMU","A","AX","ANNEXES","Archivage et surfaces d'entreposage (Ar)",196,14]
[2011,"CMU",90,"CMU","A","AX","ANNEXES","Archivage et surfaces d'entreposage (Ar)",196,14]
[2011,"CMU",90,"CMU","A","AX","ANNEXES","Archivage et surfaces d'entreposage (Ar)",196,14]
[2011,"CMU",90,"CMU","A","AX","ANNEXES","Archivage et surfaces d'entreposage (Ar)",196,14]
[2011,"CMU",90,"CMU","A","AX","ANNEXES","Archivage et surfaces d'entreposage (Ar)",196,14]
[2011,"CMU",90,"CMU","A","AX","ANNEXES","Archivage et surfaces d'entreposage (Ar)",196,14]
[2011,"CMU",90,"CMU","A","AX","ANNEXES","Archivage et surfaces d'entreposage (Ar)",196,14]
[2011,"CMU",90,"CMU","A","AX","ANNEXES","Archivage et surfaces d'entreposage (Ar)",196,14.5]
[2011,"CMU",90,"CMU","A","AX","ANNEXES","Archivage et surfaces d'entreposage (Ar)",196,14.5]
[2011,"CMU",90,"CMU","A","AX","ANNEXES","Archivage et surfaces d'entreposage (Ar)",196,14.5]
[2011,"CMU",90,"CMU","A","AX","ANNEXES","Archivage et surfaces d'entreposage (Ar)",196,14.5]
[2011,"CMU",90,"CMU","A","AX","ANNEXES","Archivage et surfaces d'entreposage (Ar)",196,14.5]
[2011,"CMU",90,"CMU","A","AX","ANNEXES","Archivage et surfaces d'entreposage (Ar)",196,14.5]
[2011,"CMU",90,"CMU","A","AX","ANNEXES","Archivage et surfaces d'entreposage (Ar)",196,14.5]
[2011,"CMU",90,"CMU","A","AX","ANNEXES","Archivage et surfaces d'entreposage (Ar)",196,14.5]
[2011,"CMU",90,"CMU","A","AX","ANNEXES","Archivage et surfaces d'entreposage (Ar)",196,14.5]
[2011,"CMU",90,"CMU","A","AX","ANNEXES","Archivage et surfaces d'entreposage (Ar)",196,14.5]
[2011,"CMU",90,"CMU","A","AX","ANNEXES","Archivage et surfaces d'entreposage (Ar)",196,14.5]
[2011,"CMU",90,"CMU","A","AX","ANNEXES","Archivage et surfaces d'entreposage (Ar)",196,14.5]
[2011,"CMU",90,"CMU","A","AX","ANNEXES","Archivage et surfaces d'entreposage (Ar)",196,14.5]
[2011,"CMU",90,"CMU","A","AX","ANNEXES","Archivage et surfaces d'entreposage (Ar)",196,14.5]
[2011,"CMU",90,"CMU","A","AX","ANNEXES","Archivage et surfaces d'entreposage (Ar)",196,14.5]
[2011,"CMU",90,"CMU","A","AX","ANNEXES","Archivage et surfaces d'entreposage (Ar)",196,14.5]
[2011,"CMU",90,"CMU","A","AX","ANNEXES","Archivage et surfaces d'entreposage (Ar)",196,14.5]
[2011,"CMU",90,"CMU","A","AX","ANNEXES","Archivage et surfaces d'entreposage (Ar)",196,14.5]
[2011,"CMU",90,"CMU","A","AX","ANNEXES","Archivage et surfaces d'entreposage (Ar)",196,14.5]
[2011,"CMU",90,"CMU","A","AX","ANNEXES","Archivage et surfaces d'entreposage (Ar)",196,14.5]
[2011,"CMU",90,"CMU","A","AX","ANNEXES","Archivage et surfaces d'entreposage (Ar)",196,15]
[2011,"CMU",90,"CMU","A","AX","ANNEXES","Archivage et surfaces d'entreposage (Ar)",196,15]
[2011,"CMU",90,"CMU","A","AX","ANNEXES","Archivage et surfaces d'entreposage (Ar)",196,15.5]
[2011,"CMU",90,"CMU","A","AX","ANNEXES","Archivage et surfaces d'entreposage (Ar)",196,15.5]
[2011,"CMU",90,"CMU","A","AX","ANNEXES","Archivage et surfaces d'entreposage (Ar)",196,16.5]
[2011,"CMU",90,"CMU","A","AX","ANNEXES","Archivage et surfaces d'entreposage (Ar)",196,17]
[2011,"CMU",90,"CMU","A","AX","ANNEXES","Archivage et surfaces d'entreposage (Ar)",196,17.5]
[2011,"CMU",90,"CMU","A","AX","ANNEXES","Archivage et surfaces d'entreposage (Ar)",196,17.5]
[2011,"CMU",90,"CMU","A","AX","ANNEXES","Archivage et surfaces d'entreposage (Ar)",196,18]
[2011,"CMU",90,"CMU","A","AX","ANNEXES","Archivage et surfaces d'entreposage (Ar)",196,18.5]
[2011,"CMU",90,"CMU","A","AX","ANNEXES","Archivage et surfaces d'entreposage (Ar)",196,18.5]
[2011,"CMU",90,"CMU","A","AX","ANNEXES","Archivage et surfaces d'entreposage (Ar)",196,19]
[2011,"CMU",90,"CMU","A","AX","ANNEXES","Archivage et surfaces d'entreposage (Ar)",196,19]
[2011,"CMU",90,"CMU","A","AX","ANNEXES","Archivage et surfaces d'entreposage (Ar)",196,19.5]
[2011,"CMU",90,"CMU","A","AX","ANNEXES","Archivage et surfaces d'entreposage (Ar)",196,19.5]
[2011,"CMU",90,"CMU","A","AX","ANNEXES","Archivage et surfaces d'entreposage (Ar)",196,19.5]
[2011,"CMU",90,"CMU","A","AX","ANNEXES","Archivage et surfaces d'entreposage (Ar)",196,20]
[2011,"CMU",90,"CMU","A","AX","ANNEXES","Archivage et surfaces d'entreposage (Ar)",196,20.5]
[2011,"CMU",90,"CMU","A","AX","ANNEXES","Archivage et surfaces d'entreposage (Ar)",196,20.5]
[2011,"CMU",90,"CMU","A","AX","ANNEXES","Archivage et surfaces d'entreposage (Ar)",196,20.5]
[2011,"CMU",90,"CMU","A","AX","ANNEXES","Archivage et surfaces d'entreposage (Ar)",196,20.5]
[2011,"CMU",90,"CMU","A","AX","ANNEXES","Archivage et surfaces d'entreposage (Ar)",196,20.5]
[2011,"CMU",90,"CMU","A","AX","ANNEXES","Archivage et surfaces d'entreposage (Ar)",196,20.5]
[2011,"CMU",90,"CMU","A","AX","ANNEXES","Archivage et surfaces d'entreposage (Ar)",196,20.5]
[2011,"CMU",90,"CMU","A","AX","ANNEXES","Archivage et surfaces d'entreposage (Ar)",196,21]
[2011,"CMU",90,"CMU","A","AX","ANNEXES","Archivage et surfaces d'entreposage (Ar)",196,22]
[2011,"CMU",90,"CMU","A","AX","ANNEXES","Archivage et surfaces d'entreposage (Ar)",196,22.5]
[2011,"CMU",90,"CMU","A","AX","ANNEXES","Archivage et surfaces d'entreposage (Ar)",196,23]
[2011,"CMU",90,"CMU","A","AX","ANNEXES","Archivage et surfaces d'entreposage (Ar)",196,23]
[2011,"CMU",90,"CMU","A","AX","ANNEXES","Archivage et surfaces d'entreposage (Ar)",196,23.5]
[2011,"CMU",90,"CMU","A","AX","ANNEXES","Archivage et surfaces d'entreposage (Ar)",196,24.5]
[2011,"CMU",90,"CMU","A","AX","ANNEXES","Archivage et surfaces d'entreposage (Ar)",196,24.5]
[2011,"CMU",90,"CMU","A","AX","ANNEXES","Archivage et surfaces d'entreposage (Ar)",196,24.5]
[2011,"CMU",90,"CMU","A","AX","ANNEXES","Archivage et surfaces d'entreposage (Ar)",196,24.5]
[2011,"CMU",90,"CMU","A","AX","ANNEXES","Archivage et surfaces d'entreposage (Ar)",196,24.5]
[2011,"CMU",90,"CMU","A","AX","ANNEXES","Archivage et surfaces d'entreposage (Ar)",196,24.5]
[2011,"CMU",90,"CMU","A","AX","ANNEXES","Archivage et surfaces d'entreposage (Ar)",196,24.5]
[2011,"CMU",90,"CMU","A","AX","ANNEXES","Archivage et surfaces d'entreposage (Ar)",196,24.5]
[2011,"CMU",90,"CMU","A","AX","ANNEXES","Archivage et surfaces d'entreposage (Ar)",196,24.5]
[2011,"CMU",90,"CMU","A","AX","ANNEXES","Archivage et surfaces d'entreposage (Ar)",196,24.5]
[2011,"CMU",90,"CMU","A","AX","ANNEXES","Archivage et surfaces d'entreposage (Ar)",196,26.5]
[2011,"CMU",90,"CMU","A","AX","ANNEXES","Archivage et surfaces d'entreposage (Ar)",196,26.5]
[2011,"CMU",90,"CMU","A","AX","ANNEXES","Archivage et surfaces d'entreposage (Ar)",196,28]
[2011,"CMU",90,"CMU","A","AX","ANNEXES","Archivage et surfaces d'entreposage (Ar)",196,32]
[2011,"CMU",90,"CMU","A","AX","ANNEXES","Archivage et surfaces d'entreposage (Ar)",196,38]
[2011,"CMU",90,"CMU","A","AX","ANNEXES","Archivage et surfaces d'entreposage (Ar)",196,52]
[2011,"CMU",90,"CMU","A","AX","ANNEXES","Archivage et surfaces d'entreposage (Ar)",196,57]
[2011,"CMU",90,"CMU","A","AX","ANNEXES","Archivage et surfaces d'entreposage (Ar)",196,68.5]
[2011,"CMU",90,"CMU","A","AX","ANNEXES","Archivage et surfaces d'entreposage (Ar)",196,124]
[2011,"CMU",90,"CMU","A","BI","BIBLIOTHEQUE, SALLE DE LECTURE","Bibliothèques (Bi)",468,35]
[2011,"CMU",90,"CMU","A","BI","BIBLIOTHEQUE, SALLE DE LECTURE","Bibliothèques (Bi)",468,41]
[2011,"CMU",90,"CMU","A","BI","BIBLIOTHEQUE, SALLE DE LECTURE","Bibliothèques (Bi)",468,42.5]
[2011,"CMU",90,"CMU","A","BI","BIBLIOTHEQUE, SALLE DE LECTURE","Bibliothèques (Bi)",468,46]
[2011,"CMU",90,"CMU","A","BI","BIBLIOTHEQUE, SALLE DE LECTURE","Bibliothèques (Bi)",468,50]
[2011,"CMU",90,"CMU","A","BI","BIBLIOTHEQUE, SALLE DE LECTURE","Bibliothèques (Bi)",468,76]
[2011,"CMU",90,"CMU","A","BI","BIBLIOTHEQUE, SALLE DE LECTURE","Bibliothèques (Bi)",468,85.5]
[2011,"CMU",90,"CMU","A","BI","BIBLIOTHEQUE, SALLE DE LECTURE","Bibliothèques (Bi)",468,231]
[2011,"CMU",90,"CMU","A","BI","BIBLIOTHEQUE, SALLE DE LECTURE","Bibliothèques (Bi)",468,475]
[2011,"CMU",90,"CMU","A","BI","BIBLIOTHEQUE, SALLE DE LECTURE","Bibliothèques (Bi)",468,1020]
[2011,"CMU",90,"CMU","A","BI","BIBLIOTHEQUE, SALLE DE LECTURE","Bibliothèques (Bi)",468,1286]
[2011,"CMU",90,"CMU","A","BU","BUREAU","Bureaux (Bü)",392,7.5]
[2011,"CMU",90,"CMU","A","BU","BUREAU","Bureaux (Bü)",392,10]
[2011,"CMU",90,"CMU","A","BU","BUREAU","Bureaux (Bü)",392,10]
[2011,"CMU",90,"CMU","A","BU","BUREAU","Bureaux (Bü)",392,10]
[2011,"CMU",90,"CMU","A","BU","BUREAU","Bureaux (Bü)",392,10]
[2011,"CMU",90,"CMU","A","BU","BUREAU","Bureaux (Bü)",392,10]
[2011,"CMU",90,"CMU","A","BU","BUREAU","Bureaux (Bü)",392,10]
[2011,"CMU",90,"CMU","A","BU","BUREAU","Bureaux (Bü)",392,10]
[2011,"CMU",90,"CMU","A","BU","BUREAU","Bureaux (Bü)",392,10]
[2011,"CMU",90,"CMU","A","BU","BUREAU","Bureaux (Bü)",392,11]
[2011,"CMU",90,"CMU","A","BU","BUREAU","Bureaux (Bü)",392,11]
[2011,"CMU",90,"CMU","A","BU","BUREAU","Bureaux (Bü)",392,12]
[2011,"CMU",90,"CMU","A","BU","BUREAU","Bureaux (Bü)",392,12]
[2011,"CMU",90,"CMU","A","BU","BUREAU","Bureaux (Bü)",392,12]
[2011,"CMU",90,"CMU","A","BU","BUREAU","Bureaux (Bü)",392,12]
[2011,"CMU",90,"CMU","A","BU","BUREAU","Bureaux (Bü)",392,12]
[2011,"CMU",90,"CMU","A","BU","BUREAU","Bureaux (Bü)",392,12]
[2011,"CMU",90,"CMU","A","BU","BUREAU","Bureaux (Bü)",392,12]
[2011,"CMU",90,"CMU","A","BU","BUREAU","Bureaux (Bü)",392,12]
[2011,"CMU",90,"CMU","A","BU","BUREAU","Bureaux (Bü)",392,12]
[2011,"CMU",90,"CMU","A","BU","BUREAU","Bureaux (Bü)",392,12]
[2011,"CMU",90,"CMU","A","BU","BUREAU","Bureaux (Bü)",392,12]
[2011,"CMU",90,"CMU","A","BU","BUREAU","Bureaux (Bü)",392,12]
[2011,"CMU",90,"CMU","A","BU","BUREAU","Bureaux (Bü)",392,12]
[2011,"CMU",90,"CMU","A","BU","BUREAU","Bureaux (Bü)",392,12]
[2011,"CMU",90,"CMU","A","BU","BUREAU","Bureaux (Bü)",392,12]
[2011,"CMU",90,"CMU","A","BU","BUREAU","Bureaux (Bü)",392,12]
[2011,"CMU",90,"CMU","A","BU","BUREAU","Bureaux (Bü)",392,12]
[2011,"CMU",90,"CMU","A","BU","BUREAU","Bureaux (Bü)",392,12]
[2011,"CMU",90,"CMU","A","BU","BUREAU","Bureaux (Bü)",392,12]
[2011,"CMU",90,"CMU","A","BU","BUREAU","Bureaux (Bü)",392,12]
[2011,"CMU",90,"CMU","A","BU","BUREAU","Bureaux (Bü)",392,12]
[2011,"CMU",90,"CMU","A","BU","BUREAU","Bureaux (Bü)",392,12]
[2011,"CMU",90,"CMU","A","BU","BUREAU","Bureaux (Bü)",392,12]
[2011,"CMU",90,"CMU","A","BU","BUREAU","Bureaux (Bü)",392,12]
[2011,"CMU",90,"CMU","A","BU","BUREAU","Bureaux (Bü)",392,12]
[2011,"CMU",90,"CMU","A","BU","BUREAU","Bureaux (Bü)",392,12]
[2011,"CMU",90,"CMU","A","BU","BUREAU","Bureaux (Bü)",392,12]
[2011,"CMU",90,"CMU","A","BU","BUREAU","Bureaux (Bü)",392,12]
[2011,"CMU",90,"CMU","A","BU","BUREAU","Bureaux (Bü)",392,12]
[2011,"CMU",90,"CMU","A","BU","BUREAU","Bureaux (Bü)",392,12]
[2011,"CMU",90,"CMU","A","BU","BUREAU","Bureaux (Bü)",392,12]
[2011,"CMU",90,"CMU","A","BU","BUREAU","Bureaux (Bü)",392,12]
[2011,"CMU",90,"CMU","A","BU","BUREAU","Bureaux (Bü)",392,12]
[2011,"CMU",90,"CMU","A","BU","BUREAU","Bureaux (Bü)",392,12]
[2011,"CMU",90,"CMU","A","BU","BUREAU","Bureaux (Bü)",392,12]
[2011,"CMU",90,"CMU","A","BU","BUREAU","Bureaux (Bü)",392,12]
[2011,"CMU",90,"CMU","A","BU","BUREAU","Bureaux (Bü)",392,12]
[2011,"CMU",90,"CMU","A","BU","BUREAU","Bureaux (Bü)",392,12]
[2011,"CMU",90,"CMU","A","BU","BUREAU","Bureaux (Bü)",392,12]
[2011,"CMU",90,"CMU","A","BU","BUREAU","Bureaux (Bü)",392,12]
[2011,"CMU",90,"CMU","A","BU","BUREAU","Bureaux (Bü)",392,12]
[2011,"CMU",90,"CMU","A","BU","BUREAU","Bureaux (Bü)",392,12]
[2011,"CMU",90,"CMU","A","BU","BUREAU","Bureaux (Bü)",392,12]
[2011,"CMU",90,"CMU","A","BU","BUREAU","Bureaux (Bü)",392,12]
[2011,"CMU",90,"CMU","A","BU","BUREAU","Bureaux (Bü)",392,12]
[2011,"CMU",90,"CMU","A","BU","BUREAU","Bureaux (Bü)",392,12]
[2011,"CMU",90,"CMU","A","BU","BUREAU","Bureaux (Bü)",392,12]
[2011,"CMU",90,"CMU","A","BU","BUREAU","Bureaux (Bü)",392,12]
[2011,"CMU",90,"CMU","A","BU","BUREAU","Bureaux (Bü)",392,12]
[2011,"CMU",90,"CMU","A","BU","BUREAU","Bureaux (Bü)",392,12]
[2011,"CMU",90,"CMU","A","BU","BUREAU","Bureaux (Bü)",392,12]
[2011,"CMU",90,"CMU","A","BU","BUREAU","Bureaux (Bü)",392,12]
[2011,"CMU",90,"CMU","A","BU","BUREAU","Bureaux (Bü)",392,12]
[2011,"CMU",90,"CMU","A","BU","BUREAU","Bureaux (Bü)",392,12]
[2011,"CMU",90,"CMU","A","BU","BUREAU","Bureaux (Bü)",392,12]
[2011,"CMU",90,"CMU","A","BU","BUREAU","Bureaux (Bü)",392,12]
[2011,"CMU",90,"CMU","A","BU","BUREAU","Bureaux (Bü)",392,12]
[2011,"CMU",90,"CMU","A","BU","BUREAU","Bureaux (Bü)",392,12]
[2011,"CMU",90,"CMU","A","BU","BUREAU","Bureaux (Bü)",392,12]
[2011,"CMU",90,"CMU","A","BU","BUREAU","Bureaux (Bü)",392,12]
[2011,"CMU",90,"CMU","A","BU","BUREAU","Bureaux (Bü)",392,12]
[2011,"CMU",90,"CMU","A","BU","BUREAU","Bureaux (Bü)",392,12]
[2011,"CMU",90,"CMU","A","BU","BUREAU","Bureaux (Bü)",392,12]
[2011,"CMU",90,"CMU","A","BU","BUREAU","Bureaux (Bü)",392,12]
[2011,"CMU",90,"CMU","A","BU","BUREAU","Bureaux (Bü)",392,12]
[2011,"CMU",90,"CMU","A","BU","BUREAU","Bureaux (Bü)",392,12]
[2011,"CMU",90,"CMU","A","BU","BUREAU","Bureaux (Bü)",392,12]
[2011,"CMU",90,"CMU","A","BU","BUREAU","Bureaux (Bü)",392,12]
[2011,"CMU",90,"CMU","A","BU","BUREAU","Bureaux (Bü)",392,12]
[2011,"CMU",90,"CMU","A","BU","BUREAU","Bureaux (Bü)",392,12]
[2011,"CMU",90,"CMU","A","BU","BUREAU","Bureaux (Bü)",392,12]
[2011,"CMU",90,"CMU","A","BU","BUREAU","Bureaux (Bü)",392,12]
[2011,"CMU",90,"CMU","A","BU","BUREAU","Bureaux (Bü)",392,12]
[2011,"CMU",90,"CMU","A","BU","BUREAU","Bureaux (Bü)",392,12]
[2011,"CMU",90,"CMU","A","BU","BUREAU","Bureaux (Bü)",392,12]
[2011,"CMU",90,"CMU","A","BU","BUREAU","Bureaux (Bü)",392,12]
[2011,"CMU",90,"CMU","A","BU","BUREAU","Bureaux (Bü)",392,12]
[2011,"CMU",90,"CMU","A","BU","BUREAU","Bureaux (Bü)",392,12]
[2011,"CMU",90,"CMU","A","BU","BUREAU","Bureaux (Bü)",392,12]
[2011,"CMU",90,"CMU","A","BU","BUREAU","Bureaux (Bü)",392,12]
[2011,"CMU",90,"CMU","A","BU","BUREAU","Bureaux (Bü)",392,12]
[2011,"CMU",90,"CMU","A","BU","BUREAU","Bureaux (Bü)",392,12]
[2011,"CMU",90,"CMU","A","BU","BUREAU","Bureaux (Bü)",392,12]
[2011,"CMU",90,"CMU","A","BU","BUREAU","Bureaux (Bü)",392,12.5]
[2011,"CMU",90,"CMU","A","BU","BUREAU","Bureaux (Bü)",392,13]
[2011,"CMU",90,"CMU","A","BU","BUREAU","Bureaux (Bü)",392,13.5]
[2011,"CMU",90,"CMU","A","BU","BUREAU","Bureaux (Bü)",392,13.5]
[2011,"CMU",90,"CMU","A","BU","BUREAU","Bureaux (Bü)",392,13.5]
[2011,"CMU",90,"CMU","A","BU","BUREAU","Bureaux (Bü)",392,13.5]
[2011,"CMU",90,"CMU","A","BU","BUREAU","Bureaux (Bü)",392,13.5]
[2011,"CMU",90,"CMU","A","BU","BUREAU","Bureaux (Bü)",392,13.5]
[2011,"CMU",90,"CMU","A","BU","BUREAU","Bureaux (Bü)",392,13.5]
[2011,"CMU",90,"CMU","A","BU","BUREAU","Bureaux (Bü)",392,14]
[2011,"CMU",90,"CMU","A","BU","BUREAU","Bureaux (Bü)",392,14]
[2011,"CMU",90,"CMU","A","BU","BUREAU","Bureaux (Bü)",392,14]
[2011,"CMU",90,"CMU","A","BU","BUREAU","Bureaux (Bü)",392,14]
[2011,"CMU",90,"CMU","A","BU","BUREAU","Bureaux (Bü)",392,14]
[2011,"CMU",90,"CMU","A","BU","BUREAU","Bureaux (Bü)",392,14]
[2011,"CMU",90,"CMU","A","BU","BUREAU","Bureaux (Bü)",392,14]
[2011,"CMU",90,"CMU","A","BU","BUREAU","Bureaux (Bü)",392,14]
[2011,"CMU",90,"CMU","A","BU","BUREAU","Bureaux (Bü)",392,14.5]
[2011,"CMU",90,"CMU","A","BU","BUREAU","Bureaux (Bü)",392,15.5]
[2011,"CMU",90,"CMU","A","BU","BUREAU","Bureaux (Bü)",392,16.5]
[2011,"CMU",90,"CMU","A","BU","BUREAU","Bureaux (Bü)",392,17]
[2011,"CMU",90,"CMU","A","BU","BUREAU","Bureaux (Bü)",392,17]
[2011,"CMU",90,"CMU","A","BU","BUREAU","Bureaux (Bü)",392,17]
[2011,"CMU",90,"CMU","A","BU","BUREAU","Bureaux (Bü)",392,17.5]
[2011,"CMU",90,"CMU","A","BU","BUREAU","Bureaux (Bü)",392,17.5]
[2011,"CMU",90,"CMU","A","BU","BUREAU","Bureaux (Bü)",392,18]
[2011,"CMU",90,"CMU","A","BU","BUREAU","Bureaux (Bü)",392,18]
[2011,"CMU",90,"CMU","A","BU","BUREAU","Bureaux (Bü)",392,18]
[2011,"CMU",90,"CMU","A","BU","BUREAU","Bureaux (Bü)",392,18]
[2011,"CMU",90,"CMU","A","BU","BUREAU","Bureaux (Bü)",392,18]
[2011,"CMU",90,"CMU","A","BU","BUREAU","Bureaux (Bü)",392,18]
[2011,"CMU",90,"CMU","A","BU","BUREAU","Bureaux (Bü)",392,18]
[2011,"CMU",90,"CMU","A","BU","BUREAU","Bureaux (Bü)",392,18]
[2011,"CMU",90,"CMU","A","BU","BUREAU","Bureaux (Bü)",392,18]
[2011,"CMU",90,"CMU","A","BU","BUREAU","Bureaux (Bü)",392,18]
[2011,"CMU",90,"CMU","A","BU","BUREAU","Bureaux (Bü)",392,18]
[2011,"CMU",90,"CMU","A","BU","BUREAU","Bureaux (Bü)",392,18]
[2011,"CMU",90,"CMU","A","BU","BUREAU","Bureaux (Bü)",392,18]
[2011,"CMU",90,"CMU","A","BU","BUREAU","Bureaux (Bü)",392,18]
[2011,"CMU",90,"CMU","A","BU","BUREAU","Bureaux (Bü)",392,18.5]
[2011,"CMU",90,"CMU","A","BU","BUREAU","Bureaux (Bü)",392,18.5]
[2011,"CMU",90,"CMU","A","BU","BUREAU","Bureaux (Bü)",392,18.5]
[2011,"CMU",90,"CMU","A","BU","BUREAU","Bureaux (Bü)",392,18.5]
[2011,"CMU",90,"CMU","A","BU","BUREAU","Bureaux (Bü)",392,19.5]
[2011,"CMU",90,"CMU","A","BU","BUREAU","Bureaux (Bü)",392,19.5]
[2011,"CMU",90,"CMU","A","BU","BUREAU","Bureaux (Bü)",392,19.5]
[2011,"CMU",90,"CMU","A","BU","BUREAU","Bureaux (Bü)",392,20.5]
[2011,"CMU",90,"CMU","A","BU","BUREAU","Bureaux (Bü)",392,20.5]
[2011,"CMU",90,"CMU","A","BU","BUREAU","Bureaux (Bü)",392,21]
[2011,"CMU",90,"CMU","A","BU","BUREAU","Bureaux (Bü)",392,21]
[2011,"CMU",90,"CMU","A","BU","BUREAU","Bureaux (Bü)",392,21]
[2011,"CMU",90,"CMU","A","BU","BUREAU","Bureaux (Bü)",392,21]
[2011,"CMU",90,"CMU","A","BU","BUREAU","Bureaux (Bü)",392,21]
[2011,"CMU",90,"CMU","A","BU","BUREAU","Bureaux (Bü)",392,21.5]
[2011,"CMU",90,"CMU","A","BU","BUREAU","Bureaux (Bü)",392,21.5]
[2011,"CMU",90,"CMU","A","BU","BUREAU","Bureaux (Bü)",392,21.5]
[2011,"CMU",90,"CMU","A","BU","BUREAU","Bureaux (Bü)",392,21.5]
[2011,"CMU",90,"CMU","A","BU","BUREAU","Bureaux (Bü)",392,21.5]
[2011,"CMU",90,"CMU","A","BU","BUREAU","Bureaux (Bü)",392,22.5]
[2011,"CMU",90,"CMU","A","BU","BUREAU","Bureaux (Bü)",392,22.5]
[2011,"CMU",90,"CMU","A","BU","BUREAU","Bureaux (Bü)",392,22.5]
[2011,"CMU",90,"CMU","A","BU","BUREAU","Bureaux (Bü)",392,22.5]
[2011,"CMU",90,"CMU","A","BU","BUREAU","Bureaux (Bü)",392,22.5]
[2011,"CMU",90,"CMU","A","BU","BUREAU","Bureaux (Bü)",392,22.5]
[2011,"CMU",90,"CMU","A","BU","BUREAU","Bureaux (Bü)",392,22.5]
[2011,"CMU",90,"CMU","A","BU","BUREAU","Bureaux (Bü)",392,22.5]
[2011,"CMU",90,"CMU","A","BU","BUREAU","Bureaux (Bü)",392,22.5]
[2011,"CMU",90,"CMU","A","BU","BUREAU","Bureaux (Bü)",392,22.5]
[2011,"CMU",90,"CMU","A","BU","BUREAU","Bureaux (Bü)",392,22.5]
[2011,"CMU",90,"CMU","A","BU","BUREAU","Bureaux (Bü)",392,22.5]
[2011,"CMU",90,"CMU","A","BU","BUREAU","Bureaux (Bü)",392,22.5]
[2011,"CMU",90,"CMU","A","BU","BUREAU","Bureaux (Bü)",392,22.5]
[2011,"CMU",90,"CMU","A","BU","BUREAU","Bureaux (Bü)",392,22.5]
[2011,"CMU",90,"CMU","A","BU","BUREAU","Bureaux (Bü)",392,22.5]
[2011,"CMU",90,"CMU","A","BU","BUREAU","Bureaux (Bü)",392,22.5]
[2011,"CMU",90,"CMU","A","BU","BUREAU","Bureaux (Bü)",392,22.5]
[2011,"CMU",90,"CMU","A","BU","BUREAU","Bureaux (Bü)",392,22.5]
[2011,"CMU",90,"CMU","A","BU","BUREAU","Bureaux (Bü)",392,22.5]
[2011,"CMU",90,"CMU","A","BU","BUREAU","Bureaux (Bü)",392,22.5]
[2011,"CMU",90,"CMU","A","BU","BUREAU","Bureaux (Bü)",392,22.5]
[2011,"CMU",90,"CMU","A","BU","BUREAU","Bureaux (Bü)",392,22.5]
[2011,"CMU",90,"CMU","A","BU","BUREAU","Bureaux (Bü)",392,22.5]
[2011,"CMU",90,"CMU","A","BU","BUREAU","Bureaux (Bü)",392,22.5]
[2011,"CMU",90,"CMU","A","BU","BUREAU","Bureaux (Bü)",392,22.5]
[2011,"CMU",90,"CMU","A","BU","BUREAU","Bureaux (Bü)",392,22.5]
[2011,"CMU",90,"CMU","A","BU","BUREAU","Bureaux (Bü)",392,22.5]
[2011,"CMU",90,"CMU","A","BU","BUREAU","Bureaux (Bü)",392,22.5]
[2011,"CMU",90,"CMU","A","BU","BUREAU","Bureaux (Bü)",392,22.5]
[2011,"CMU",90,"CMU","A","BU","BUREAU","Bureaux (Bü)",392,22.5]
[2011,"CMU",90,"CMU","A","BU","BUREAU","Bureaux (Bü)",392,22.5]
[2011,"CMU",90,"CMU","A","BU","BUREAU","Bureaux (Bü)",392,22.5]
[2011,"CMU",90,"CMU","A","BU","BUREAU","Bureaux (Bü)",392,22.5]
[2011,"CMU",90,"CMU","A","BU","BUREAU","Bureaux (Bü)",392,22.5]
[2011,"CMU",90,"CMU","A","BU","BUREAU","Bureaux (Bü)",392,22.5]
[2011,"CMU",90,"CMU","A","BU","BUREAU","Bureaux (Bü)",392,22.5]
[2011,"CMU",90,"CMU","A","BU","BUREAU","Bureaux (Bü)",392,22.5]
[2011,"CMU",90,"CMU","A","BU","BUREAU","Bureaux (Bü)",392,22.5]
[2011,"CMU",90,"CMU","A","BU","BUREAU","Bureaux (Bü)",392,22.5]
[2011,"CMU",90,"CMU","A","BU","BUREAU","Bureaux (Bü)",392,22.5]
[2011,"CMU",90,"CMU","A","BU","BUREAU","Bureaux (Bü)",392,22.5]
[2011,"CMU",90,"CMU","A","BU","BUREAU","Bureaux (Bü)",392,22.5]
[2011,"CMU",90,"CMU","A","BU","BUREAU","Bureaux (Bü)",392,22.5]
[2011,"CMU",90,"CMU","A","BU","BUREAU","Bureaux (Bü)",392,22.5]
[2011,"CMU",90,"CMU","A","BU","BUREAU","Bureaux (Bü)",392,22.5]
[2011,"CMU",90,"CMU","A","BU","BUREAU","Bureaux (Bü)",392,22.5]
[2011,"CMU",90,"CMU","A","BU","BUREAU","Bureaux (Bü)",392,22.5]
[2011,"CMU",90,"CMU","A","BU","BUREAU","Bureaux (Bü)",392,22.5]
[2011,"CMU",90,"CMU","A","BU","BUREAU","Bureaux (Bü)",392,22.5]
[2011,"CMU",90,"CMU","A","BU","BUREAU","Bureaux (Bü)",392,22.5]
[2011,"CMU",90,"CMU","A","BU","BUREAU","Bureaux (Bü)",392,22.5]
[2011,"CMU",90,"CMU","A","BU","BUREAU","Bureaux (Bü)",392,22.5]
[2011,"CMU",90,"CMU","A","BU","BUREAU","Bureaux (Bü)",392,22.5]
[2011,"CMU",90,"CMU","A","BU","BUREAU","Bureaux (Bü)",392,22.5]
[2011,"CMU",90,"CMU","A","BU","BUREAU","Bureaux (Bü)",392,22.5]
[2011,"CMU",90,"CMU","A","BU","BUREAU","Bureaux (Bü)",392,22.5]
[2011,"CMU",90,"CMU","A","BU","BUREAU","Bureaux (Bü)",392,22.5]
[2011,"CMU",90,"CMU","A","BU","BUREAU","Bureaux (Bü)",392,22.5]
[2011,"CMU",90,"CMU","A","BU","BUREAU","Bureaux (Bü)",392,23]
[2011,"CMU",90,"CMU","A","BU","BUREAU","Bureaux (Bü)",392,23]
[2011,"CMU",90,"CMU","A","BU","BUREAU","Bureaux (Bü)",392,23.5]
[2011,"CMU",90,"CMU","A","BU","BUREAU","Bureaux (Bü)",392,24]
[2011,"CMU",90,"CMU","A","BU","BUREAU","Bureaux (Bü)",392,24]
[2011,"CMU",90,"CMU","A","BU","BUREAU","Bureaux (Bü)",392,24.5]
[2011,"CMU",90,"CMU","A","BU","BUREAU","Bureaux (Bü)",392,26]
[2011,"CMU",90,"CMU","A","BU","BUREAU","Bureaux (Bü)",392,26.5]
[2011,"CMU",90,"CMU","A","BU","BUREAU","Bureaux (Bü)",392,26.5]
[2011,"CMU",90,"CMU","A","BU","BUREAU","Bureaux (Bü)",392,26.5]
[2011,"CMU",90,"CMU","A","BU","BUREAU","Bureaux (Bü)",392,26.5]
[2011,"CMU",90,"CMU","A","BU","BUREAU","Bureaux (Bü)",392,26.5]
[2011,"CMU",90,"CMU","A","BU","BUREAU","Bureaux (Bü)",392,26.5]
[2011,"CMU",90,"CMU","A","BU","BUREAU","Bureaux (Bü)",392,26.5]
[2011,"CMU",90,"CMU","A","BU","BUREAU","Bureaux (Bü)",392,26.5]
[2011,"CMU",90,"CMU","A","BU","BUREAU","Bureaux (Bü)",392,26.5]
[2011,"CMU",90,"CMU","A","BU","BUREAU","Bureaux (Bü)",392,26.5]
[2011,"CMU",90,"CMU","A","BU","BUREAU","Bureaux (Bü)",392,30]
[2011,"CMU",90,"CMU","A","BU","BUREAU","Bureaux (Bü)",392,30.5]
[2011,"CMU",90,"CMU","A","BU","BUREAU","Bureaux (Bü)",392,31.5]
[2011,"CMU",90,"CMU","A","BU","BUREAU","Bureaux (Bü)",392,31.5]
[2011,"CMU",90,"CMU","A","BU","BUREAU","Bureaux (Bü)",392,32.5]
[2011,"CMU",90,"CMU","A","BU","BUREAU","Bureaux (Bü)",392,33.5]
[2011,"CMU",90,"CMU","A","BU","BUREAU","Bureaux (Bü)",392,35]
[2011,"CMU",90,"CMU","A","BU","BUREAU","Bureaux (Bü)",392,36.5]
[2011,"CMU",90,"CMU","A","BU","BUREAU","Bureaux (Bü)",392,36.5]
[2011,"CMU",90,"CMU","A","BU","BUREAU","Bureaux (Bü)",392,37]
[2011,"CMU",90,"CMU","A","BU","BUREAU","Bureaux (Bü)",392,38.5]
[2011,"CMU",90,"CMU","A","BU","BUREAU","Bureaux (Bü)",392,41]
[2011,"CMU",90,"CMU","A","BU","BUREAU","Bureaux (Bü)",392,42]
[2011,"CMU",90,"CMU","A","BU","BUREAU","Bureaux (Bü)",392,42.5]
[2011,"CMU",90,"CMU","A","BU","BUREAU","Bureaux (Bü)",392,45]
[2011,"CMU",90,"CMU","A","BU","BUREAU","Bureaux (Bü)",392,46]
[2011,"CMU",90,"CMU","A","BU","BUREAU","Bureaux (Bü)",392,46]
[2011,"CMU",90,"CMU","A","BU","BUREAU","Bureaux (Bü)",392,46]
[2011,"CMU",90,"CMU","A","BU","BUREAU","Bureaux (Bü)",392,46]
[2011,"CMU",90,"CMU","A","BU","BUREAU","Bureaux (Bü)",392,46]
[2011,"CMU",90,"CMU","A","BU","BUREAU","Bureaux (Bü)",392,46]
[2011,"CMU",90,"CMU","A","BU","BUREAU","Bureaux (Bü)",392,46]
[2011,"CMU",90,"CMU","A","BU","BUREAU","Bureaux (Bü)",392,46]
[2011,"CMU",90,"CMU","A","BU","BUREAU","Bureaux (Bü)",392,49]
[2011,"CMU",90,"CMU","A","BU","BUREAU","Bureaux (Bü)",392,49.5]
[2011,"CMU",90,"CMU","A","BU","BUREAU","Bureaux (Bü)",392,49.5]
[2011,"CMU",90,"CMU","A","BU","BUREAU","Bureaux (Bü)",392,88]
[2011,"CMU",90,"CMU","A","BU","BUREAU","Bureaux (Bü)",392,175]
[2011,"CMU",90,"CMU","A","BU","BUREAU","Bureaux (Bü)",392,758]
[2011,"CMU",90,"CMU","A","CA","CAFETERIA","Locaux du domaine social (So)",430,3.5]
[2011,"CMU",90,"CMU","A","CA","CAFETERIA","Locaux du domaine social (So)",430,6]
[2011,"CMU",90,"CMU","A","CA","CAFETERIA","Locaux du domaine social (So)",430,6.5]
[2011,"CMU",90,"CMU","A","CA","CAFETERIA","Locaux du domaine social (So)",430,8.5]
[2011,"CMU",90,"CMU","A","CA","CAFETERIA","Locaux du domaine social (So)",430,9]
[2011,"CMU",90,"CMU","A","CA","CAFETERIA","Locaux du domaine social (So)",430,9.5]
[2011,"CMU",90,"CMU","A","CA","CAFETERIA","Locaux du domaine social (So)",430,10]
[2011,"CMU",90,"CMU","A","CA","CAFETERIA","Locaux du domaine social (So)",430,10]
[2011,"CMU",90,"CMU","A","CA","CAFETERIA","Locaux du domaine social (So)",430,12.5]
[2011,"CMU",90,"CMU","A","CA","CAFETERIA","Locaux du domaine social (So)",430,12.5]
[2011,"CMU",90,"CMU","A","CA","CAFETERIA","Locaux du domaine social (So)",430,12.5]
[2011,"CMU",90,"CMU","A","CA","CAFETERIA","Locaux du domaine social (So)",430,13]
[2011,"CMU",90,"CMU","A","CA","CAFETERIA","Locaux du domaine social (So)",430,13]
[2011,"CMU",90,"CMU","A","CA","CAFETERIA","Locaux du domaine social (So)",430,13.5]
[2011,"CMU",90,"CMU","A","CA","CAFETERIA","Locaux du domaine social (So)",430,15]
[2011,"CMU",90,"CMU","A","CA","CAFETERIA","Locaux du domaine social (So)",430,16]
[2011,"CMU",90,"CMU","A","CA","CAFETERIA","Locaux du domaine social (So)",430,17.5]
[2011,"CMU",90,"CMU","A","CA","CAFETERIA","Locaux du domaine social (So)",430,19.5]
[2011,"CMU",90,"CMU","A","CA","CAFETERIA","Locaux du domaine social (So)",430,43.5]
[2011,"CMU",90,"CMU","A","CA","CAFETERIA","Locaux du domaine social (So)",430,47.5]
[2011,"CMU",90,"CMU","A","CA","CAFETERIA","Locaux du domaine social (So)",430,50.5]
[2011,"CMU",90,"CMU","A","CA","CAFETERIA","Locaux du domaine social (So)",430,117]
[2011,"CMU",90,"CMU","A","CA","CAFETERIA","Locaux du domaine social (So)",430,352]
[2011,"CMU",90,"CMU","A","CA","CAFETERIA","Locaux du domaine social (So)",430,551]
[2011,"CMU",90,"CMU","A","CC","CHAMBRE DE CULTURE","Laboratoires (La)",805,7.5]
[2011,"CMU",90,"CMU","A","CC","CHAMBRE DE CULTURE","Laboratoires (La)",805,12]
[2011,"CMU",90,"CMU","A","CF","CHAMBRE FROIDE","Laboratoires (La)",805,3.5]
[2011,"CMU",90,"CMU","A","CF","CHAMBRE FROIDE","Laboratoires (La)",805,4]
[2011,"CMU",90,"CMU","A","CF","CHAMBRE FROIDE","Laboratoires (La)",805,4]
[2011,"CMU",90,"CMU","A","CF","CHAMBRE FROIDE","Laboratoires (La)",805,4]
[2011,"CMU",90,"CMU","A","CF","CHAMBRE FROIDE","Laboratoires (La)",805,4.5]
[2011,"CMU",90,"CMU","A","CF","CHAMBRE FROIDE","Laboratoires (La)",805,4.5]
[2011,"CMU",90,"CMU","A","CF","CHAMBRE FROIDE","Laboratoires (La)",805,4.5]
[2011,"CMU",90,"CMU","A","CF","CHAMBRE FROIDE","Laboratoires (La)",805,6]
[2011,"CMU",90,"CMU","A","CF","CHAMBRE FROIDE","Laboratoires (La)",805,6]
[2011,"CMU",90,"CMU","A","CF","CHAMBRE FROIDE","Laboratoires (La)",805,6]
[2011,"CMU",90,"CMU","A","CF","CHAMBRE FROIDE","Laboratoires (La)",805,6.5]
[2011,"CMU",90,"CMU","A","CF","CHAMBRE FROIDE","Laboratoires (La)",805,7]
[2011,"CMU",90,"CMU","A","CF","CHAMBRE FROIDE","Laboratoires (La)",805,7]
[2011,"CMU",90,"CMU","A","CF","CHAMBRE FROIDE","Laboratoires (La)",805,7]
[2011,"CMU",90,"CMU","A","CF","CHAMBRE FROIDE","Laboratoires (La)",805,7.5]
[2011,"CMU",90,"CMU","A","CF","CHAMBRE FROIDE","Laboratoires (La)",805,7.5]
[2011,"CMU",90,"CMU","A","CF","CHAMBRE FROIDE","Laboratoires (La)",805,8.5]
[2011,"CMU",90,"CMU","A","CF","CHAMBRE FROIDE","Laboratoires (La)",805,9]
[2011,"CMU",90,"CMU","A","CF","CHAMBRE FROIDE","Laboratoires (La)",805,9.5]
[2011,"CMU",90,"CMU","A","CF","CHAMBRE FROIDE","Laboratoires (La)",805,10]
[2011,"CMU",90,"CMU","A","CF","CHAMBRE FROIDE","Laboratoires (La)",805,10]
[2011,"CMU",90,"CMU","A","CF","CHAMBRE FROIDE","Laboratoires (La)",805,10.5]
[2011,"CMU",90,"CMU","A","CF","CHAMBRE FROIDE","Laboratoires (La)",805,11.5]
[2011,"CMU",90,"CMU","A","CF","CHAMBRE FROIDE","Laboratoires (La)",805,12]
[2011,"CMU",90,"CMU","A","CF","CHAMBRE FROIDE","Laboratoires (La)",805,12]
[2011,"CMU",90,"CMU","A","CF","CHAMBRE FROIDE","Laboratoires (La)",805,12]
[2011,"CMU",90,"CMU","A","CF","CHAMBRE FROIDE","Laboratoires (La)",805,12]
[2011,"CMU",90,"CMU","A","CF","CHAMBRE FROIDE","Laboratoires (La)",805,12]
[2011,"CMU",90,"CMU","A","CF","CHAMBRE FROIDE","Laboratoires (La)",805,12.5]
[2011,"CMU",90,"CMU","A","CF","CHAMBRE FROIDE","Laboratoires (La)",805,12.5]
[2011,"CMU",90,"CMU","A","CF","CHAMBRE FROIDE","Laboratoires (La)",805,12.5]
[2011,"CMU",90,"CMU","A","CF","CHAMBRE FROIDE","Laboratoires (La)",805,17.5]
[2011,"CMU",90,"CMU","A","CF","CHAMBRE FROIDE","Laboratoires (La)",805,19.5]
[2011,"CMU",90,"CMU","A","CF","CHAMBRE FROIDE","Laboratoires (La)",805,20]
[2011,"CMU",90,"CMU","A","CF","CHAMBRE FROIDE","Laboratoires (La)",805,25.5]
[2011,"CMU",90,"CMU","A","CF","CHAMBRE FROIDE","Laboratoires (La)",805,35]
[2011,"CMU",90,"CMU","A","CF","CHAMBRE FROIDE","Laboratoires (La)",805,40]
[2011,"CMU",90,"CMU","A","CN","CHAMBRE NOIRE","Laboratoires (La)",805,30]
[2011,"CMU",90,"CMU","A","CO","COULOIR","Local fictif - sans coût",0,33.5]
[2011,"CMU",90,"CMU","A","CO","COULOIR","Local fictif - sans coût",0,260]
[2011,"CMU",90,"CMU","A","CO","COULOIR","Local fictif - sans coût",0,346]
[2011,"CMU",90,"CMU","A","CO","COULOIR","Local fictif - sans coût",0,352]
[2011,"CMU",90,"CMU","A","CO","COULOIR","Local fictif - sans coût",0,364]
[2011,"CMU",90,"CMU","A","DP","DEPOT","Archivage et surfaces d'entreposage (Ar)",196,23]
[2011,"CMU",90,"CMU","A","DV","DIVERS","Local fictif - sans coût",0,8]
[2011,"CMU",90,"CMU","A","DV","DIVERS","Local fictif - sans coût",0,10]
[2011,"CMU",90,"CMU","A","DV","DIVERS","Local fictif - sans coût",0,12]
[2011,"CMU",90,"CMU","A","DV","DIVERS","Local fictif - sans coût",0,17.5]
[2011,"CMU",90,"CMU","A","DV","DIVERS","Local fictif - sans coût",0,25]
[2011,"CMU",90,"CMU","A","DV","DIVERS","Local fictif - sans coût",0,33]
[2011,"CMU",90,"CMU","A","DV","DIVERS","Local fictif - sans coût",0,34.5]
[2011,"CMU",90,"CMU","A","DV","DIVERS","Local fictif - sans coût",0,38.5]
[2011,"CMU",90,"CMU","A","DV","DIVERS","Local fictif - sans coût",0,45]
[2011,"CMU",90,"CMU","A","IF","INFIRMERIE-SOINS","Locaux du domaine social (So)",430,21]
[2011,"CMU",90,"CMU","A","LA","LAVERIE","Laboratoires (La)",805,8.5]
[2011,"CMU",90,"CMU","A","LA","LAVERIE","Laboratoires (La)",805,13]
[2011,"CMU",90,"CMU","A","LA","LAVERIE","Laboratoires (La)",805,19.5]
[2011,"CMU",90,"CMU","A","LA","LAVERIE","Laboratoires (La)",805,20]
[2011,"CMU",90,"CMU","A","LA","LAVERIE","Laboratoires (La)",805,22.5]
[2011,"CMU",90,"CMU","A","LA","LAVERIE","Laboratoires (La)",805,24.5]
[2011,"CMU",90,"CMU","A","LA","LAVERIE","Laboratoires (La)",805,33.5]
[2011,"CMU",90,"CMU","A","LA","LAVERIE","Laboratoires (La)",805,39.5]
[2011,"CMU",90,"CMU","A","LA","LAVERIE","Laboratoires (La)",805,84]
[2011,"CMU",90,"CMU","A","LH","LABO PHOTO HUMIDE","Laboratoires (La)",805,2.5]
[2011,"CMU",90,"CMU","A","LH","LABO PHOTO HUMIDE","Laboratoires (La)",805,3.5]
[2011,"CMU",90,"CMU","A","LH","LABO PHOTO HUMIDE","Laboratoires (La)",805,4.5]
[2011,"CMU",90,"CMU","A","LH","LABO PHOTO HUMIDE","Laboratoires (La)",805,7]
[2011,"CMU",90,"CMU","A","LH","LABO PHOTO HUMIDE","Laboratoires (La)",805,7.5]
[2011,"CMU",90,"CMU","A","LH","LABO PHOTO HUMIDE","Laboratoires (La)",805,9]
[2011,"CMU",90,"CMU","A","LH","LABO PHOTO HUMIDE","Laboratoires (La)",805,9.5]
[2011,"CMU",90,"CMU","A","LH","LABO PHOTO HUMIDE","Laboratoires (La)",805,10]
[2011,"CMU",90,"CMU","A","LH","LABO PHOTO HUMIDE","Laboratoires (La)",805,10]
[2011,"CMU",90,"CMU","A","LH","LABO PHOTO HUMIDE","Laboratoires (La)",805,13.5]
[2011,"CMU",90,"CMU","A","LH","LABO PHOTO HUMIDE","Laboratoires (La)",805,18]
[2011,"CMU",90,"CMU","A","LR","LABORATOIRE DE RECHERCHE","Laboratoires (La)",805,4.5]
[2011,"CMU",90,"CMU","A","LR","LABORATOIRE DE RECHERCHE","Laboratoires (La)",805,5]
[2011,"CMU",90,"CMU","A","LR","LABORATOIRE DE RECHERCHE","Laboratoires (La)",805,6]
[2011,"CMU",90,"CMU","A","LR","LABORATOIRE DE RECHERCHE","Laboratoires (La)",805,7]
[2011,"CMU",90,"CMU","A","LR","LABORATOIRE DE RECHERCHE","Laboratoires (La)",805,7.5]
[2011,"CMU",90,"CMU","A","LR","LABORATOIRE DE RECHERCHE","Laboratoires (La)",805,8.5]
[2011,"CMU",90,"CMU","A","LR","LABORATOIRE DE RECHERCHE","Laboratoires (La)",805,8.5]
[2011,"CMU",90,"CMU","A","LR","LABORATOIRE DE RECHERCHE","Laboratoires (La)",805,8.5]
[2011,"CMU",90,"CMU","A","LR","LABORATOIRE DE RECHERCHE","Laboratoires (La)",805,8.5]
[2011,"CMU",90,"CMU","A","LR","LABORATOIRE DE RECHERCHE","Laboratoires (La)",805,8.5]
[2011,"CMU",90,"CMU","A","LR","LABORATOIRE DE RECHERCHE","Laboratoires (La)",805,8.5]
[2011,"CMU",90,"CMU","A","LR","LABORATOIRE DE RECHERCHE","Laboratoires (La)",805,9]
[2011,"CMU",90,"CMU","A","LR","LABORATOIRE DE RECHERCHE","Laboratoires (La)",805,10]
[2011,"CMU",90,"CMU","A","LR","LABORATOIRE DE RECHERCHE","Laboratoires (La)",805,10]
[2011,"CMU",90,"CMU","A","LR","LABORATOIRE DE RECHERCHE","Laboratoires (La)",805,10]
[2011,"CMU",90,"CMU","A","LR","LABORATOIRE DE RECHERCHE","Laboratoires (La)",805,10]
[2011,"CMU",90,"CMU","A","LR","LABORATOIRE DE RECHERCHE","Laboratoires (La)",805,10]
[2011,"CMU",90,"CMU","A","LR","LABORATOIRE DE RECHERCHE","Laboratoires (La)",805,10]
[2011,"CMU",90,"CMU","A","LR","LABORATOIRE DE RECHERCHE","Laboratoires (La)",805,10]
[2011,"CMU",90,"CMU","A","LR","LABORATOIRE DE RECHERCHE","Laboratoires (La)",805,10]
[2011,"CMU",90,"CMU","A","LR","LABORATOIRE DE RECHERCHE","Laboratoires (La)",805,10]
[2011,"CMU",90,"CMU","A","LR","LABORATOIRE DE RECHERCHE","Laboratoires (La)",805,10]
[2011,"CMU",90,"CMU","A","LR","LABORATOIRE DE RECHERCHE","Laboratoires (La)",805,10]
[2011,"CMU",90,"CMU","A","LR","LABORATOIRE DE RECHERCHE","Laboratoires (La)",805,10]
[2011,"CMU",90,"CMU","A","LR","LABORATOIRE DE RECHERCHE","Laboratoires (La)",805,10]
[2011,"CMU",90,"CMU","A","LR","LABORATOIRE DE RECHERCHE","Laboratoires (La)",805,10]
[2011,"CMU",90,"CMU","A","LR","LABORATOIRE DE RECHERCHE","Laboratoires (La)",805,10]
[2011,"CMU",90,"CMU","A","LR","LABORATOIRE DE RECHERCHE","Laboratoires (La)",805,10]
[2011,"CMU",90,"CMU","A","LR","LABORATOIRE DE RECHERCHE","Laboratoires (La)",805,10]
[2011,"CMU",90,"CMU","A","LR","LABORATOIRE DE RECHERCHE","Laboratoires (La)",805,10]
[2011,"CMU",90,"CMU","A","LR","LABORATOIRE DE RECHERCHE","Laboratoires (La)",805,10]
[2011,"CMU",90,"CMU","A","LR","LABORATOIRE DE RECHERCHE","Laboratoires (La)",805,10]
[2011,"CMU",90,"CMU","A","LR","LABORATOIRE DE RECHERCHE","Laboratoires (La)",805,10]
[2011,"CMU",90,"CMU","A","LR","LABORATOIRE DE RECHERCHE","Laboratoires (La)",805,10]
[2011,"CMU",90,"CMU","A","LR","LABORATOIRE DE RECHERCHE","Laboratoires (La)",805,10]
[2011,"CMU",90,"CMU","A","LR","LABORATOIRE DE RECHERCHE","Laboratoires (La)",805,10]
[2011,"CMU",90,"CMU","A","LR","LABORATOIRE DE RECHERCHE","Laboratoires (La)",805,10.5]
[2011,"CMU",90,"CMU","A","LR","LABORATOIRE DE RECHERCHE","Laboratoires (La)",805,10.5]
[2011,"CMU",90,"CMU","A","LR","LABORATOIRE DE RECHERCHE","Laboratoires (La)",805,11.5]
[2011,"CMU",90,"CMU","A","LR","LABORATOIRE DE RECHERCHE","Laboratoires (La)",805,12]
[2011,"CMU",90,"CMU","A","LR","LABORATOIRE DE RECHERCHE","Laboratoires (La)",805,12]
[2011,"CMU",90,"CMU","A","LR","LABORATOIRE DE RECHERCHE","Laboratoires (La)",805,12]
[2011,"CMU",90,"CMU","A","LR","LABORATOIRE DE RECHERCHE","Laboratoires (La)",805,12]
[2011,"CMU",90,"CMU","A","LR","LABORATOIRE DE RECHERCHE","Laboratoires (La)",805,12]
[2011,"CMU",90,"CMU","A","LR","LABORATOIRE DE RECHERCHE","Laboratoires (La)",805,12]
[2011,"CMU",90,"CMU","A","LR","LABORATOIRE DE RECHERCHE","Laboratoires (La)",805,12]
[2011,"CMU",90,"CMU","A","LR","LABORATOIRE DE RECHERCHE","Laboratoires (La)",805,12.5]
[2011,"CMU",90,"CMU","A","LR","LABORATOIRE DE RECHERCHE","Laboratoires (La)",805,12.5]
[2011,"CMU",90,"CMU","A","LR","LABORATOIRE DE RECHERCHE","Laboratoires (La)",805,12.5]
[2011,"CMU",90,"CMU","A","LR","LABORATOIRE DE RECHERCHE","Laboratoires (La)",805,13]
[2011,"CMU",90,"CMU","A","LR","LABORATOIRE DE RECHERCHE","Laboratoires (La)",805,13]
[2011,"CMU",90,"CMU","A","LR","LABORATOIRE DE RECHERCHE","Laboratoires (La)",805,13]
[2011,"CMU",90,"CMU","A","LR","LABORATOIRE DE RECHERCHE","Laboratoires (La)",805,13]
[2011,"CMU",90,"CMU","A","LR","LABORATOIRE DE RECHERCHE","Laboratoires (La)",805,13.5]
[2011,"CMU",90,"CMU","A","LR","LABORATOIRE DE RECHERCHE","Laboratoires (La)",805,13.5]
[2011,"CMU",90,"CMU","A","LR","LABORATOIRE DE RECHERCHE","Laboratoires (La)",805,13.5]
[2011,"CMU",90,"CMU","A","LR","LABORATOIRE DE RECHERCHE","Laboratoires (La)",805,13.5]
[2011,"CMU",90,"CMU","A","LR","LABORATOIRE DE RECHERCHE","Laboratoires (La)",805,13.5]
[2011,"CMU",90,"CMU","A","LR","LABORATOIRE DE RECHERCHE","Laboratoires (La)",805,13.5]
[2011,"CMU",90,"CMU","A","LR","LABORATOIRE DE RECHERCHE","Laboratoires (La)",805,13.5]
[2011,"CMU",90,"CMU","A","LR","LABORATOIRE DE RECHERCHE","Laboratoires (La)",805,13.5]
[2011,"CMU",90,"CMU","A","LR","LABORATOIRE DE RECHERCHE","Laboratoires (La)",805,13.5]
[2011,"CMU",90,"CMU","A","LR","LABORATOIRE DE RECHERCHE","Laboratoires (La)",805,13.5]
[2011,"CMU",90,"CMU","A","LR","LABORATOIRE DE RECHERCHE","Laboratoires (La)",805,13.5]
[2011,"CMU",90,"CMU","A","LR","LABORATOIRE DE RECHERCHE","Laboratoires (La)",805,14]
[2011,"CMU",90,"CMU","A","LR","LABORATOIRE DE RECHERCHE","Laboratoires (La)",805,14]
[2011,"CMU",90,"CMU","A","LR","LABORATOIRE DE RECHERCHE","Laboratoires (La)",805,14]
[2011,"CMU",90,"CMU","A","LR","LABORATOIRE DE RECHERCHE","Laboratoires (La)",805,14.5]
[2011,"CMU",90,"CMU","A","LR","LABORATOIRE DE RECHERCHE","Laboratoires (La)",805,15]
[2011,"CMU",90,"CMU","A","LR","LABORATOIRE DE RECHERCHE","Laboratoires (La)",805,15]
[2011,"CMU",90,"CMU","A","LR","LABORATOIRE DE RECHERCHE","Laboratoires (La)",805,15]
[2011,"CMU",90,"CMU","A","LR","LABORATOIRE DE RECHERCHE","Laboratoires (La)",805,16.5]
[2011,"CMU",90,"CMU","A","LR","LABORATOIRE DE RECHERCHE","Laboratoires (La)",805,17]
[2011,"CMU",90,"CMU","A","LR","LABORATOIRE DE RECHERCHE","Laboratoires (La)",805,17]
[2011,"CMU",90,"CMU","A","LR","LABORATOIRE DE RECHERCHE","Laboratoires (La)",805,17]
[2011,"CMU",90,"CMU","A","LR","LABORATOIRE DE RECHERCHE","Laboratoires (La)",805,17.5]
[2011,"CMU",90,"CMU","A","LR","LABORATOIRE DE RECHERCHE","Laboratoires (La)",805,17.5]
[2011,"CMU",90,"CMU","A","LR","LABORATOIRE DE RECHERCHE","Laboratoires (La)",805,17.5]
[2011,"CMU",90,"CMU","A","LR","LABORATOIRE DE RECHERCHE","Laboratoires (La)",805,17.5]
[2011,"CMU",90,"CMU","A","LR","LABORATOIRE DE RECHERCHE","Laboratoires (La)",805,17.5]
[2011,"CMU",90,"CMU","A","LR","LABORATOIRE DE RECHERCHE","Laboratoires (La)",805,18]
[2011,"CMU",90,"CMU","A","LR","LABORATOIRE DE RECHERCHE","Laboratoires (La)",805,18]
[2011,"CMU",90,"CMU","A","LR","LABORATOIRE DE RECHERCHE","Laboratoires (La)",805,18]
[2011,"CMU",90,"CMU","A","LR","LABORATOIRE DE RECHERCHE","Laboratoires (La)",805,18]
[2011,"CMU",90,"CMU","A","LR","LABORATOIRE DE RECHERCHE","Laboratoires (La)",805,18]
[2011,"CMU",90,"CMU","A","LR","LABORATOIRE DE RECHERCHE","Laboratoires (La)",805,18]
[2011,"CMU",90,"CMU","A","LR","LABORATOIRE DE RECHERCHE","Laboratoires (La)",805,18]
[2011,"CMU",90,"CMU","A","LR","LABORATOIRE DE RECHERCHE","Laboratoires (La)",805,18]
[2011,"CMU",90,"CMU","A","LR","LABORATOIRE DE RECHERCHE","Laboratoires (La)",805,18]
[2011,"CMU",90,"CMU","A","LR","LABORATOIRE DE RECHERCHE","Laboratoires (La)",805,18.5]
[2011,"CMU",90,"CMU","A","LR","LABORATOIRE DE RECHERCHE","Laboratoires (La)",805,18.5]
[2011,"CMU",90,"CMU","A","LR","LABORATOIRE DE RECHERCHE","Laboratoires (La)",805,19.5]
[2011,"CMU",90,"CMU","A","LR","LABORATOIRE DE RECHERCHE","Laboratoires (La)",805,19.5]
[2011,"CMU",90,"CMU","A","LR","LABORATOIRE DE RECHERCHE","Laboratoires (La)",805,19.5]
[2011,"CMU",90,"CMU","A","LR","LABORATOIRE DE RECHERCHE","Laboratoires (La)",805,19.5]
[2011,"CMU",90,"CMU","A","LR","LABORATOIRE DE RECHERCHE","Laboratoires (La)",805,19.5]
[2011,"CMU",90,"CMU","A","LR","LABORATOIRE DE RECHERCHE","Laboratoires (La)",805,20]
[2011,"CMU",90,"CMU","A","LR","LABORATOIRE DE RECHERCHE","Laboratoires (La)",805,20]
[2011,"CMU",90,"CMU","A","LR","LABORATOIRE DE RECHERCHE","Laboratoires (La)",805,20]
[2011,"CMU",90,"CMU","A","LR","LABORATOIRE DE RECHERCHE","Laboratoires (La)",805,20]
[2011,"CMU",90,"CMU","A","LR","LABORATOIRE DE RECHERCHE","Laboratoires (La)",805,20]
[2011,"CMU",90,"CMU","A","LR","LABORATOIRE DE RECHERCHE","Laboratoires (La)",805,20.5]
[2011,"CMU",90,"CMU","A","LR","LABORATOIRE DE RECHERCHE","Laboratoires (La)",805,20.5]
[2011,"CMU",90,"CMU","A","LR","LABORATOIRE DE RECHERCHE","Laboratoires (La)",805,20.5]
[2011,"CMU",90,"CMU","A","LR","LABORATOIRE DE RECHERCHE","Laboratoires (La)",805,20.5]
[2011,"CMU",90,"CMU","A","LR","LABORATOIRE DE RECHERCHE","Laboratoires (La)",805,20.5]
[2011,"CMU",90,"CMU","A","LR","LABORATOIRE DE RECHERCHE","Laboratoires (La)",805,20.5]
[2011,"CMU",90,"CMU","A","LR","LABORATOIRE DE RECHERCHE","Laboratoires (La)",805,20.5]
[2011,"CMU",90,"CMU","A","LR","LABORATOIRE DE RECHERCHE","Laboratoires (La)",805,20.5]
[2011,"CMU",90,"CMU","A","LR","LABORATOIRE DE RECHERCHE","Laboratoires (La)",805,20.5]
[2011,"CMU",90,"CMU","A","LR","LABORATOIRE DE RECHERCHE","Laboratoires (La)",805,20.5]
[2011,"CMU",90,"CMU","A","LR","LABORATOIRE DE RECHERCHE","Laboratoires (La)",805,20.5]
[2011,"CMU",90,"CMU","A","LR","LABORATOIRE DE RECHERCHE","Laboratoires (La)",805,20.5]
[2011,"CMU",90,"CMU","A","LR","LABORATOIRE DE RECHERCHE","Laboratoires (La)",805,20.5]
[2011,"CMU",90,"CMU","A","LR","LABORATOIRE DE RECHERCHE","Laboratoires (La)",805,20.5]
[2011,"CMU",90,"CMU","A","LR","LABORATOIRE DE RECHERCHE","Laboratoires (La)",805,20.5]
[2011,"CMU",90,"CMU","A","LR","LABORATOIRE DE RECHERCHE","Laboratoires (La)",805,20.5]
[2011,"CMU",90,"CMU","A","LR","LABORATOIRE DE RECHERCHE","Laboratoires (La)",805,20.5]
[2011,"CMU",90,"CMU","A","LR","LABORATOIRE DE RECHERCHE","Laboratoires (La)",805,20.5]
[2011,"CMU",90,"CMU","A","LR","LABORATOIRE DE RECHERCHE","Laboratoires (La)",805,20.5]
[2011,"CMU",90,"CMU","A","LR","LABORATOIRE DE RECHERCHE","Laboratoires (La)",805,20.5]
[2011,"CMU",90,"CMU","A","LR","LABORATOIRE DE RECHERCHE","Laboratoires (La)",805,20.5]
[2011,"CMU",90,"CMU","A","LR","LABORATOIRE DE RECHERCHE","Laboratoires (La)",805,21]
[2011,"CMU",90,"CMU","A","LR","LABORATOIRE DE RECHERCHE","Laboratoires (La)",805,21]
[2011,"CMU",90,"CMU","A","LR","LABORATOIRE DE RECHERCHE","Laboratoires (La)",805,21]
[2011,"CMU",90,"CMU","A","LR","LABORATOIRE DE RECHERCHE","Laboratoires (La)",805,21]
[2011,"CMU",90,"CMU","A","LR","LABORATOIRE DE RECHERCHE","Laboratoires (La)",805,21]
[2011,"CMU",90,"CMU","A","LR","LABORATOIRE DE RECHERCHE","Laboratoires (La)",805,21]
[2011,"CMU",90,"CMU","A","LR","LABORATOIRE DE RECHERCHE","Laboratoires (La)",805,21]
[2011,"CMU",90,"CMU","A","LR","LABORATOIRE DE RECHERCHE","Laboratoires (La)",805,21]
[2011,"CMU",90,"CMU","A","LR","LABORATOIRE DE RECHERCHE","Laboratoires (La)",805,21.5]
[2011,"CMU",90,"CMU","A","LR","LABORATOIRE DE RECHERCHE","Laboratoires (La)",805,21.5]
[2011,"CMU",90,"CMU","A","LR","LABORATOIRE DE RECHERCHE","Laboratoires (La)",805,21.5]
[2011,"CMU",90,"CMU","A","LR","LABORATOIRE DE RECHERCHE","Laboratoires (La)",805,21.5]
[2011,"CMU",90,"CMU","A","LR","LABORATOIRE DE RECHERCHE","Laboratoires (La)",805,22]
[2011,"CMU",90,"CMU","A","LR","LABORATOIRE DE RECHERCHE","Laboratoires (La)",805,22.5]
[2011,"CMU",90,"CMU","A","LR","LABORATOIRE DE RECHERCHE","Laboratoires (La)",805,22.5]
[2011,"CMU",90,"CMU","A","LR","LABORATOIRE DE RECHERCHE","Laboratoires (La)",805,22.5]
[2011,"CMU",90,"CMU","A","LR","LABORATOIRE DE RECHERCHE","Laboratoires (La)",805,22.5]
[2011,"CMU",90,"CMU","A","LR","LABORATOIRE DE RECHERCHE","Laboratoires (La)",805,22.5]
[2011,"CMU",90,"CMU","A","LR","LABORATOIRE DE RECHERCHE","Laboratoires (La)",805,22.5]
[2011,"CMU",90,"CMU","A","LR","LABORATOIRE DE RECHERCHE","Laboratoires (La)",805,22.5]
[2011,"CMU",90,"CMU","A","LR","LABORATOIRE DE RECHERCHE","Laboratoires (La)",805,22.5]
[2011,"CMU",90,"CMU","A","LR","LABORATOIRE DE RECHERCHE","Laboratoires (La)",805,22.5]
[2011,"CMU",90,"CMU","A","LR","LABORATOIRE DE RECHERCHE","Laboratoires (La)",805,22.5]
[2011,"CMU",90,"CMU","A","LR","LABORATOIRE DE RECHERCHE","Laboratoires (La)",805,22.5]
[2011,"CMU",90,"CMU","A","LR","LABORATOIRE DE RECHERCHE","Laboratoires (La)",805,22.5]
[2011,"CMU",90,"CMU","A","LR","LABORATOIRE DE RECHERCHE","Laboratoires (La)",805,22.5]
[2011,"CMU",90,"CMU","A","LR","LABORATOIRE DE RECHERCHE","Laboratoires (La)",805,22.5]
[2011,"CMU",90,"CMU","A","LR","LABORATOIRE DE RECHERCHE","Laboratoires (La)",805,22.5]
[2011,"CMU",90,"CMU","A","LR","LABORATOIRE DE RECHERCHE","Laboratoires (La)",805,22.5]
[2011,"CMU",90,"CMU","A","LR","LABORATOIRE DE RECHERCHE","Laboratoires (La)",805,22.5]
[2011,"CMU",90,"CMU","A","LR","LABORATOIRE DE RECHERCHE","Laboratoires (La)",805,22.5]
[2011,"CMU",90,"CMU","A","LR","LABORATOIRE DE RECHERCHE","Laboratoires (La)",805,22.5]
[2011,"CMU",90,"CMU","A","LR","LABORATOIRE DE RECHERCHE","Laboratoires (La)",805,22.5]
[2011,"CMU",90,"CMU","A","LR","LABORATOIRE DE RECHERCHE","Laboratoires (La)",805,22.5]
[2011,"CMU",90,"CMU","A","LR","LABORATOIRE DE RECHERCHE","Laboratoires (La)",805,22.5]
[2011,"CMU",90,"CMU","A","LR","LABORATOIRE DE RECHERCHE","Laboratoires (La)",805,22.5]
[2011,"CMU",90,"CMU","A","LR","LABORATOIRE DE RECHERCHE","Laboratoires (La)",805,22.5]
[2011,"CMU",90,"CMU","A","LR","LABORATOIRE DE RECHERCHE","Laboratoires (La)",805,22.5]
[2011,"CMU",90,"CMU","A","LR","LABORATOIRE DE RECHERCHE","Laboratoires (La)",805,22.5]
[2011,"CMU",90,"CMU","A","LR","LABORATOIRE DE RECHERCHE","Laboratoires (La)",805,22.5]
[2011,"CMU",90,"CMU","A","LR","LABORATOIRE DE RECHERCHE","Laboratoires (La)",805,22.5]
[2011,"CMU",90,"CMU","A","LR","LABORATOIRE DE RECHERCHE","Laboratoires (La)",805,22.5]
[2011,"CMU",90,"CMU","A","LR","LABORATOIRE DE RECHERCHE","Laboratoires (La)",805,22.5]
[2011,"CMU",90,"CMU","A","LR","LABORATOIRE DE RECHERCHE","Laboratoires (La)",805,22.5]
[2011,"CMU",90,"CMU","A","LR","LABORATOIRE DE RECHERCHE","Laboratoires (La)",805,22.5]
[2011,"CMU",90,"CMU","A","LR","LABORATOIRE DE RECHERCHE","Laboratoires (La)",805,22.5]
[2011,"CMU",90,"CMU","A","LR","LABORATOIRE DE RECHERCHE","Laboratoires (La)",805,22.5]
[2011,"CMU",90,"CMU","A","LR","LABORATOIRE DE RECHERCHE","Laboratoires (La)",805,22.5]
[2011,"CMU",90,"CMU","A","LR","LABORATOIRE DE RECHERCHE","Laboratoires (La)",805,22.5]
[2011,"CMU",90,"CMU","A","LR","LABORATOIRE DE RECHERCHE","Laboratoires (La)",805,22.5]
[2011,"CMU",90,"CMU","A","LR","LABORATOIRE DE RECHERCHE","Laboratoires (La)",805,22.5]
[2011,"CMU",90,"CMU","A","LR","LABORATOIRE DE RECHERCHE","Laboratoires (La)",805,22.5]
[2011,"CMU",90,"CMU","A","LR","LABORATOIRE DE RECHERCHE","Laboratoires (La)",805,22.5]
[2011,"CMU",90,"CMU","A","LR","LABORATOIRE DE RECHERCHE","Laboratoires (La)",805,22.5]
[2011,"CMU",90,"CMU","A","LR","LABORATOIRE DE RECHERCHE","Laboratoires (La)",805,22.5]
[2011,"CMU",90,"CMU","A","LR","LABORATOIRE DE RECHERCHE","Laboratoires (La)",805,22.5]
[2011,"CMU",90,"CMU","A","LR","LABORATOIRE DE RECHERCHE","Laboratoires (La)",805,22.5]
[2011,"CMU",90,"CMU","A","LR","LABORATOIRE DE RECHERCHE","Laboratoires (La)",805,22.5]
[2011,"CMU",90,"CMU","A","LR","LABORATOIRE DE RECHERCHE","Laboratoires (La)",805,22.5]
[2011,"CMU",90,"CMU","A","LR","LABORATOIRE DE RECHERCHE","Laboratoires (La)",805,22.5]
[2011,"CMU",90,"CMU","A","LR","LABORATOIRE DE RECHERCHE","Laboratoires (La)",805,22.5]
[2011,"CMU",90,"CMU","A","LR","LABORATOIRE DE RECHERCHE","Laboratoires (La)",805,22.5]
[2011,"CMU",90,"CMU","A","LR","LABORATOIRE DE RECHERCHE","Laboratoires (La)",805,22.5]
[2011,"CMU",90,"CMU","A","LR","LABORATOIRE DE RECHERCHE","Laboratoires (La)",805,22.5]
[2011,"CMU",90,"CMU","A","LR","LABORATOIRE DE RECHERCHE","Laboratoires (La)",805,22.5]
[2011,"CMU",90,"CMU","A","LR","LABORATOIRE DE RECHERCHE","Laboratoires (La)",805,22.5]
[2011,"CMU",90,"CMU","A","LR","LABORATOIRE DE RECHERCHE","Laboratoires (La)",805,22.5]
[2011,"CMU",90,"CMU","A","LR","LABORATOIRE DE RECHERCHE","Laboratoires (La)",805,22.5]
[2011,"CMU",90,"CMU","A","LR","LABORATOIRE DE RECHERCHE","Laboratoires (La)",805,22.5]
[2011,"CMU",90,"CMU","A","LR","LABORATOIRE DE RECHERCHE","Laboratoires (La)",805,22.5]
[2011,"CMU",90,"CMU","A","LR","LABORATOIRE DE RECHERCHE","Laboratoires (La)",805,22.5]
[2011,"CMU",90,"CMU","A","LR","LABORATOIRE DE RECHERCHE","Laboratoires (La)",805,23]
[2011,"CMU",90,"CMU","A","LR","LABORATOIRE DE RECHERCHE","Laboratoires (La)",805,23.5]
[2011,"CMU",90,"CMU","A","LR","LABORATOIRE DE RECHERCHE","Laboratoires (La)",805,24.5]
[2011,"CMU",90,"CMU","A","LR","LABORATOIRE DE RECHERCHE","Laboratoires (La)",805,24.5]
[2011,"CMU",90,"CMU","A","LR","LABORATOIRE DE RECHERCHE","Laboratoires (La)",805,24.5]
[2011,"CMU",90,"CMU","A","LR","LABORATOIRE DE RECHERCHE","Laboratoires (La)",805,24.5]
[2011,"CMU",90,"CMU","A","LR","LABORATOIRE DE RECHERCHE","Laboratoires (La)",805,25.5]
[2011,"CMU",90,"CMU","A","LR","LABORATOIRE DE RECHERCHE","Laboratoires (La)",805,26]
[2011,"CMU",90,"CMU","A","LR","LABORATOIRE DE RECHERCHE","Laboratoires (La)",805,26.5]
[2011,"CMU",90,"CMU","A","LR","LABORATOIRE DE RECHERCHE","Laboratoires (La)",805,26.5]
[2011,"CMU",90,"CMU","A","LR","LABORATOIRE DE RECHERCHE","Laboratoires (La)",805,26.5]
[2011,"CMU",90,"CMU","A","LR","LABORATOIRE DE RECHERCHE","Laboratoires (La)",805,27]
[2011,"CMU",90,"CMU","A","LR","LABORATOIRE DE RECHERCHE","Laboratoires (La)",805,27]
[2011,"CMU",90,"CMU","A","LR","LABORATOIRE DE RECHERCHE","Laboratoires (La)",805,27]
[2011,"CMU",90,"CMU","A","LR","LABORATOIRE DE RECHERCHE","Laboratoires (La)",805,27]
[2011,"CMU",90,"CMU","A","LR","LABORATOIRE DE RECHERCHE","Laboratoires (La)",805,27.5]
[2011,"CMU",90,"CMU","A","LR","LABORATOIRE DE RECHERCHE","Laboratoires (La)",805,28]
[2011,"CMU",90,"CMU","A","LR","LABORATOIRE DE RECHERCHE","Laboratoires (La)",805,28]
[2011,"CMU",90,"CMU","A","LR","LABORATOIRE DE RECHERCHE","Laboratoires (La)",805,28]
[2011,"CMU",90,"CMU","A","LR","LABORATOIRE DE RECHERCHE","Laboratoires (La)",805,28.8]
[2011,"CMU",90,"CMU","A","LR","LABORATOIRE DE RECHERCHE","Laboratoires (La)",805,29]
[2011,"CMU",90,"CMU","A","LR","LABORATOIRE DE RECHERCHE","Laboratoires (La)",805,29]
[2011,"CMU",90,"CMU","A","LR","LABORATOIRE DE RECHERCHE","Laboratoires (La)",805,30]
[2011,"CMU",90,"CMU","A","LR","LABORATOIRE DE RECHERCHE","Laboratoires (La)",805,30]
[2011,"CMU",90,"CMU","A","LR","LABORATOIRE DE RECHERCHE","Laboratoires (La)",805,31.5]
[2011,"CMU",90,"CMU","A","LR","LABORATOIRE DE RECHERCHE","Laboratoires (La)",805,31.5]
[2011,"CMU",90,"CMU","A","LR","LABORATOIRE DE RECHERCHE","Laboratoires (La)",805,33.5]
[2011,"CMU",90,"CMU","A","LR","LABORATOIRE DE RECHERCHE","Laboratoires (La)",805,33.5]
[2011,"CMU",90,"CMU","A","LR","LABORATOIRE DE RECHERCHE","Laboratoires (La)",805,33.5]
[2011,"CMU",90,"CMU","A","LR","LABORATOIRE DE RECHERCHE","Laboratoires (La)",805,34]
[2011,"CMU",90,"CMU","A","LR","LABORATOIRE DE RECHERCHE","Laboratoires (La)",805,35]
[2011,"CMU",90,"CMU","A","LR","LABORATOIRE DE RECHERCHE","Laboratoires (La)",805,35.5]
[2011,"CMU",90,"CMU","A","LR","LABORATOIRE DE RECHERCHE","Laboratoires (La)",805,36]
[2011,"CMU",90,"CMU","A","LR","LABORATOIRE DE RECHERCHE","Laboratoires (La)",805,36.5]
[2011,"CMU",90,"CMU","A","LR","LABORATOIRE DE RECHERCHE","Laboratoires (La)",805,37.5]
[2011,"CMU",90,"CMU","A","LR","LABORATOIRE DE RECHERCHE","Laboratoires (La)",805,38.5]
[2011,"CMU",90,"CMU","A","LR","LABORATOIRE DE RECHERCHE","Laboratoires (La)",805,39]
[2011,"CMU",90,"CMU","A","LR","LABORATOIRE DE RECHERCHE","Laboratoires (La)",805,39]
[2011,"CMU",90,"CMU","A","LR","LABORATOIRE DE RECHERCHE","Laboratoires (La)",805,40]
[2011,"CMU",90,"CMU","A","LR","LABORATOIRE DE RECHERCHE","Laboratoires (La)",805,40.5]
[2011,"CMU",90,"CMU","A","LR","LABORATOIRE DE RECHERCHE","Laboratoires (La)",805,41]
[2011,"CMU",90,"CMU","A","LR","LABORATOIRE DE RECHERCHE","Laboratoires (La)",805,42]
[2011,"CMU",90,"CMU","A","LR","LABORATOIRE DE RECHERCHE","Laboratoires (La)",805,42]
[2011,"CMU",90,"CMU","A","LR","LABORATOIRE DE RECHERCHE","Laboratoires (La)",805,42.5]
[2011,"CMU",90,"CMU","A","LR","LABORATOIRE DE RECHERCHE","Laboratoires (La)",805,42.5]
[2011,"CMU",90,"CMU","A","LR","LABORATOIRE DE RECHERCHE","Laboratoires (La)",805,42.5]
[2011,"CMU",90,"CMU","A","LR","LABORATOIRE DE RECHERCHE","Laboratoires (La)",805,43]
[2011,"CMU",90,"CMU","A","LR","LABORATOIRE DE RECHERCHE","Laboratoires (La)",805,46]
[2011,"CMU",90,"CMU","A","LR","LABORATOIRE DE RECHERCHE","Laboratoires (La)",805,46]
[2011,"CMU",90,"CMU","A","LR","LABORATOIRE DE RECHERCHE","Laboratoires (La)",805,46]
[2011,"CMU",90,"CMU","A","LR","LABORATOIRE DE RECHERCHE","Laboratoires (La)",805,46]
[2011,"CMU",90,"CMU","A","LR","LABORATOIRE DE RECHERCHE","Laboratoires (La)",805,46]
[2011,"CMU",90,"CMU","A","LR","LABORATOIRE DE RECHERCHE","Laboratoires (La)",805,46]
[2011,"CMU",90,"CMU","A","LR","LABORATOIRE DE RECHERCHE","Laboratoires (La)",805,46]
[2011,"CMU",90,"CMU","A","LR","LABORATOIRE DE RECHERCHE","Laboratoires (La)",805,46]
[2011,"CMU",90,"CMU","A","LR","LABORATOIRE DE RECHERCHE","Laboratoires (La)",805,46]
[2011,"CMU",90,"CMU","A","LR","LABORATOIRE DE RECHERCHE","Laboratoires (La)",805,46]
[2011,"CMU",90,"CMU","A","LR","LABORATOIRE DE RECHERCHE","Laboratoires (La)",805,46]
[2011,"CMU",90,"CMU","A","LR","LABORATOIRE DE RECHERCHE","Laboratoires (La)",805,46]
[2011,"CMU",90,"CMU","A","LR","LABORATOIRE DE RECHERCHE","Laboratoires (La)",805,46]
[2011,"CMU",90,"CMU","A","LR","LABORATOIRE DE RECHERCHE","Laboratoires (La)",805,46]
[2011,"CMU",90,"CMU","A","LR","LABORATOIRE DE RECHERCHE","Laboratoires (La)",805,46]
[2011,"CMU",90,"CMU","A","LR","LABORATOIRE DE RECHERCHE","Laboratoires (La)",805,46]
[2011,"CMU",90,"CMU","A","LR","LABORATOIRE DE RECHERCHE","Laboratoires (La)",805,46]
[2011,"CMU",90,"CMU","A","LR","LABORATOIRE DE RECHERCHE","Laboratoires (La)",805,46]
[2011,"CMU",90,"CMU","A","LR","LABORATOIRE DE RECHERCHE","Laboratoires (La)",805,46]
[2011,"CMU",90,"CMU","A","LR","LABORATOIRE DE RECHERCHE","Laboratoires (La)",805,46]
[2011,"CMU",90,"CMU","A","LR","LABORATOIRE DE RECHERCHE","Laboratoires (La)",805,46]
[2011,"CMU",90,"CMU","A","LR","LABORATOIRE DE RECHERCHE","Laboratoires (La)",805,46]
[2011,"CMU",90,"CMU","A","LR","LABORATOIRE DE RECHERCHE","Laboratoires (La)",805,46]
[2011,"CMU",90,"CMU","A","LR","LABORATOIRE DE RECHERCHE","Laboratoires (La)",805,46]
[2011,"CMU",90,"CMU","A","LR","LABORATOIRE DE RECHERCHE","Laboratoires (La)",805,46]
[2011,"CMU",90,"CMU","A","LR","LABORATOIRE DE RECHERCHE","Laboratoires (La)",805,46]
[2011,"CMU",90,"CMU","A","LR","LABORATOIRE DE RECHERCHE","Laboratoires (La)",805,46]
[2011,"CMU",90,"CMU","A","LR","LABORATOIRE DE RECHERCHE","Laboratoires (La)",805,46]
[2011,"CMU",90,"CMU","A","LR","LABORATOIRE DE RECHERCHE","Laboratoires (La)",805,46]
[2011,"CMU",90,"CMU","A","LR","LABORATOIRE DE RECHERCHE","Laboratoires (La)",805,46]
[2011,"CMU",90,"CMU","A","LR","LABORATOIRE DE RECHERCHE","Laboratoires (La)",805,46]
[2011,"CMU",90,"CMU","A","LR","LABORATOIRE DE RECHERCHE","Laboratoires (La)",805,46]
[2011,"CMU",90,"CMU","A","LR","LABORATOIRE DE RECHERCHE","Laboratoires (La)",805,46]
[2011,"CMU",90,"CMU","A","LR","LABORATOIRE DE RECHERCHE","Laboratoires (La)",805,46]
[2011,"CMU",90,"CMU","A","LR","LABORATOIRE DE RECHERCHE","Laboratoires (La)",805,46]
[2011,"CMU",90,"CMU","A","LR","LABORATOIRE DE RECHERCHE","Laboratoires (La)",805,46]
[2011,"CMU",90,"CMU","A","LR","LABORATOIRE DE RECHERCHE","Laboratoires (La)",805,46]
[2011,"CMU",90,"CMU","A","LR","LABORATOIRE DE RECHERCHE","Laboratoires (La)",805,46]
[2011,"CMU",90,"CMU","A","LR","LABORATOIRE DE RECHERCHE","Laboratoires (La)",805,46]
[2011,"CMU",90,"CMU","A","LR","LABORATOIRE DE RECHERCHE","Laboratoires (La)",805,46]
[2011,"CMU",90,"CMU","A","LR","LABORATOIRE DE RECHERCHE","Laboratoires (La)",805,46]
[2011,"CMU",90,"CMU","A","LR","LABORATOIRE DE RECHERCHE","Laboratoires (La)",805,46]
[2011,"CMU",90,"CMU","A","LR","LABORATOIRE DE RECHERCHE","Laboratoires (La)",805,46]
[2011,"CMU",90,"CMU","A","LR","LABORATOIRE DE RECHERCHE","Laboratoires (La)",805,46]
[2011,"CMU",90,"CMU","A","LR","LABORATOIRE DE RECHERCHE","Laboratoires (La)",805,46]
[2011,"CMU",90,"CMU","A","LR","LABORATOIRE DE RECHERCHE","Laboratoires (La)",805,46]
[2011,"CMU",90,"CMU","A","LR","LABORATOIRE DE RECHERCHE","Laboratoires (La)",805,46]
[2011,"CMU",90,"CMU","A","LR","LABORATOIRE DE RECHERCHE","Laboratoires (La)",805,46]
[2011,"CMU",90,"CMU","A","LR","LABORATOIRE DE RECHERCHE","Laboratoires (La)",805,46]
[2011,"CMU",90,"CMU","A","LR","LABORATOIRE DE RECHERCHE","Laboratoires (La)",805,46]
[2011,"CMU",90,"CMU","A","LR","LABORATOIRE DE RECHERCHE","Laboratoires (La)",805,46]
[2011,"CMU",90,"CMU","A","LR","LABORATOIRE DE RECHERCHE","Laboratoires (La)",805,46]
[2011,"CMU",90,"CMU","A","LR","LABORATOIRE DE RECHERCHE","Laboratoires (La)",805,47]
[2011,"CMU",90,"CMU","A","LR","LABORATOIRE DE RECHERCHE","Laboratoires (La)",805,49.5]
[2011,"CMU",90,"CMU","A","LR","LABORATOIRE DE RECHERCHE","Laboratoires (La)",805,49.5]
[2011,"CMU",90,"CMU","A","LR","LABORATOIRE DE RECHERCHE","Laboratoires (La)",805,50.5]
[2011,"CMU",90,"CMU","A","LR","LABORATOIRE DE RECHERCHE","Laboratoires (La)",805,50.5]
[2011,"CMU",90,"CMU","A","LR","LABORATOIRE DE RECHERCHE","Laboratoires (La)",805,50.5]
[2011,"CMU",90,"CMU","A","LR","LABORATOIRE DE RECHERCHE","Laboratoires (La)",805,51]
[2011,"CMU",90,"CMU","A","LR","LABORATOIRE DE RECHERCHE","Laboratoires (La)",805,51]
[2011,"CMU",90,"CMU","A","LR","LABORATOIRE DE RECHERCHE","Laboratoires (La)",805,53]
[2011,"CMU",90,"CMU","A","LR","LABORATOIRE DE RECHERCHE","Laboratoires (La)",805,56]
[2011,"CMU",90,"CMU","A","LR","LABORATOIRE DE RECHERCHE","Laboratoires (La)",805,61]
[2011,"CMU",90,"CMU","A","LR","LABORATOIRE DE RECHERCHE","Laboratoires (La)",805,63.5]
[2011,"CMU",90,"CMU","A","LR","LABORATOIRE DE RECHERCHE","Laboratoires (La)",805,65.5]
[2011,"CMU",90,"CMU","A","LR","LABORATOIRE DE RECHERCHE","Laboratoires (La)",805,68]
[2011,"CMU",90,"CMU","A","LR","LABORATOIRE DE RECHERCHE","Laboratoires (La)",805,69]
[2011,"CMU",90,"CMU","A","LR","LABORATOIRE DE RECHERCHE","Laboratoires (La)",805,69]
[2011,"CMU",90,"CMU","A","LR","LABORATOIRE DE RECHERCHE","Laboratoires (La)",805,70]
[2011,"CMU",90,"CMU","A","LR","LABORATOIRE DE RECHERCHE","Laboratoires (La)",805,72.5]
[2011,"CMU",90,"CMU","A","LR","LABORATOIRE DE RECHERCHE","Laboratoires (La)",805,75]
[2011,"CMU",90,"CMU","A","LR","LABORATOIRE DE RECHERCHE","Laboratoires (La)",805,82.5]
[2011,"CMU",90,"CMU","A","LR","LABORATOIRE DE RECHERCHE","Laboratoires (La)",805,93]
[2011,"CMU",90,"CMU","A","LR","LABORATOIRE DE RECHERCHE","Laboratoires (La)",805,93]
[2011,"CMU",90,"CMU","A","LR","LABORATOIRE DE RECHERCHE","Laboratoires (La)",805,99.5]
[2011,"CMU",90,"CMU","A","LR","LABORATOIRE DE RECHERCHE","Laboratoires (La)",805,119]
[2011,"CMU",90,"CMU","A","LR","LABORATOIRE DE RECHERCHE","Laboratoires (La)",805,175]
[2011,"CMU",90,"CMU","A","LT","LABORATOIRE DE TRAVAUX PRATIQUES","Laboratoires (La)",805,10]
[2011,"CMU",90,"CMU","A","LT","LABORATOIRE DE TRAVAUX PRATIQUES","Laboratoires (La)",805,14.5]
[2011,"CMU",90,"CMU","A","LT","LABORATOIRE DE TRAVAUX PRATIQUES","Laboratoires (La)",805,14.5]
[2011,"CMU",90,"CMU","A","LT","LABORATOIRE DE TRAVAUX PRATIQUES","Laboratoires (La)",805,15]
[2011,"CMU",90,"CMU","A","LT","LABORATOIRE DE TRAVAUX PRATIQUES","Laboratoires (La)",805,15]
[2011,"CMU",90,"CMU","A","LT","LABORATOIRE DE TRAVAUX PRATIQUES","Laboratoires (La)",805,15]
[2011,"CMU",90,"CMU","A","LT","LABORATOIRE DE TRAVAUX PRATIQUES","Laboratoires (La)",805,20]
[2011,"CMU",90,"CMU","A","LT","LABORATOIRE DE TRAVAUX PRATIQUES","Laboratoires (La)",805,27]
[2011,"CMU",90,"CMU","A","LT","LABORATOIRE DE TRAVAUX PRATIQUES","Laboratoires (La)",805,29.5]
[2011,"CMU",90,"CMU","A","LT","LABORATOIRE DE TRAVAUX PRATIQUES","Laboratoires (La)",805,30]
[2011,"CMU",90,"CMU","A","LT","LABORATOIRE DE TRAVAUX PRATIQUES","Laboratoires (La)",805,30]
[2011,"CMU",90,"CMU","A","LT","LABORATOIRE DE TRAVAUX PRATIQUES","Laboratoires (La)",805,31]
[2011,"CMU",90,"CMU","A","LT","LABORATOIRE DE TRAVAUX PRATIQUES","Laboratoires (La)",805,35]
[2011,"CMU",90,"CMU","A","LT","LABORATOIRE DE TRAVAUX PRATIQUES","Laboratoires (La)",805,35]
[2011,"CMU",90,"CMU","A","LT","LABORATOIRE DE TRAVAUX PRATIQUES","Laboratoires (La)",805,38]
[2011,"CMU",90,"CMU","A","LT","LABORATOIRE DE TRAVAUX PRATIQUES","Laboratoires (La)",805,47]
[2011,"CMU",90,"CMU","A","LT","LABORATOIRE DE TRAVAUX PRATIQUES","Laboratoires (La)",805,65.5]
[2011,"CMU",90,"CMU","A","LT","LABORATOIRE DE TRAVAUX PRATIQUES","Laboratoires (La)",805,81]
[2011,"CMU",90,"CMU","A","LT","LABORATOIRE DE TRAVAUX PRATIQUES","Laboratoires (La)",805,81]
[2011,"CMU",90,"CMU","A","LT","LABORATOIRE DE TRAVAUX PRATIQUES","Laboratoires (La)",805,235]
[2011,"CMU",90,"CMU","A","MA","LOCAL MACHINES","Laboratoires (La)",805,7]
[2011,"CMU",90,"CMU","A","MA","LOCAL MACHINES","Laboratoires (La)",805,14]
[2011,"CMU",90,"CMU","A","MA","LOCAL MACHINES","Laboratoires (La)",805,41.5]
[2011,"CMU",90,"CMU","A","ME","MICROSCOPIE ELECTRONIQUE","Laboratoires (La)",805,4.5]
[2011,"CMU",90,"CMU","A","ME","MICROSCOPIE ELECTRONIQUE","Laboratoires (La)",805,4.5]
[2011,"CMU",90,"CMU","A","ME","MICROSCOPIE ELECTRONIQUE","Laboratoires (La)",805,5]
[2011,"CMU",90,"CMU","A","ME","MICROSCOPIE ELECTRONIQUE","Laboratoires (La)",805,5]
[2011,"CMU",90,"CMU","A","ME","MICROSCOPIE ELECTRONIQUE","Laboratoires (La)",805,5]
[2011,"CMU",90,"CMU","A","ME","MICROSCOPIE ELECTRONIQUE","Laboratoires (La)",805,7]
[2011,"CMU",90,"CMU","A","ME","MICROSCOPIE ELECTRONIQUE","Laboratoires (La)",805,7.5]
[2011,"CMU",90,"CMU","A","ME","MICROSCOPIE ELECTRONIQUE","Laboratoires (La)",805,7.5]
[2011,"CMU",90,"CMU","A","ME","MICROSCOPIE ELECTRONIQUE","Laboratoires (La)",805,7.5]
[2011,"CMU",90,"CMU","A","ME","MICROSCOPIE ELECTRONIQUE","Laboratoires (La)",805,7.5]
[2011,"CMU",90,"CMU","A","ME","MICROSCOPIE ELECTRONIQUE","Laboratoires (La)",805,7.5]
[2011,"CMU",90,"CMU","A","ME","MICROSCOPIE ELECTRONIQUE","Laboratoires (La)",805,7.5]
[2011,"CMU",90,"CMU","A","ME","MICROSCOPIE ELECTRONIQUE","Laboratoires (La)",805,9]
[2011,"CMU",90,"CMU","A","ME","MICROSCOPIE ELECTRONIQUE","Laboratoires (La)",805,9]
[2011,"CMU",90,"CMU","A","ME","MICROSCOPIE ELECTRONIQUE","Laboratoires (La)",805,10]
[2011,"CMU",90,"CMU","A","ME","MICROSCOPIE ELECTRONIQUE","Laboratoires (La)",805,10]
[2011,"CMU",90,"CMU","A","ME","MICROSCOPIE ELECTRONIQUE","Laboratoires (La)",805,10.5]
[2011,"CMU",90,"CMU","A","ME","MICROSCOPIE ELECTRONIQUE","Laboratoires (La)",805,12]
[2011,"CMU",90,"CMU","A","ME","MICROSCOPIE ELECTRONIQUE","Laboratoires (La)",805,12.5]
[2011,"CMU",90,"CMU","A","ME","MICROSCOPIE ELECTRONIQUE","Laboratoires (La)",805,12.5]
[2011,"CMU",90,"CMU","A","ME","MICROSCOPIE ELECTRONIQUE","Laboratoires (La)",805,13.5]
[2011,"CMU",90,"CMU","A","ME","MICROSCOPIE ELECTRONIQUE","Laboratoires (La)",805,13.5]
[2011,"CMU",90,"CMU","A","ME","MICROSCOPIE ELECTRONIQUE","Laboratoires (La)",805,13.5]
[2011,"CMU",90,"CMU","A","ME","MICROSCOPIE ELECTRONIQUE","Laboratoires (La)",805,15]
[2011,"CMU",90,"CMU","A","ME","MICROSCOPIE ELECTRONIQUE","Laboratoires (La)",805,18]
[2011,"CMU",90,"CMU","A","ME","MICROSCOPIE ELECTRONIQUE","Laboratoires (La)",805,18]
[2011,"CMU",90,"CMU","A","ME","MICROSCOPIE ELECTRONIQUE","Laboratoires (La)",805,18.5]
[2011,"CMU",90,"CMU","A","ME","MICROSCOPIE ELECTRONIQUE","Laboratoires (La)",805,20]
[2011,"CMU",90,"CMU","A","ME","MICROSCOPIE ELECTRONIQUE","Laboratoires (La)",805,21.5]
[2011,"CMU",90,"CMU","A","ME","MICROSCOPIE ELECTRONIQUE","Laboratoires (La)",805,22.5]
[2011,"CMU",90,"CMU","A","ME","MICROSCOPIE ELECTRONIQUE","Laboratoires (La)",805,24.5]
[2011,"CMU",90,"CMU","A","ME","MICROSCOPIE ELECTRONIQUE","Laboratoires (La)",805,24.5]
[2011,"CMU",90,"CMU","A","ME","MICROSCOPIE ELECTRONIQUE","Laboratoires (La)",805,30]
[2011,"CMU",90,"CMU","A","ME","MICROSCOPIE ELECTRONIQUE","Laboratoires (La)",805,46]
[2011,"CMU",90,"CMU","A","NA","NON ATTRIBUE","Local fictif - sans coût",0,4]
[2011,"CMU",90,"CMU","A","NA","NON ATTRIBUE","Local fictif - sans coût",0,4]
[2011,"CMU",90,"CMU","A","NA","NON ATTRIBUE","Local fictif - sans coût",0,4]
[2011,"CMU",90,"CMU","A","NA","NON ATTRIBUE","Local fictif - sans coût",0,4.5]
[2011,"CMU",90,"CMU","A","NA","NON ATTRIBUE","Local fictif - sans coût",0,7.5]
[2011,"CMU",90,"CMU","A","NA","NON ATTRIBUE","Local fictif - sans coût",0,8.5]
[2011,"CMU",90,"CMU","A","NA","NON ATTRIBUE","Local fictif - sans coût",0,9.5]
[2011,"CMU",90,"CMU","A","NA","NON ATTRIBUE","Local fictif - sans coût",0,9.5]
[2011,"CMU",90,"CMU","A","NA","NON ATTRIBUE","Local fictif - sans coût",0,10]
[2011,"CMU",90,"CMU","A","NA","NON ATTRIBUE","Local fictif - sans coût",0,10]
[2011,"CMU",90,"CMU","A","NA","NON ATTRIBUE","Local fictif - sans coût",0,10]
[2011,"CMU",90,"CMU","A","NA","NON ATTRIBUE","Local fictif - sans coût",0,10.5]
[2011,"CMU",90,"CMU","A","NA","NON ATTRIBUE","Local fictif - sans coût",0,10.5]
[2011,"CMU",90,"CMU","A","NA","NON ATTRIBUE","Local fictif - sans coût",0,10.5]
[2011,"CMU",90,"CMU","A","NA","NON ATTRIBUE","Local fictif - sans coût",0,11.5]
[2011,"CMU",90,"CMU","A","NA","NON ATTRIBUE","Local fictif - sans coût",0,11.5]
[2011,"CMU",90,"CMU","A","NA","NON ATTRIBUE","Local fictif - sans coût",0,11.5]
[2011,"CMU",90,"CMU","A","NA","NON ATTRIBUE","Local fictif - sans coût",0,12]
[2011,"CMU",90,"CMU","A","NA","NON ATTRIBUE","Local fictif - sans coût",0,12]
[2011,"CMU",90,"CMU","A","NA","NON ATTRIBUE","Local fictif - sans coût",0,12]
[2011,"CMU",90,"CMU","A","NA","NON ATTRIBUE","Local fictif - sans coût",0,12]
[2011,"CMU",90,"CMU","A","NA","NON ATTRIBUE","Local fictif - sans coût",0,14]
[2011,"CMU",90,"CMU","A","NA","NON ATTRIBUE","Local fictif - sans coût",0,14.5]
[2011,"CMU",90,"CMU","A","NA","NON ATTRIBUE","Local fictif - sans coût",0,16]
[2011,"CMU",90,"CMU","A","NA","NON ATTRIBUE","Local fictif - sans coût",0,17.5]
[2011,"CMU",90,"CMU","A","NA","NON ATTRIBUE","Local fictif - sans coût",0,17.5]
[2011,"CMU",90,"CMU","A","NA","NON ATTRIBUE","Local fictif - sans coût",0,18.5]
[2011,"CMU",90,"CMU","A","NA","NON ATTRIBUE","Local fictif - sans coût",0,19]
[2011,"CMU",90,"CMU","A","NA","NON ATTRIBUE","Local fictif - sans coût",0,19.5]
[2011,"CMU",90,"CMU","A","NA","NON ATTRIBUE","Local fictif - sans coût",0,19.5]
[2011,"CMU",90,"CMU","A","NA","NON ATTRIBUE","Local fictif - sans coût",0,20]
[2011,"CMU",90,"CMU","A","NA","NON ATTRIBUE","Local fictif - sans coût",0,20]
[2011,"CMU",90,"CMU","A","NA","NON ATTRIBUE","Local fictif - sans coût",0,20.5]
[2011,"CMU",90,"CMU","A","NA","NON ATTRIBUE","Local fictif - sans coût",0,22]
[2011,"CMU",90,"CMU","A","NA","NON ATTRIBUE","Local fictif - sans coût",0,22]
[2011,"CMU",90,"CMU","A","NA","NON ATTRIBUE","Local fictif - sans coût",0,22.5]
[2011,"CMU",90,"CMU","A","NA","NON ATTRIBUE","Local fictif - sans coût",0,22.5]
[2011,"CMU",90,"CMU","A","NA","NON ATTRIBUE","Local fictif - sans coût",0,22.5]
[2011,"CMU",90,"CMU","A","NA","NON ATTRIBUE","Local fictif - sans coût",0,22.5]
[2011,"CMU",90,"CMU","A","NA","NON ATTRIBUE","Local fictif - sans coût",0,22.5]
[2011,"CMU",90,"CMU","A","NA","NON ATTRIBUE","Local fictif - sans coût",0,22.5]
[2011,"CMU",90,"CMU","A","NA","NON ATTRIBUE","Local fictif - sans coût",0,22.5]
[2011,"CMU",90,"CMU","A","NA","NON ATTRIBUE","Local fictif - sans coût",0,22.5]
[2011,"CMU",90,"CMU","A","NA","NON ATTRIBUE","Local fictif - sans coût",0,22.5]
[2011,"CMU",90,"CMU","A","NA","NON ATTRIBUE","Local fictif - sans coût",0,22.5]
[2011,"CMU",90,"CMU","A","NA","NON ATTRIBUE","Local fictif - sans coût",0,22.5]
[2011,"CMU",90,"CMU","A","NA","NON ATTRIBUE","Local fictif - sans coût",0,22.5]
[2011,"CMU",90,"CMU","A","NA","NON ATTRIBUE","Local fictif - sans coût",0,22.5]
[2011,"CMU",90,"CMU","A","NA","NON ATTRIBUE","Local fictif - sans coût",0,22.5]
[2011,"CMU",90,"CMU","A","NA","NON ATTRIBUE","Local fictif - sans coût",0,22.5]
[2011,"CMU",90,"CMU","A","NA","NON ATTRIBUE","Local fictif - sans coût",0,22.5]
[2011,"CMU",90,"CMU","A","NA","NON ATTRIBUE","Local fictif - sans coût",0,22.5]
[2011,"CMU",90,"CMU","A","NA","NON ATTRIBUE","Local fictif - sans coût",0,22.5]
[2011,"CMU",90,"CMU","A","NA","NON ATTRIBUE","Local fictif - sans coût",0,22.5]
[2011,"CMU",90,"CMU","A","NA","NON ATTRIBUE","Local fictif - sans coût",0,22.5]
[2011,"CMU",90,"CMU","A","NA","NON ATTRIBUE","Local fictif - sans coût",0,22.5]
[2011,"CMU",90,"CMU","A","NA","NON ATTRIBUE","Local fictif - sans coût",0,23.5]
[2011,"CMU",90,"CMU","A","NA","NON ATTRIBUE","Local fictif - sans coût",0,24]
[2011,"CMU",90,"CMU","A","NA","NON ATTRIBUE","Local fictif - sans coût",0,24.5]
[2011,"CMU",90,"CMU","A","NA","NON ATTRIBUE","Local fictif - sans coût",0,26.5]
[2011,"CMU",90,"CMU","A","NA","NON ATTRIBUE","Local fictif - sans coût",0,26.5]
[2011,"CMU",90,"CMU","A","NA","NON ATTRIBUE","Local fictif - sans coût",0,27]
[2011,"CMU",90,"CMU","A","NA","NON ATTRIBUE","Local fictif - sans coût",0,27.5]
[2011,"CMU",90,"CMU","A","NA","NON ATTRIBUE","Local fictif - sans coût",0,33]
[2011,"CMU",90,"CMU","A","NA","NON ATTRIBUE","Local fictif - sans coût",0,34.5]
[2011,"CMU",90,"CMU","A","NA","NON ATTRIBUE","Local fictif - sans coût",0,37.5]
[2011,"CMU",90,"CMU","A","NA","NON ATTRIBUE","Local fictif - sans coût",0,38.5]
[2011,"CMU",90,"CMU","A","NA","NON ATTRIBUE","Local fictif - sans coût",0,38.5]
[2011,"CMU",90,"CMU","A","NA","NON ATTRIBUE","Local fictif - sans coût",0,40]
[2011,"CMU",90,"CMU","A","NA","NON ATTRIBUE","Local fictif - sans coût",0,40.5]
[2011,"CMU",90,"CMU","A","NA","NON ATTRIBUE","Local fictif - sans coût",0,46]
[2011,"CMU",90,"CMU","A","NA","NON ATTRIBUE","Local fictif - sans coût",0,50]
[2011,"CMU",90,"CMU","A","NA","NON ATTRIBUE","Local fictif - sans coût",0,50.5]
[2011,"CMU",90,"CMU","A","NA","NON ATTRIBUE","Local fictif - sans coût",0,54.5]
[2011,"CMU",90,"CMU","A","NA","NON ATTRIBUE","Local fictif - sans coût",0,58]
[2011,"CMU",90,"CMU","A","NA","NON ATTRIBUE","Local fictif - sans coût",0,70]
[2011,"CMU",90,"CMU","A","NA","NON ATTRIBUE","Local fictif - sans coût",0,70]
[2011,"CMU",90,"CMU","A","NA","NON ATTRIBUE","Local fictif - sans coût",0,70]
[2011,"CMU",90,"CMU","A","NA","NON ATTRIBUE","Local fictif - sans coût",0,79]
[2011,"CMU",90,"CMU","A","NA","NON ATTRIBUE","Local fictif - sans coût",0,89.5]
[2011,"CMU",90,"CMU","A","NA","NON ATTRIBUE","Local fictif - sans coût",0,91.5]
[2011,"CMU",90,"CMU","A","NA","NON ATTRIBUE","Local fictif - sans coût",0,92.5]
[2011,"CMU",90,"CMU","A","NA","NON ATTRIBUE","Local fictif - sans coût",0,101]
[2011,"CMU",90,"CMU","A","NA","NON ATTRIBUE","Local fictif - sans coût",0,118.5]
[2011,"CMU",90,"CMU","A","NA","NON ATTRIBUE","Local fictif - sans coût",0,122]
[2011,"CMU",90,"CMU","A","NA","NON ATTRIBUE","Local fictif - sans coût",0,261]
[2011,"CMU",90,"CMU","A","PC","SALLE DE TERMINAUX","Laboratoires (La)",805,28]
[2011,"CMU",90,"CMU","A","PC","SALLE DE TERMINAUX","Laboratoires (La)",805,66.5]
[2011,"CMU",90,"CMU","A","RE","SALLE DE REUNION","Salles d'enseignement (UR)",392,8.5]
[2011,"CMU",90,"CMU","A","RE","SALLE DE REUNION","Salles d'enseignement (UR)",392,13.5]
[2011,"CMU",90,"CMU","A","RE","SALLE DE REUNION","Salles d'enseignement (UR)",392,22.5]
[2011,"CMU",90,"CMU","A","RE","SALLE DE REUNION","Salles d'enseignement (UR)",392,22.5]
[2011,"CMU",90,"CMU","A","RE","SALLE DE REUNION","Salles d'enseignement (UR)",392,22.5]
[2011,"CMU",90,"CMU","A","RE","SALLE DE REUNION","Salles d'enseignement (UR)",392,22.5]
[2011,"CMU",90,"CMU","A","RE","SALLE DE REUNION","Salles d'enseignement (UR)",392,38]
[2011,"CMU",90,"CMU","A","RE","SALLE DE REUNION","Salles d'enseignement (UR)",392,43.5]
[2011,"CMU",90,"CMU","A","RE","SALLE DE REUNION","Salles d'enseignement (UR)",392,49]
[2011,"CMU",90,"CMU","A","RE","SALLE DE REUNION","Salles d'enseignement (UR)",392,67.5]
[2011,"CMU",90,"CMU","A","RE","SALLE DE REUNION","Salles d'enseignement (UR)",392,70]
[2011,"CMU",90,"CMU","A","RE","SALLE DE REUNION","Salles d'enseignement (UR)",392,73.5]
[2011,"CMU",90,"CMU","A","RE","SALLE DE REUNION","Salles d'enseignement (UR)",392,85]
[2011,"CMU",90,"CMU","A","RE","SALLE DE REUNION","Salles d'enseignement (UR)",392,115]
[2011,"CMU",90,"CMU","A","RG","REGIE AUDIO-VISUEL","Laboratoires (La)",805,19]
[2011,"CMU",90,"CMU","A","SA","SANITAIRE","Local fictif - sans coût",0,9]
[2011,"CMU",90,"CMU","A","SA","SANITAIRE","Local fictif - sans coût",0,9.5]
[2011,"CMU",90,"CMU","A","SI","LOCAL SERVEUR INFORMATIQUE","Laboratoires (La)",805,31]
[2011,"CMU",90,"CMU","A","SM","SALLE DE SEMINAIRE / COURS","Salles d'enseignement (UR)",392,15]
[2011,"CMU",90,"CMU","A","SM","SALLE DE SEMINAIRE / COURS","Salles d'enseignement (UR)",392,17]
[2011,"CMU",90,"CMU","A","SM","SALLE DE SEMINAIRE / COURS","Salles d'enseignement (UR)",392,19]
[2011,"CMU",90,"CMU","A","SM","SALLE DE SEMINAIRE / COURS","Salles d'enseignement (UR)",392,20]
[2011,"CMU",90,"CMU","A","SM","SALLE DE SEMINAIRE / COURS","Salles d'enseignement (UR)",392,20.5]
[2011,"CMU",90,"CMU","A","SM","SALLE DE SEMINAIRE / COURS","Salles d'enseignement (UR)",392,23]
[2011,"CMU",90,"CMU","A","SM","SALLE DE SEMINAIRE / COURS","Salles d'enseignement (UR)",392,26]
[2011,"CMU",90,"CMU","A","SM","SALLE DE SEMINAIRE / COURS","Salles d'enseignement (UR)",392,30]
[2011,"CMU",90,"CMU","A","SM","SALLE DE SEMINAIRE / COURS","Salles d'enseignement (UR)",392,30]
[2011,"CMU",90,"CMU","A","SM","SALLE DE SEMINAIRE / COURS","Salles d'enseignement (UR)",392,30]
[2011,"CMU",90,"CMU","A","SM","SALLE DE SEMINAIRE / COURS","Salles d'enseignement (UR)",392,30]
[2011,"CMU",90,"CMU","A","SM","SALLE DE SEMINAIRE / COURS","Salles d'enseignement (UR)",392,31]
[2011,"CMU",90,"CMU","A","SM","SALLE DE SEMINAIRE / COURS","Salles d'enseignement (UR)",392,36]
[2011,"CMU",90,"CMU","A","SM","SALLE DE SEMINAIRE / COURS","Salles d'enseignement (UR)",392,40]
[2011,"CMU",90,"CMU","A","SM","SALLE DE SEMINAIRE / COURS","Salles d'enseignement (UR)",392,82]
[2011,"CMU",90,"CMU","A","SM","SALLE DE SEMINAIRE / COURS","Salles d'enseignement (UR)",392,82]
[2011,"CMU",90,"CMU","A","SM","SALLE DE SEMINAIRE / COURS","Salles d'enseignement (UR)",392,83]
[2011,"CMU",90,"CMU","A","SM","SALLE DE SEMINAIRE / COURS","Salles d'enseignement (UR)",392,83]
[2011,"CMU",90,"CMU","A","SM","SALLE DE SEMINAIRE / COURS","Salles d'enseignement (UR)",392,83]
[2011,"CMU",90,"CMU","A","SM","SALLE DE SEMINAIRE / COURS","Salles d'enseignement (UR)",392,113]
[2011,"CMU",90,"CMU","A","SM","SALLE DE SEMINAIRE / COURS","Salles d'enseignement (UR)",392,119.5]
[2011,"CMU",90,"CMU","A","SM","SALLE DE SEMINAIRE / COURS","Salles d'enseignement (UR)",392,183]
[2011,"CMU",90,"CMU","A","SM","SALLE DE SEMINAIRE / COURS","Salles d'enseignement (UR)",392,184]
[2011,"CMU",90,"CMU","A","SM","SALLE DE SEMINAIRE / COURS","Salles d'enseignement (UR)",392,185]
[2011,"CMU",90,"CMU","A","SM","SALLE DE SEMINAIRE / COURS","Salles d'enseignement (UR)",392,245.5]
[2011,"CMU",90,"CMU","A","SM","SALLE DE SEMINAIRE / COURS","Salles d'enseignement (UR)",392,251]
[2011,"CMU",90,"CMU","A","ST","STOCKAGE","Archivage et surfaces d'entreposage (Ar)",196,7.5]
[2011,"CMU",90,"CMU","A","ST","STOCKAGE","Archivage et surfaces d'entreposage (Ar)",196,8]
[2011,"CMU",90,"CMU","A","ST","STOCKAGE","Archivage et surfaces d'entreposage (Ar)",196,8.5]
[2011,"CMU",90,"CMU","A","ST","STOCKAGE","Archivage et surfaces d'entreposage (Ar)",196,8.5]
[2011,"CMU",90,"CMU","A","ST","STOCKAGE","Archivage et surfaces d'entreposage (Ar)",196,8.5]
[2011,"CMU",90,"CMU","A","ST","STOCKAGE","Archivage et surfaces d'entreposage (Ar)",196,10.5]
[2011,"CMU",90,"CMU","A","ST","STOCKAGE","Archivage et surfaces d'entreposage (Ar)",196,14]
[2011,"CMU",90,"CMU","A","ST","STOCKAGE","Archivage et surfaces d'entreposage (Ar)",196,14.5]
[2011,"CMU",90,"CMU","A","ST","STOCKAGE","Archivage et surfaces d'entreposage (Ar)",196,15]
[2011,"CMU",90,"CMU","A","ST","STOCKAGE","Archivage et surfaces d'entreposage (Ar)",196,15]
[2011,"CMU",90,"CMU","A","ST","STOCKAGE","Archivage et surfaces d'entreposage (Ar)",196,15]
[2011,"CMU",90,"CMU","A","ST","STOCKAGE","Archivage et surfaces d'entreposage (Ar)",196,15]
[2011,"CMU",90,"CMU","A","ST","STOCKAGE","Archivage et surfaces d'entreposage (Ar)",196,15.5]
[2011,"CMU",90,"CMU","A","ST","STOCKAGE","Archivage et surfaces d'entreposage (Ar)",196,15.5]
[2011,"CMU",90,"CMU","A","ST","STOCKAGE","Archivage et surfaces d'entreposage (Ar)",196,16]
[2011,"CMU",90,"CMU","A","ST","STOCKAGE","Archivage et surfaces d'entreposage (Ar)",196,17.5]
[2011,"CMU",90,"CMU","A","ST","STOCKAGE","Archivage et surfaces d'entreposage (Ar)",196,18]
[2011,"CMU",90,"CMU","A","ST","STOCKAGE","Archivage et surfaces d'entreposage (Ar)",196,19.5]
[2011,"CMU",90,"CMU","A","ST","STOCKAGE","Archivage et surfaces d'entreposage (Ar)",196,20]
[2011,"CMU",90,"CMU","A","ST","STOCKAGE","Archivage et surfaces d'entreposage (Ar)",196,23.5]
[2011,"CMU",90,"CMU","A","ST","STOCKAGE","Archivage et surfaces d'entreposage (Ar)",196,24]
[2011,"CMU",90,"CMU","A","ST","STOCKAGE","Archivage et surfaces d'entreposage (Ar)",196,28]
[2011,"CMU",90,"CMU","A","ST","STOCKAGE","Archivage et surfaces d'entreposage (Ar)",196,29]
[2011,"CMU",90,"CMU","A","ST","STOCKAGE","Archivage et surfaces d'entreposage (Ar)",196,30]
[2011,"CMU",90,"CMU","A","ST","STOCKAGE","Archivage et surfaces d'entreposage (Ar)",196,30.5]
[2011,"CMU",90,"CMU","A","ST","STOCKAGE","Archivage et surfaces d'entreposage (Ar)",196,31.5]
[2011,"CMU",90,"CMU","A","ST","STOCKAGE","Archivage et surfaces d'entreposage (Ar)",196,38]
[2011,"CMU",90,"CMU","A","ST","STOCKAGE","Archivage et surfaces d'entreposage (Ar)",196,38.5]
[2011,"CMU",90,"CMU","A","ST","STOCKAGE","Archivage et surfaces d'entreposage (Ar)",196,38.5]
[2011,"CMU",90,"CMU","A","ST","STOCKAGE","Archivage et surfaces d'entreposage (Ar)",196,40]
[2011,"CMU",90,"CMU","A","ST","STOCKAGE","Archivage et surfaces d'entreposage (Ar)",196,41]
[2011,"CMU",90,"CMU","A","ST","STOCKAGE","Archivage et surfaces d'entreposage (Ar)",196,41.5]
[2011,"CMU",90,"CMU","A","ST","STOCKAGE","Archivage et surfaces d'entreposage (Ar)",196,41.5]
[2011,"CMU",90,"CMU","A","ST","STOCKAGE","Archivage et surfaces d'entreposage (Ar)",196,53]
[2011,"CMU",90,"CMU","A","ST","STOCKAGE","Archivage et surfaces d'entreposage (Ar)",196,60.5]
[2011,"CMU",90,"CMU","A","ST","STOCKAGE","Archivage et surfaces d'entreposage (Ar)",196,61.5]
[2011,"CMU",90,"CMU","A","ST","STOCKAGE","Archivage et surfaces d'entreposage (Ar)",196,66.5]
[2011,"CMU",90,"CMU","A","ST","STOCKAGE","Archivage et surfaces d'entreposage (Ar)",196,69.5]
[2011,"CMU",90,"CMU","A","ST","STOCKAGE","Archivage et surfaces d'entreposage (Ar)",196,97]
[2011,"CMU",90,"CMU","A","TE","LOCAL TECHNIQUE","Laboratoires (La)",805,15]
[2011,"CMU",90,"CMU","A","TP","SALLE DE TRAVAUX PRATIQUES","Salles d'enseignement (UR)",392,15]
[2011,"CMU",90,"CMU","A","TP","SALLE DE TRAVAUX PRATIQUES","Salles d'enseignement (UR)",392,144.5]
[2011,"BECF",91,"LA BECASSINE   FERME","A","AR","ARCHIVES","Archivage et surfaces d'entreposage (Ar)",196,11]
[2011,"BECF",91,"LA BECASSINE   FERME","A","AT","ATELIER","Laboratoires (La)",805,26]
[2011,"BECF",91,"LA BECASSINE   FERME","A","AX","ANNEXES","Archivage et surfaces d'entreposage (Ar)",196,9.5]
[2011,"BECF",91,"LA BECASSINE   FERME","A","AX","ANNEXES","Archivage et surfaces d'entreposage (Ar)",196,9.5]
[2011,"BECF",91,"LA BECASSINE   FERME","A","BU","BUREAU","Bureaux (Bü)",392,6]
[2011,"BECF",91,"LA BECASSINE   FERME","A","BU","BUREAU","Bureaux (Bü)",392,8]
[2011,"BECF",91,"LA BECASSINE   FERME","A","BU","BUREAU","Bureaux (Bü)",392,12]
[2011,"BECF",91,"LA BECASSINE   FERME","A","BU","BUREAU","Bureaux (Bü)",392,13]
[2011,"BECF",91,"LA BECASSINE   FERME","A","BU","BUREAU","Bureaux (Bü)",392,16.5]
[2011,"BECF",91,"LA BECASSINE   FERME","A","BU","BUREAU","Bureaux (Bü)",392,17.5]
[2011,"BECF",91,"LA BECASSINE   FERME","A","BU","BUREAU","Bureaux (Bü)",392,23.5]
[2011,"BECF",91,"LA BECASSINE   FERME","A","BU","BUREAU","Bureaux (Bü)",392,25.5]
[2011,"BECF",91,"LA BECASSINE   FERME","A","CA","CAFETERIA","Locaux du domaine social (So)",430,11]
[2011,"BECF",91,"LA BECASSINE   FERME","A","LR","LABORATOIRE DE RECHERCHE","Laboratoires (La)",805,8.5]
[2011,"BECF",91,"LA BECASSINE   FERME","A","LR","LABORATOIRE DE RECHERCHE","Laboratoires (La)",805,9]
[2011,"BECF",91,"LA BECASSINE   FERME","A","LR","LABORATOIRE DE RECHERCHE","Laboratoires (La)",805,10]
[2011,"BECF",91,"LA BECASSINE   FERME","A","LR","LABORATOIRE DE RECHERCHE","Laboratoires (La)",805,11.5]
[2011,"BECF",91,"LA BECASSINE   FERME","A","LR","LABORATOIRE DE RECHERCHE","Laboratoires (La)",805,12.5]
[2011,"BECF",91,"LA BECASSINE   FERME","A","LR","LABORATOIRE DE RECHERCHE","Laboratoires (La)",805,14]
[2011,"BECF",91,"LA BECASSINE   FERME","A","LR","LABORATOIRE DE RECHERCHE","Laboratoires (La)",805,16.5]
[2011,"BECF",91,"LA BECASSINE   FERME","A","LR","LABORATOIRE DE RECHERCHE","Laboratoires (La)",805,18]
[2011,"BECF",91,"LA BECASSINE   FERME","A","LR","LABORATOIRE DE RECHERCHE","Laboratoires (La)",805,18]
[2011,"BECF",91,"LA BECASSINE   FERME","A","LR","LABORATOIRE DE RECHERCHE","Laboratoires (La)",805,34.5]
[2011,"BECF",91,"LA BECASSINE   FERME","A","RE","SALLE DE REUNION","Salles d'enseignement (UR)",392,37.5]
[2011,"BECF",91,"LA BECASSINE   FERME","A","ST","STOCKAGE","Archivage et surfaces d'entreposage (Ar)",196,90]
[2011,"SENE",92,"SENEBIER","I","AX","ANNEXES","Archivage et surfaces d'entreposage (Ar)",196,12.5]
[2011,"SENE",92,"SENEBIER","I","AX","ANNEXES","Archivage et surfaces d'entreposage (Ar)",196,27]
[2011,"SENE",92,"SENEBIER","I","AX","ANNEXES","Archivage et surfaces d'entreposage (Ar)",196,28]
[2011,"SENE",92,"SENEBIER","I","AX","ANNEXES","Archivage et surfaces d'entreposage (Ar)",196,62]
[2011,"BECC",93,"LA BECASSINE   CHALET","A","AX","ANNEXES","Archivage et surfaces d'entreposage (Ar)",196,15]
[2011,"BECC",93,"LA BECASSINE   CHALET","A","BI","BIBLIOTHEQUE, SALLE DE LECTURE","Bibliothèques (Bi)",468,15]
[2011,"ACA2",94,"CENTRE ACACIAS II","A","BI","BIBLIOTHEQUE, SALLE DE LECTURE","Bibliothèques (Bi)",468,12.5]
[2011,"ACA2",94,"CENTRE ACACIAS II","A","BI","BIBLIOTHEQUE, SALLE DE LECTURE","Bibliothèques (Bi)",468,15]
[2011,"ACA2",94,"CENTRE ACACIAS II","A","BI","BIBLIOTHEQUE, SALLE DE LECTURE","Bibliothèques (Bi)",468,16]
[2011,"ACA2",94,"CENTRE ACACIAS II","A","BI","BIBLIOTHEQUE, SALLE DE LECTURE","Bibliothèques (Bi)",468,16]
[2011,"ACA2",94,"CENTRE ACACIAS II","A","BI","BIBLIOTHEQUE, SALLE DE LECTURE","Bibliothèques (Bi)",468,16]
[2011,"ACA2",94,"CENTRE ACACIAS II","A","BI","BIBLIOTHEQUE, SALLE DE LECTURE","Bibliothèques (Bi)",468,21.5]
[2011,"ACA2",94,"CENTRE ACACIAS II","A","BI","BIBLIOTHEQUE, SALLE DE LECTURE","Bibliothèques (Bi)",468,120]
[2011,"ACA2",94,"CENTRE ACACIAS II","A","BU","BUREAU","Bureaux (Bü)",392,9]
[2011,"ACA2",94,"CENTRE ACACIAS II","A","BU","BUREAU","Bureaux (Bü)",392,11.5]
[2011,"ACA2",94,"CENTRE ACACIAS II","A","BU","BUREAU","Bureaux (Bü)",392,11.5]
[2011,"ACA2",94,"CENTRE ACACIAS II","A","BU","BUREAU","Bureaux (Bü)",392,13]
[2011,"ACA2",94,"CENTRE ACACIAS II","A","BU","BUREAU","Bureaux (Bü)",392,13]
[2011,"ACA2",94,"CENTRE ACACIAS II","A","BU","BUREAU","Bureaux (Bü)",392,14]
[2011,"ACA2",94,"CENTRE ACACIAS II","A","BU","BUREAU","Bureaux (Bü)",392,15]
[2011,"ACA2",94,"CENTRE ACACIAS II","A","BU","BUREAU","Bureaux (Bü)",392,15]
[2011,"ACA2",94,"CENTRE ACACIAS II","A","BU","BUREAU","Bureaux (Bü)",392,15]
[2011,"ACA2",94,"CENTRE ACACIAS II","A","BU","BUREAU","Bureaux (Bü)",392,15]
[2011,"ACA2",94,"CENTRE ACACIAS II","A","BU","BUREAU","Bureaux (Bü)",392,15]
[2011,"ACA2",94,"CENTRE ACACIAS II","A","BU","BUREAU","Bureaux (Bü)",392,15.5]
[2011,"ACA2",94,"CENTRE ACACIAS II","A","BU","BUREAU","Bureaux (Bü)",392,15.5]
[2011,"ACA2",94,"CENTRE ACACIAS II","A","BU","BUREAU","Bureaux (Bü)",392,15.5]
[2011,"ACA2",94,"CENTRE ACACIAS II","A","BU","BUREAU","Bureaux (Bü)",392,15.5]
[2011,"ACA2",94,"CENTRE ACACIAS II","A","BU","BUREAU","Bureaux (Bü)",392,15.5]
[2011,"ACA2",94,"CENTRE ACACIAS II","A","BU","BUREAU","Bureaux (Bü)",392,15.5]
[2011,"ACA2",94,"CENTRE ACACIAS II","A","BU","BUREAU","Bureaux (Bü)",392,16]
[2011,"ACA2",94,"CENTRE ACACIAS II","A","BU","BUREAU","Bureaux (Bü)",392,16]
[2011,"ACA2",94,"CENTRE ACACIAS II","A","BU","BUREAU","Bureaux (Bü)",392,16]
[2011,"ACA2",94,"CENTRE ACACIAS II","A","BU","BUREAU","Bureaux (Bü)",392,16]
[2011,"ACA2",94,"CENTRE ACACIAS II","A","BU","BUREAU","Bureaux (Bü)",392,16]
[2011,"ACA2",94,"CENTRE ACACIAS II","A","BU","BUREAU","Bureaux (Bü)",392,16]
[2011,"ACA2",94,"CENTRE ACACIAS II","A","BU","BUREAU","Bureaux (Bü)",392,16]
[2011,"ACA2",94,"CENTRE ACACIAS II","A","BU","BUREAU","Bureaux (Bü)",392,16]
[2011,"ACA2",94,"CENTRE ACACIAS II","A","BU","BUREAU","Bureaux (Bü)",392,16]
[2011,"ACA2",94,"CENTRE ACACIAS II","A","BU","BUREAU","Bureaux (Bü)",392,16.5]
[2011,"ACA2",94,"CENTRE ACACIAS II","A","BU","BUREAU","Bureaux (Bü)",392,18]
[2011,"ACA2",94,"CENTRE ACACIAS II","A","BU","BUREAU","Bureaux (Bü)",392,18]
[2011,"ACA2",94,"CENTRE ACACIAS II","A","BU","BUREAU","Bureaux (Bü)",392,18]
[2011,"ACA2",94,"CENTRE ACACIAS II","A","BU","BUREAU","Bureaux (Bü)",392,18]
[2011,"ACA2",94,"CENTRE ACACIAS II","A","BU","BUREAU","Bureaux (Bü)",392,18.5]
[2011,"ACA2",94,"CENTRE ACACIAS II","A","BU","BUREAU","Bureaux (Bü)",392,20]
[2011,"ACA2",94,"CENTRE ACACIAS II","A","BU","BUREAU","Bureaux (Bü)",392,20]
[2011,"ACA2",94,"CENTRE ACACIAS II","A","BU","BUREAU","Bureaux (Bü)",392,20]
[2011,"ACA2",94,"CENTRE ACACIAS II","A","BU","BUREAU","Bureaux (Bü)",392,21.5]
[2011,"ACA2",94,"CENTRE ACACIAS II","A","BU","BUREAU","Bureaux (Bü)",392,21.5]
[2011,"ACA2",94,"CENTRE ACACIAS II","A","BU","BUREAU","Bureaux (Bü)",392,21.5]
[2011,"ACA2",94,"CENTRE ACACIAS II","A","BU","BUREAU","Bureaux (Bü)",392,21.5]
[2011,"ACA2",94,"CENTRE ACACIAS II","A","BU","BUREAU","Bureaux (Bü)",392,21.5]
[2011,"ACA2",94,"CENTRE ACACIAS II","A","BU","BUREAU","Bureaux (Bü)",392,22.5]
[2011,"ACA2",94,"CENTRE ACACIAS II","A","BU","BUREAU","Bureaux (Bü)",392,24.5]
[2011,"ACA2",94,"CENTRE ACACIAS II","A","BU","BUREAU","Bureaux (Bü)",392,26]
[2011,"ACA2",94,"CENTRE ACACIAS II","A","CA","CAFETERIA","Locaux du domaine social (So)",430,23.5]
[2011,"ACA2",94,"CENTRE ACACIAS II","A","RE","SALLE DE REUNION","Salles d'enseignement (UR)",392,30.5]
[2011,"ACA2",94,"CENTRE ACACIAS II","A","SM","SALLE DE SEMINAIRE / COURS","Salles d'enseignement (UR)",392,28.5]
[2011,"ACA2",94,"CENTRE ACACIAS II","A","SM","SALLE DE SEMINAIRE / COURS","Salles d'enseignement (UR)",392,57]
[2011,"ACA2",94,"CENTRE ACACIAS II","A","SM","SALLE DE SEMINAIRE / COURS","Salles d'enseignement (UR)",392,63.5]
[2011,"ACA2",94,"CENTRE ACACIAS II","A","ST","STOCKAGE","Archivage et surfaces d'entreposage (Ar)",196,6]
[2011,"ACA2",94,"CENTRE ACACIAS II","A","ST","STOCKAGE","Archivage et surfaces d'entreposage (Ar)",196,7]
[2011,"ACA2",94,"CENTRE ACACIAS II","A","TP","SALLE DE TRAVAUX PRATIQUES","Salles d'enseignement (UR)",392,20]
[2011,"ACA2",94,"CENTRE ACACIAS II","A","TP","SALLE DE TRAVAUX PRATIQUES","Salles d'enseignement (UR)",392,21.5]
[2011,"ACA2",94,"CENTRE ACACIAS II","A","TP","SALLE DE TRAVAUX PRATIQUES","Salles d'enseignement (UR)",392,31.5]
[2011,"BECA",95,"LA BECASSINE   LE MOULIN","A","AT","ATELIER","Laboratoires (La)",805,8.5]
[2011,"BECA",95,"LA BECASSINE   LE MOULIN","A","BU","BUREAU","Bureaux (Bü)",392,10]
[2011,"BECA",95,"LA BECASSINE   LE MOULIN","A","BU","BUREAU","Bureaux (Bü)",392,10]
[2011,"BECA",95,"LA BECASSINE   LE MOULIN","A","BU","BUREAU","Bureaux (Bü)",392,12.5]
[2011,"BECA",95,"LA BECASSINE   LE MOULIN","A","BU","BUREAU","Bureaux (Bü)",392,16.5]
[2011,"BECA",95,"LA BECASSINE   LE MOULIN","A","BU","BUREAU","Bureaux (Bü)",392,16.5]
[2011,"BECA",95,"LA BECASSINE   LE MOULIN","A","HA","HALL","Local fictif - sans coût",0,8.5]
[2011,"BECA",95,"LA BECASSINE   LE MOULIN","A","LR","LABORATOIRE DE RECHERCHE","Laboratoires (La)",805,17.5]
[2011,"BECA",95,"LA BECASSINE   LE MOULIN","A","LR","LABORATOIRE DE RECHERCHE","Laboratoires (La)",805,17.5]
[2011,"BECA",95,"LA BECASSINE   LE MOULIN","A","LR","LABORATOIRE DE RECHERCHE","Laboratoires (La)",805,29]
[2011,"BECA",95,"LA BECASSINE   LE MOULIN","A","RE","SALLE DE REUNION","Salles d'enseignement (UR)",392,19.5]
[2011,"ACA3",96,"CENTRE ACACIAS III","A","AT","ATELIER","Laboratoires (La)",805,151.5]
[2011,"ACA3",96,"CENTRE ACACIAS III","A","BU","BUREAU","Bureaux (Bü)",392,13]
[2011,"ACA3",96,"CENTRE ACACIAS III","A","BU","BUREAU","Bureaux (Bü)",392,13.5]
[2011,"ACA3",96,"CENTRE ACACIAS III","A","BU","BUREAU","Bureaux (Bü)",392,14.5]
[2011,"ACA3",96,"CENTRE ACACIAS III","A","BU","BUREAU","Bureaux (Bü)",392,15]
[2011,"ACA3",96,"CENTRE ACACIAS III","A","BU","BUREAU","Bureaux (Bü)",392,15.5]
[2011,"ACA3",96,"CENTRE ACACIAS III","A","BU","BUREAU","Bureaux (Bü)",392,15.5]
[2011,"ACA3",96,"CENTRE ACACIAS III","A","BU","BUREAU","Bureaux (Bü)",392,16]
[2011,"ACA3",96,"CENTRE ACACIAS III","A","BU","BUREAU","Bureaux (Bü)",392,17]
[2011,"ACA3",96,"CENTRE ACACIAS III","A","BU","BUREAU","Bureaux (Bü)",392,17]
[2011,"ACA3",96,"CENTRE ACACIAS III","A","BU","BUREAU","Bureaux (Bü)",392,18]
[2011,"ACA3",96,"CENTRE ACACIAS III","A","BU","BUREAU","Bureaux (Bü)",392,18.5]
[2011,"ACA3",96,"CENTRE ACACIAS III","A","BU","BUREAU","Bureaux (Bü)",392,19.5]
[2011,"ACA3",96,"CENTRE ACACIAS III","A","BU","BUREAU","Bureaux (Bü)",392,20]
[2011,"ACA3",96,"CENTRE ACACIAS III","A","BU","BUREAU","Bureaux (Bü)",392,29.5]
[2011,"ACA3",96,"CENTRE ACACIAS III","A","BU","BUREAU","Bureaux (Bü)",392,32]
[2011,"ACA3",96,"CENTRE ACACIAS III","A","BU","BUREAU","Bureaux (Bü)",392,43]
[2011,"ACA3",96,"CENTRE ACACIAS III","A","LR","LABORATOIRE DE RECHERCHE","Laboratoires (La)",805,25]
[2011,"ACA3",96,"CENTRE ACACIAS III","A","LR","LABORATOIRE DE RECHERCHE","Laboratoires (La)",805,51]
[2011,"ACA3",96,"CENTRE ACACIAS III","A","RE","SALLE DE REUNION","Salles d'enseignement (UR)",392,25]
[2011,"CON20",100,"CONSEIL GENERAL 20","A","BU","BUREAU","Bureaux (Bü)",392,13.5]
[2011,"CON20",100,"CONSEIL GENERAL 20","A","BU","BUREAU","Bureaux (Bü)",392,13.5]
[2011,"CON20",100,"CONSEIL GENERAL 20","A","BU","BUREAU","Bureaux (Bü)",392,14]
[2011,"CON20",100,"CONSEIL GENERAL 20","A","BU","BUREAU","Bureaux (Bü)",392,17]
[2011,"CON20",100,"CONSEIL GENERAL 20","A","BU","BUREAU","Bureaux (Bü)",392,17.5]
[2011,"CON20",100,"CONSEIL GENERAL 20","A","BU","BUREAU","Bureaux (Bü)",392,18]
[2011,"CON20",100,"CONSEIL GENERAL 20","A","BU","BUREAU","Bureaux (Bü)",392,18.5]
[2011,"CON20",100,"CONSEIL GENERAL 20","A","BU","BUREAU","Bureaux (Bü)",392,23.5]
[2011,"CON20",100,"CONSEIL GENERAL 20","A","BU","BUREAU","Bureaux (Bü)",392,26.5]
[2011,"CON20",100,"CONSEIL GENERAL 20","A","BU","BUREAU","Bureaux (Bü)",392,44.5]
[2011,"GHI",102,"CARL-VOGT 83","I","BU","BUREAU","Bureaux (Bü)",392,8.5]
[2011,"GHI",102,"CARL-VOGT 83","I","BU","BUREAU","Bureaux (Bü)",392,11.5]
[2011,"GHI",102,"CARL-VOGT 83","I","BU","BUREAU","Bureaux (Bü)",392,13]
[2011,"GHI",102,"CARL-VOGT 83","I","BU","BUREAU","Bureaux (Bü)",392,16]
[2011,"GHI",102,"CARL-VOGT 83","I","BU","BUREAU","Bureaux (Bü)",392,18.5]
[2011,"GHI",102,"CARL-VOGT 83","I","BU","BUREAU","Bureaux (Bü)",392,19.5]
[2011,"GHI",102,"CARL-VOGT 83","I","BU","BUREAU","Bureaux (Bü)",392,36.5]
[2011,"RGT",107,"REGISTRE GENEVOIS DES TUMEURS","A","AR","ARCHIVES","Archivage et surfaces d'entreposage (Ar)",196,29]
[2011,"RGT",107,"REGISTRE GENEVOIS DES TUMEURS","A","AX","ANNEXES","Archivage et surfaces d'entreposage (Ar)",196,5.5]
[2011,"RGT",107,"REGISTRE GENEVOIS DES TUMEURS","A","AX","ANNEXES","Archivage et surfaces d'entreposage (Ar)",196,6.5]
[2011,"RGT",107,"REGISTRE GENEVOIS DES TUMEURS","A","BU","BUREAU","Bureaux (Bü)",392,12.5]
[2011,"RGT",107,"REGISTRE GENEVOIS DES TUMEURS","A","BU","BUREAU","Bureaux (Bü)",392,14]
[2011,"RGT",107,"REGISTRE GENEVOIS DES TUMEURS","A","BU","BUREAU","Bureaux (Bü)",392,14.5]
[2011,"RGT",107,"REGISTRE GENEVOIS DES TUMEURS","A","BU","BUREAU","Bureaux (Bü)",392,20.5]
[2011,"RGT",107,"REGISTRE GENEVOIS DES TUMEURS","A","BU","BUREAU","Bureaux (Bü)",392,21]
[2011,"RGT",107,"REGISTRE GENEVOIS DES TUMEURS","A","BU","BUREAU","Bureaux (Bü)",392,21]
[2011,"RGT",107,"REGISTRE GENEVOIS DES TUMEURS","A","BU","BUREAU","Bureaux (Bü)",392,21.5]
[2011,"RGT",107,"REGISTRE GENEVOIS DES TUMEURS","A","BU","BUREAU","Bureaux (Bü)",392,24.5]
[2011,"RGT",107,"REGISTRE GENEVOIS DES TUMEURS","A","BU","BUREAU","Bureaux (Bü)",392,26]
[2011,"RGT",107,"REGISTRE GENEVOIS DES TUMEURS","A","BU","BUREAU","Bureaux (Bü)",392,32]
[2011,"RGT",107,"REGISTRE GENEVOIS DES TUMEURS","A","BU","BUREAU","Bureaux (Bü)",392,32.5]
[2011,"RGT",107,"REGISTRE GENEVOIS DES TUMEURS","A","BU","BUREAU","Bureaux (Bü)",392,44]
[2011,"BBOVY",111,"BAUD BOVY","A","AX","ANNEXES","Archivage et surfaces d'entreposage (Ar)",196,6]
[2011,"BBOVY",111,"BAUD BOVY","A","BU","BUREAU","Bureaux (Bü)",392,12]
[2011,"BBOVY",111,"BAUD BOVY","A","BU","BUREAU","Bureaux (Bü)",392,53]
[2011,"BBOVY",111,"BAUD BOVY","A","PC","SALLE DE TERMINAUX","Laboratoires (La)",805,250]
[2011,"BBOVY",111,"BAUD BOVY","A","RE","SALLE DE REUNION","Salles d'enseignement (UR)",392,27.5]
[2011,"BBOVY",111,"BAUD BOVY","A","RE","SALLE DE REUNION","Salles d'enseignement (UR)",392,32]
[2011,"BBOVY",111,"BAUD BOVY","A","RE","SALLE DE REUNION","Salles d'enseignement (UR)",392,33]
[2011,"BBOVY",111,"BAUD BOVY","A","RE","SALLE DE REUNION","Salles d'enseignement (UR)",392,51]
[2011,"BBOVY",111,"BAUD BOVY","A","RE","SALLE DE REUNION","Salles d'enseignement (UR)",392,77]
[2011,"BBOVY",111,"BAUD BOVY","A","SM","SALLE DE SEMINAIRE / COURS","Salles d'enseignement (UR)",392,75]
[2011,"ISDC",114,"ECOGIA ISDC PAVILLON","A","AI","ATELIER INFORMATIQUE","Laboratoires (La)",805,9]
[2011,"ISDC",114,"ECOGIA ISDC PAVILLON","A","AR","ARCHIVES","Archivage et surfaces d'entreposage (Ar)",196,8.5]
[2011,"ISDC",114,"ECOGIA ISDC PAVILLON","A","AU","AUDITOIRE","Salles de cours (Hö)",667,85.5]
[2011,"ISDC",114,"ECOGIA ISDC PAVILLON","A","AX","ANNEXES","Archivage et surfaces d'entreposage (Ar)",196,3.5]
[2011,"ISDC",114,"ECOGIA ISDC PAVILLON","A","BU","BUREAU","Bureaux (Bü)",392,17.5]
[2011,"ISDC",114,"ECOGIA ISDC PAVILLON","A","BU","BUREAU","Bureaux (Bü)",392,17.5]
[2011,"ISDC",114,"ECOGIA ISDC PAVILLON","A","BU","BUREAU","Bureaux (Bü)",392,18]
[2011,"ISDC",114,"ECOGIA ISDC PAVILLON","A","BU","BUREAU","Bureaux (Bü)",392,21]
[2011,"ISDC",114,"ECOGIA ISDC PAVILLON","A","BU","BUREAU","Bureaux (Bü)",392,24.5]
[2011,"ISDC",114,"ECOGIA ISDC PAVILLON","A","BU","BUREAU","Bureaux (Bü)",392,26.5]
[2011,"ISDC",114,"ECOGIA ISDC PAVILLON","A","BU","BUREAU","Bureaux (Bü)",392,26.5]
[2011,"ISDC",114,"ECOGIA ISDC PAVILLON","A","BU","BUREAU","Bureaux (Bü)",392,30]
[2011,"ISDC",114,"ECOGIA ISDC PAVILLON","A","BU","BUREAU","Bureaux (Bü)",392,67]
[2011,"ISDC",114,"ECOGIA ISDC PAVILLON","A","CA","CAFETERIA","Locaux du domaine social (So)",430,13.5]
[2011,"ISDC",114,"ECOGIA ISDC PAVILLON","A","PC","SALLE DE TERMINAUX","Laboratoires (La)",805,26.5]
[2011,"ISDC",114,"ECOGIA ISDC PAVILLON","A","SA","SANITAIRE","Local fictif - sans coût",0,5]
[2011,"ISDC",114,"ECOGIA ISDC PAVILLON","A","SI","LOCAL SERVEUR INFORMATIQUE","Laboratoires (La)",805,8.5]
[2011,"ISDC",114,"ECOGIA ISDC PAVILLON","A","TE","LOCAL TECHNIQUE","Laboratoires (La)",805,8]
[2011,"CHCOP",115,"CHATEAU DE COPPET","A","AR","ARCHIVES","Archivage et surfaces d'entreposage (Ar)",196,13]
[2011,"CHCOP",115,"CHATEAU DE COPPET","A","AR","ARCHIVES","Archivage et surfaces d'entreposage (Ar)",196,21]
[2011,"CHCOP",115,"CHATEAU DE COPPET","A","BU","BUREAU","Bureaux (Bü)",392,13]
[2011,"CHCOP",115,"CHATEAU DE COPPET","A","BU","BUREAU","Bureaux (Bü)",392,14.5]
[2011,"CHCOP",115,"CHATEAU DE COPPET","A","BU","BUREAU","Bureaux (Bü)",392,17.5]
[2011,"CHCOP",115,"CHATEAU DE COPPET","A","BU","BUREAU","Bureaux (Bü)",392,18]
[2011,"CHCOP",115,"CHATEAU DE COPPET","A","BU","BUREAU","Bureaux (Bü)",392,18]
[2011,"CHCOP",115,"CHATEAU DE COPPET","A","CO","COULOIR","Local fictif - sans coût",0,40.5]
[2011,"CHCOP",115,"CHATEAU DE COPPET","A","RE","SALLE DE REUNION","Salles d'enseignement (UR)",392,29.5]
[2011,"CHCOP",115,"CHATEAU DE COPPET","A","RE","SALLE DE REUNION","Salles d'enseignement (UR)",392,33.5]
[2011,"CHCOP",115,"CHATEAU DE COPPET","A","RE","SALLE DE REUNION","Salles d'enseignement (UR)",392,40]
[2011,"CHCOP",115,"CHATEAU DE COPPET","A","RE","SALLE DE REUNION","Salles d'enseignement (UR)",392,40.5]
[2011,"CHCOP",115,"CHATEAU DE COPPET","A","SM","SALLE DE SEMINAIRE / COURS","Salles d'enseignement (UR)",392,92.5]
[2011,"CHCOP",115,"CHATEAU DE COPPET","A","SO","LOCAL SOCIAL","Locaux du domaine social (So)",430,6.5]
[2011,"CHCOP",115,"CHATEAU DE COPPET","A","TE","LOCAL TECHNIQUE","Laboratoires (La)",805,4.5]
[2011,"ALLOB",116,"ALLOBROGES","A","AT","ATELIER","Laboratoires (La)",805,6.5]
[2011,"ALLOB",116,"ALLOBROGES","A","AT","ATELIER","Laboratoires (La)",805,12]
[2011,"ALLOB",116,"ALLOBROGES","A","AT","ATELIER","Laboratoires (La)",805,53]
[2011,"ALLOB",116,"ALLOBROGES","A","AT","ATELIER","Laboratoires (La)",805,60]
[2011,"ALLOB",116,"ALLOBROGES","A","AT","ATELIER","Laboratoires (La)",805,63]
[2011,"ALLOB",116,"ALLOBROGES","A","AT","ATELIER","Laboratoires (La)",805,92]
[2011,"ALLOB",116,"ALLOBROGES","A","AT","ATELIER","Laboratoires (La)",805,115]
[2011,"ALLOB",116,"ALLOBROGES","A","AX","ANNEXES","Archivage et surfaces d'entreposage (Ar)",196,1.5]
[2011,"ALLOB",116,"ALLOBROGES","A","BU","BUREAU","Bureaux (Bü)",392,22]
[2011,"ALLOB",116,"ALLOBROGES","A","CO","COULOIR","Local fictif - sans coût",0,64.5]
[2011,"ALLOB",116,"ALLOBROGES","A","CO","COULOIR","Local fictif - sans coût",0,166]
[2011,"ALLOB",116,"ALLOBROGES","A","LT","LABORATOIRE DE TRAVAUX PRATIQUES","Laboratoires (La)",805,42.5]
[2011,"ALLOB",116,"ALLOBROGES","A","ST","STOCKAGE","Archivage et surfaces d'entreposage (Ar)",196,21]
[2011,"ALLOB",116,"ALLOBROGES","A","ST","STOCKAGE","Archivage et surfaces d'entreposage (Ar)",196,26]
[2011,"PERP",117,"PAVILLON ANSERMET","A","AI","ATELIER INFORMATIQUE","Laboratoires (La)",805,70]
[2011,"PERP",117,"PAVILLON ANSERMET","A","AX","ANNEXES","Archivage et surfaces d'entreposage (Ar)",196,15]
[2011,"PERP",117,"PAVILLON ANSERMET","A","AX","ANNEXES","Archivage et surfaces d'entreposage (Ar)",196,15]
[2011,"PERP",117,"PAVILLON ANSERMET","A","AX","ANNEXES","Archivage et surfaces d'entreposage (Ar)",196,15]
[2011,"PERP",117,"PAVILLON ANSERMET","A","BU","BUREAU","Bureaux (Bü)",392,13]
[2011,"PERP",117,"PAVILLON ANSERMET","A","BU","BUREAU","Bureaux (Bü)",392,15]
[2011,"PERP",117,"PAVILLON ANSERMET","A","BU","BUREAU","Bureaux (Bü)",392,15]
[2011,"PERP",117,"PAVILLON ANSERMET","A","BU","BUREAU","Bureaux (Bü)",392,15]
[2011,"PERP",117,"PAVILLON ANSERMET","A","BU","BUREAU","Bureaux (Bü)",392,15]
[2011,"PERP",117,"PAVILLON ANSERMET","A","BU","BUREAU","Bureaux (Bü)",392,15]
[2011,"PERP",117,"PAVILLON ANSERMET","A","BU","BUREAU","Bureaux (Bü)",392,17]
[2011,"PERP",117,"PAVILLON ANSERMET","A","BU","BUREAU","Bureaux (Bü)",392,45]
[2011,"PERP",117,"PAVILLON ANSERMET","A","BU","BUREAU","Bureaux (Bü)",392,45]
[2011,"PERP",117,"PAVILLON ANSERMET","A","CA","CAFETERIA","Locaux du domaine social (So)",430,30]
[2011,"PERP",117,"PAVILLON ANSERMET","A","LA","LAVERIE","Laboratoires (La)",805,12]
[2011,"PERP",117,"PAVILLON ANSERMET","A","LR","LABORATOIRE DE RECHERCHE","Laboratoires (La)",805,13]
[2011,"PERP",117,"PAVILLON ANSERMET","A","LR","LABORATOIRE DE RECHERCHE","Laboratoires (La)",805,15]
[2011,"PERP",117,"PAVILLON ANSERMET","A","LR","LABORATOIRE DE RECHERCHE","Laboratoires (La)",805,15]
[2011,"PERP",117,"PAVILLON ANSERMET","A","LR","LABORATOIRE DE RECHERCHE","Laboratoires (La)",805,15]
[2011,"PERP",117,"PAVILLON ANSERMET","A","LR","LABORATOIRE DE RECHERCHE","Laboratoires (La)",805,15]
[2011,"PERP",117,"PAVILLON ANSERMET","A","LR","LABORATOIRE DE RECHERCHE","Laboratoires (La)",805,30]
[2011,"PERP",117,"PAVILLON ANSERMET","A","LR","LABORATOIRE DE RECHERCHE","Laboratoires (La)",805,30]
[2011,"PERP",117,"PAVILLON ANSERMET","A","LR","LABORATOIRE DE RECHERCHE","Laboratoires (La)",805,30]
[2011,"PERP",117,"PAVILLON ANSERMET","A","LR","LABORATOIRE DE RECHERCHE","Laboratoires (La)",805,72]
[2011,"PERP",117,"PAVILLON ANSERMET","A","LR","LABORATOIRE DE RECHERCHE","Laboratoires (La)",805,72]
[2011,"PERP",117,"PAVILLON ANSERMET","A","MA","LOCAL MACHINES","Laboratoires (La)",805,12]
[2011,"PERP",117,"PAVILLON ANSERMET","A","RE","SALLE DE REUNION","Salles d'enseignement (UR)",392,60]
[2011,"PERP",117,"PAVILLON ANSERMET","A","SM","SALLE DE SEMINAIRE / COURS","Salles d'enseignement (UR)",392,144]
[2011,"PERP",117,"PAVILLON ANSERMET","A","ST","STOCKAGE","Archivage et surfaces d'entreposage (Ar)",196,6]
[2011,"PERP",117,"PAVILLON ANSERMET","A","ST","STOCKAGE","Archivage et surfaces d'entreposage (Ar)",196,13]
[2011,"PERP",117,"PAVILLON ANSERMET","A","ST","STOCKAGE","Archivage et surfaces d'entreposage (Ar)",196,15]
[2011,"PERP",117,"PAVILLON ANSERMET","A","ST","STOCKAGE","Archivage et surfaces d'entreposage (Ar)",196,15]
[2011,"PERP",117,"PAVILLON ANSERMET","A","ST","STOCKAGE","Archivage et surfaces d'entreposage (Ar)",196,15]
[2011,"PERP",117,"PAVILLON ANSERMET","A","ST","STOCKAGE","Archivage et surfaces d'entreposage (Ar)",196,15]
[2011,"PERP",117,"PAVILLON ANSERMET","A","TP","SALLE DE TRAVAUX PRATIQUES","Salles d'enseignement (UR)",392,180]
[2011,"PERP",117,"PAVILLON ANSERMET","A","TP","SALLE DE TRAVAUX PRATIQUES","Salles d'enseignement (UR)",392,180]
[2011,"PERP",117,"PAVILLON ANSERMET","A","TP","SALLE DE TRAVAUX PRATIQUES","Salles d'enseignement (UR)",392,220]
[2011,"PINCH",118,"PINCHAT","A","AT","ATELIER","Laboratoires (La)",805,24.5]
[2011,"PINCH",118,"PINCHAT","A","AX","ANNEXES","Archivage et surfaces d'entreposage (Ar)",196,4]
[2011,"PINCH",118,"PINCHAT","A","BU","BUREAU","Bureaux (Bü)",392,7]
[2011,"PINCH",118,"PINCHAT","A","BU","BUREAU","Bureaux (Bü)",392,7.5]
[2011,"PINCH",118,"PINCHAT","A","BU","BUREAU","Bureaux (Bü)",392,7.5]
[2011,"PINCH",118,"PINCHAT","A","BU","BUREAU","Bureaux (Bü)",392,8.5]
[2011,"PINCH",118,"PINCHAT","A","BU","BUREAU","Bureaux (Bü)",392,9]
[2011,"PINCH",118,"PINCHAT","A","BU","BUREAU","Bureaux (Bü)",392,10]
[2011,"PINCH",118,"PINCHAT","A","BU","BUREAU","Bureaux (Bü)",392,11]
[2011,"PINCH",118,"PINCHAT","A","BU","BUREAU","Bureaux (Bü)",392,12]
[2011,"PINCH",118,"PINCHAT","A","BU","BUREAU","Bureaux (Bü)",392,14]
[2011,"PINCH",118,"PINCHAT","A","BU","BUREAU","Bureaux (Bü)",392,16]
[2011,"PINCH",118,"PINCHAT","A","BU","BUREAU","Bureaux (Bü)",392,16]
[2011,"PINCH",118,"PINCHAT","A","BU","BUREAU","Bureaux (Bü)",392,17]
[2011,"PINCH",118,"PINCHAT","A","BU","BUREAU","Bureaux (Bü)",392,17]
[2011,"PINCH",118,"PINCHAT","A","BU","BUREAU","Bureaux (Bü)",392,20]
[2011,"PINCH",118,"PINCHAT","A","BU","BUREAU","Bureaux (Bü)",392,27.5]
[2011,"PINCH",118,"PINCHAT","A","BU","BUREAU","Bureaux (Bü)",392,28]
[2011,"PINCH",118,"PINCHAT","A","BU","BUREAU","Bureaux (Bü)",392,28]
[2011,"PINCH",118,"PINCHAT","A","BU","BUREAU","Bureaux (Bü)",392,28.5]
[2011,"PINCH",118,"PINCHAT","A","BU","BUREAU","Bureaux (Bü)",392,29]
[2011,"PINCH",118,"PINCHAT","A","BU","BUREAU","Bureaux (Bü)",392,29]
[2011,"PINCH",118,"PINCHAT","A","BU","BUREAU","Bureaux (Bü)",392,30.5]
[2011,"PINCH",118,"PINCHAT","A","BU","BUREAU","Bureaux (Bü)",392,44]
[2011,"PINCH",118,"PINCHAT","A","BU","BUREAU","Bureaux (Bü)",392,45]
[2011,"PINCH",118,"PINCHAT","A","BU","BUREAU","Bureaux (Bü)",392,47]
[2011,"PINCH",118,"PINCHAT","A","CA","CAFETERIA","Locaux du domaine social (So)",430,24.5]
[2011,"PINCH",118,"PINCHAT","A","DV","DIVERS","Local fictif - sans coût",0,15]
[2011,"PINCH",118,"PINCHAT","A","LT","LABORATOIRE DE TRAVAUX PRATIQUES","Laboratoires (La)",805,7.1]
[2011,"PINCH",118,"PINCHAT","A","LT","LABORATOIRE DE TRAVAUX PRATIQUES","Laboratoires (La)",805,7.5]
[2011,"PINCH",118,"PINCHAT","A","LT","LABORATOIRE DE TRAVAUX PRATIQUES","Laboratoires (La)",805,13.9]
[2011,"PINCH",118,"PINCHAT","A","LT","LABORATOIRE DE TRAVAUX PRATIQUES","Laboratoires (La)",805,14.8]
[2011,"PINCH",118,"PINCHAT","A","LT","LABORATOIRE DE TRAVAUX PRATIQUES","Laboratoires (La)",805,18]
[2011,"PINCH",118,"PINCHAT","A","LT","LABORATOIRE DE TRAVAUX PRATIQUES","Laboratoires (La)",805,25]
[2011,"PINCH",118,"PINCHAT","A","LT","LABORATOIRE DE TRAVAUX PRATIQUES","Laboratoires (La)",805,27]
[2011,"PINCH",118,"PINCHAT","A","LT","LABORATOIRE DE TRAVAUX PRATIQUES","Laboratoires (La)",805,27]
[2011,"PINCH",118,"PINCHAT","A","LT","LABORATOIRE DE TRAVAUX PRATIQUES","Laboratoires (La)",805,34]
[2011,"PINCH",118,"PINCHAT","A","LT","LABORATOIRE DE TRAVAUX PRATIQUES","Laboratoires (La)",805,34.5]
[2011,"PINCH",118,"PINCHAT","A","LT","LABORATOIRE DE TRAVAUX PRATIQUES","Laboratoires (La)",805,38]
[2011,"PINCH",118,"PINCHAT","A","LT","LABORATOIRE DE TRAVAUX PRATIQUES","Laboratoires (La)",805,40]
[2011,"PINCH",118,"PINCHAT","A","LT","LABORATOIRE DE TRAVAUX PRATIQUES","Laboratoires (La)",805,45]
[2011,"PINCH",118,"PINCHAT","A","LT","LABORATOIRE DE TRAVAUX PRATIQUES","Laboratoires (La)",805,57]
[2011,"PINCH",118,"PINCHAT","A","MA","LOCAL MACHINES","Laboratoires (La)",805,10.5]
[2011,"PINCH",118,"PINCHAT","A","RE","SALLE DE REUNION","Salles d'enseignement (UR)",392,44.5]
[2011,"PINCH",118,"PINCHAT","A","SM","SALLE DE SEMINAIRE / COURS","Salles d'enseignement (UR)",392,28]
[2011,"PINCH",118,"PINCHAT","A","SM","SALLE DE SEMINAIRE / COURS","Salles d'enseignement (UR)",392,30]
[2011,"PINCH",118,"PINCHAT","A","SM","SALLE DE SEMINAIRE / COURS","Salles d'enseignement (UR)",392,45]
[2011,"PINCH",118,"PINCHAT","A","SM","SALLE DE SEMINAIRE / COURS","Salles d'enseignement (UR)",392,49]
[2011,"PINCH",118,"PINCHAT","A","ST","STOCKAGE","Archivage et surfaces d'entreposage (Ar)",196,2]
[2011,"PINCH",118,"PINCHAT","A","TE","LOCAL TECHNIQUE","Laboratoires (La)",805,8]
[2011,"ARV28",119,"PONT D ARVE 28","A","BU","BUREAU","Bureaux (Bü)",392,8.1999999999999993]
[2011,"ARV28",119,"PONT D ARVE 28","A","BU","BUREAU","Bureaux (Bü)",392,10.4]
[2011,"ARV28",119,"PONT D ARVE 28","A","BU","BUREAU","Bureaux (Bü)",392,12]
[2011,"ARV28",119,"PONT D ARVE 28","A","BU","BUREAU","Bureaux (Bü)",392,12]
[2011,"ARV28",119,"PONT D ARVE 28","A","BU","BUREAU","Bureaux (Bü)",392,12]
[2011,"ARV28",119,"PONT D ARVE 28","A","BU","BUREAU","Bureaux (Bü)",392,12]
[2011,"ARV28",119,"PONT D ARVE 28","A","BU","BUREAU","Bureaux (Bü)",392,12]
[2011,"ARV28",119,"PONT D ARVE 28","A","BU","BUREAU","Bureaux (Bü)",392,12]
[2011,"ARV28",119,"PONT D ARVE 28","A","BU","BUREAU","Bureaux (Bü)",392,12]
[2011,"ARV28",119,"PONT D ARVE 28","A","BU","BUREAU","Bureaux (Bü)",392,12]
[2011,"ARV28",119,"PONT D ARVE 28","A","BU","BUREAU","Bureaux (Bü)",392,14.5]
[2011,"ARV28",119,"PONT D ARVE 28","A","BU","BUREAU","Bureaux (Bü)",392,20.5]
[2011,"ARV28",119,"PONT D ARVE 28","A","CO","COULOIR","Local fictif - sans coût",0,9]
[2011,"ARV28",119,"PONT D ARVE 28","A","RE","SALLE DE REUNION","Salles d'enseignement (UR)",392,9]
[2011,"ARV28",119,"PONT D ARVE 28","A","RE","SALLE DE REUNION","Salles d'enseignement (UR)",392,32]
[2011,"VCREU",120,"VOIE CREUSE","A","AU","AUDITOIRE","Salles de cours (Hö)",667,125]
[2011,"VCREU",120,"VOIE CREUSE","A","BU","BUREAU","Bureaux (Bü)",392,15]
[2011,"VCREU",120,"VOIE CREUSE","A","BU","BUREAU","Bureaux (Bü)",392,17]
[2011,"VCREU",120,"VOIE CREUSE","A","BU","BUREAU","Bureaux (Bü)",392,19]
[2011,"VCREU",120,"VOIE CREUSE","A","BU","BUREAU","Bureaux (Bü)",392,19.5]
[2011,"VCREU",120,"VOIE CREUSE","A","BU","BUREAU","Bureaux (Bü)",392,20]
[2011,"VCREU",120,"VOIE CREUSE","A","BU","BUREAU","Bureaux (Bü)",392,25.5]
[2011,"VCREU",120,"VOIE CREUSE","A","BU","BUREAU","Bureaux (Bü)",392,27]
[2011,"VCREU",120,"VOIE CREUSE","A","CA","CAFETERIA","Locaux du domaine social (So)",430,3.5]
[2011,"VCREU",120,"VOIE CREUSE","A","PC","SALLE DE TERMINAUX","Laboratoires (La)",805,28.5]
[2011,"VCREU",120,"VOIE CREUSE","A","SM","SALLE DE SEMINAIRE / COURS","Salles d'enseignement (UR)",392,83.5]
[2011,"VCREU",120,"VOIE CREUSE","A","SM","SALLE DE SEMINAIRE / COURS","Salles d'enseignement (UR)",392,83.5]
[2011,"ISDCH",121,"ECOGIA ISDC HANGAR","A","BU","BUREAU","Bureaux (Bü)",392,43.5]
[2011,"ISDCH",121,"ECOGIA ISDC HANGAR","A","CA","CAFETERIA","Locaux du domaine social (So)",430,7.5]
[2011,"ISDCH",121,"ECOGIA ISDC HANGAR","A","CO","COULOIR","Local fictif - sans coût",0,11]
[2011,"ISDCH",121,"ECOGIA ISDC HANGAR","A","PC","SALLE DE TERMINAUX","Laboratoires (La)",805,31.5]
[2011,"ISDCH",121,"ECOGIA ISDC HANGAR","A","SI","LOCAL SERVEUR INFORMATIQUE","Laboratoires (La)",805,21.5]
[2011,"BATTO",122,"BATTOIRS","A","AR","ARCHIVES","Archivage et surfaces d'entreposage (Ar)",196,4.2]
[2011,"BATTO",122,"BATTOIRS","A","BU","BUREAU","Bureaux (Bü)",392,14.7]
[2011,"BATTO",122,"BATTOIRS","A","BU","BUREAU","Bureaux (Bü)",392,15.9]
[2011,"BATTO",122,"BATTOIRS","A","BU","BUREAU","Bureaux (Bü)",392,16.5]
[2011,"BATTO",122,"BATTOIRS","A","BU","BUREAU","Bureaux (Bü)",392,19.5]
[2011,"BATTO",122,"BATTOIRS","A","BU","BUREAU","Bureaux (Bü)",392,19.5]
[2011,"BATTO",122,"BATTOIRS","A","BU","BUREAU","Bureaux (Bü)",392,20]
[2011,"BATTO",122,"BATTOIRS","A","BU","BUREAU","Bureaux (Bü)",392,21.7]
[2011,"BATTO",122,"BATTOIRS","A","BU","BUREAU","Bureaux (Bü)",392,23.5]
[2011,"BATTO",122,"BATTOIRS","A","BU","BUREAU","Bureaux (Bü)",392,30.5]
[2011,"BATTO",122,"BATTOIRS","A","BU","BUREAU","Bureaux (Bü)",392,35]
[2011,"BATTO",122,"BATTOIRS","A","BU","BUREAU","Bureaux (Bü)",392,39]
[2011,"BATTO",122,"BATTOIRS","A","BU","BUREAU","Bureaux (Bü)",392,41.5]
[2011,"BATTO",122,"BATTOIRS","A","BU","BUREAU","Bureaux (Bü)",392,47.5]
[2011,"BATTO",122,"BATTOIRS","A","BU","BUREAU","Bureaux (Bü)",392,53.2]
[2011,"BATTO",122,"BATTOIRS","A","HA","HALL","Local fictif - sans coût",0,16.399999999999999]
[2011,"BATTO",122,"BATTOIRS","A","RE","SALLE DE REUNION","Salles d'enseignement (UR)",392,18]
[2011,"BATTO",122,"BATTOIRS","A","RE","SALLE DE REUNION","Salles d'enseignement (UR)",392,37.5]
[2011,"BATTO",122,"BATTOIRS","A","RE","SALLE DE REUNION","Salles d'enseignement (UR)",392,61]
[2011,"SIP",124,"GOURGAS 5  SIP","A","AT","ATELIER","Laboratoires (La)",805,470]
[2011,"SIP",124,"GOURGAS 5  SIP","A","AX","ANNEXES","Archivage et surfaces d'entreposage (Ar)",196,7.5]
[2011,"SIP",124,"GOURGAS 5  SIP","A","BU","BUREAU","Bureaux (Bü)",392,12]
[2011,"SIP",124,"GOURGAS 5  SIP","A","BU","BUREAU","Bureaux (Bü)",392,33.5]
[2011,"SIP",124,"GOURGAS 5  SIP","A","BU","BUREAU","Bureaux (Bü)",392,77.5]
[2011,"SIP",124,"GOURGAS 5  SIP","A","LR","LABORATOIRE DE RECHERCHE","Laboratoires (La)",805,17.5]
[2011,"SIP",124,"GOURGAS 5  SIP","A","LR","LABORATOIRE DE RECHERCHE","Laboratoires (La)",805,17.5]
[2011,"SIP",124,"GOURGAS 5  SIP","A","LR","LABORATOIRE DE RECHERCHE","Laboratoires (La)",805,20.5]
[2011,"SIP",124,"GOURGAS 5  SIP","A","LR","LABORATOIRE DE RECHERCHE","Laboratoires (La)",805,21.5]
[2011,"SIP",124,"GOURGAS 5  SIP","A","LR","LABORATOIRE DE RECHERCHE","Laboratoires (La)",805,54.5]
[2011,"SIP",124,"GOURGAS 5  SIP","A","LR","LABORATOIRE DE RECHERCHE","Laboratoires (La)",805,143]
[2011,"SIP",124,"GOURGAS 5  SIP","A","RE","SALLE DE REUNION","Salles d'enseignement (UR)",392,19.5]
[2011,"VILLA",125,"LA VILLA","A","AR","ARCHIVES","Archivage et surfaces d'entreposage (Ar)",196,14]
[2011,"VILLA",125,"LA VILLA","A","BI","BIBLIOTHEQUE, SALLE DE LECTURE","Bibliothèques (Bi)",468,51.5]
[2011,"VILLA",125,"LA VILLA","A","BU","BUREAU","Bureaux (Bü)",392,9]
[2011,"VILLA",125,"LA VILLA","A","BU","BUREAU","Bureaux (Bü)",392,11]
[2011,"VILLA",125,"LA VILLA","A","BU","BUREAU","Bureaux (Bü)",392,15]
[2011,"VILLA",125,"LA VILLA","A","BU","BUREAU","Bureaux (Bü)",392,15.5]
[2011,"VILLA",125,"LA VILLA","A","BU","BUREAU","Bureaux (Bü)",392,19.5]
[2011,"VILLA",125,"LA VILLA","A","BU","BUREAU","Bureaux (Bü)",392,21]
[2011,"VILLA",125,"LA VILLA","A","BU","BUREAU","Bureaux (Bü)",392,24.5]
[2011,"VILLA",125,"LA VILLA","A","BU","BUREAU","Bureaux (Bü)",392,26.5]
[2011,"VILLA",125,"LA VILLA","A","BU","BUREAU","Bureaux (Bü)",392,32]
[2011,"VILLA",125,"LA VILLA","A","BU","BUREAU","Bureaux (Bü)",392,33.5]
[2011,"VILLA",125,"LA VILLA","A","BU","BUREAU","Bureaux (Bü)",392,35.5]
[2011,"VILLA",125,"LA VILLA","A","BU","BUREAU","Bureaux (Bü)",392,61.5]
[2011,"VILLA",125,"LA VILLA","A","RE","SALLE DE REUNION","Salles d'enseignement (UR)",392,20]
[2011,"ALCID",126,"ALCIDE-JENTZER","A","BU","BUREAU","Bureaux (Bü)",392,19.5]
[2011,"ALCID",126,"ALCIDE-JENTZER","A","BU","BUREAU","Bureaux (Bü)",392,19.5]
[2011,"ALCID",126,"ALCIDE-JENTZER","A","BU","BUREAU","Bureaux (Bü)",392,39.5]
[2011,"ALCID",126,"ALCIDE-JENTZER","A","BU","BUREAU","Bureaux (Bü)",392,39.5]
[2011,"ALCID",126,"ALCIDE-JENTZER","A","BU","BUREAU","Bureaux (Bü)",392,60]
[2011,"ALCID",126,"ALCIDE-JENTZER","A","DP","DEPOT","Archivage et surfaces d'entreposage (Ar)",196,40.5]
[2011,"ALCID",126,"ALCIDE-JENTZER","A","RE","SALLE DE REUNION","Salles d'enseignement (UR)",392,59.5]
[2011,"ALCID",126,"ALCIDE-JENTZER","A","SM","SALLE DE SEMINAIRE / COURS","Salles d'enseignement (UR)",392,59.5]
[2011,"ALCID",126,"ALCIDE-JENTZER","A","SM","SALLE DE SEMINAIRE / COURS","Salles d'enseignement (UR)",392,59.5]
[2011,"ALCID",126,"ALCIDE-JENTZER","A","SM","SALLE DE SEMINAIRE / COURS","Salles d'enseignement (UR)",392,59.5]
[2011,"ALCID",126,"ALCIDE-JENTZER","A","SM","SALLE DE SEMINAIRE / COURS","Salles d'enseignement (UR)",392,59.5]
[2011,"ALCID",126,"ALCIDE-JENTZER","A","SM","SALLE DE SEMINAIRE / COURS","Salles d'enseignement (UR)",392,60]
[2011,"ALCID",126,"ALCIDE-JENTZER","A","SM","SALLE DE SEMINAIRE / COURS","Salles d'enseignement (UR)",392,60]
[2011,"ALCID",126,"ALCIDE-JENTZER","A","SM","SALLE DE SEMINAIRE / COURS","Salles d'enseignement (UR)",392,60.5]
[2011,"ALCID",126,"ALCIDE-JENTZER","A","SM","SALLE DE SEMINAIRE / COURS","Salles d'enseignement (UR)",392,60.5]
[2011,"ALCID",126,"ALCIDE-JENTZER","A","SM","SALLE DE SEMINAIRE / COURS","Salles d'enseignement (UR)",392,120.4]
[2011,"ALCID",126,"ALCIDE-JENTZER","A","SM","SALLE DE SEMINAIRE / COURS","Salles d'enseignement (UR)",392,139]
[2011,"PAVMA",127,"PAVILLON MAIL","A","AX","ANNEXES","Archivage et surfaces d'entreposage (Ar)",196,3.9]
[2011,"PAVMA",127,"PAVILLON MAIL","A","BU","BUREAU","Bureaux (Bü)",392,7.4]
[2011,"PAVMA",127,"PAVILLON MAIL","A","BU","BUREAU","Bureaux (Bü)",392,11.5]
[2011,"PAVMA",127,"PAVILLON MAIL","A","BU","BUREAU","Bureaux (Bü)",392,11.5]
[2011,"PAVMA",127,"PAVILLON MAIL","A","BU","BUREAU","Bureaux (Bü)",392,11.5]
[2011,"PAVMA",127,"PAVILLON MAIL","A","BU","BUREAU","Bureaux (Bü)",392,11.5]
[2011,"PAVMA",127,"PAVILLON MAIL","A","BU","BUREAU","Bureaux (Bü)",392,11.5]
[2011,"PAVMA",127,"PAVILLON MAIL","A","BU","BUREAU","Bureaux (Bü)",392,11.5]
[2011,"PAVMA",127,"PAVILLON MAIL","A","BU","BUREAU","Bureaux (Bü)",392,12.3]
[2011,"PAVMA",127,"PAVILLON MAIL","A","BU","BUREAU","Bureaux (Bü)",392,12.3]
[2011,"PAVMA",127,"PAVILLON MAIL","A","BU","BUREAU","Bureaux (Bü)",392,12.3]
[2011,"PAVMA",127,"PAVILLON MAIL","A","BU","BUREAU","Bureaux (Bü)",392,12.3]
[2011,"PAVMA",127,"PAVILLON MAIL","A","BU","BUREAU","Bureaux (Bü)",392,12.3]
[2011,"PAVMA",127,"PAVILLON MAIL","A","BU","BUREAU","Bureaux (Bü)",392,12.3]
[2011,"PAVMA",127,"PAVILLON MAIL","A","BU","BUREAU","Bureaux (Bü)",392,12.3]
[2011,"PAVMA",127,"PAVILLON MAIL","A","BU","BUREAU","Bureaux (Bü)",392,12.3]
[2011,"PAVMA",127,"PAVILLON MAIL","A","BU","BUREAU","Bureaux (Bü)",392,12.3]
[2011,"PAVMA",127,"PAVILLON MAIL","A","BU","BUREAU","Bureaux (Bü)",392,12.3]
[2011,"PAVMA",127,"PAVILLON MAIL","A","BU","BUREAU","Bureaux (Bü)",392,12.3]
[2011,"PAVMA",127,"PAVILLON MAIL","A","BU","BUREAU","Bureaux (Bü)",392,12.3]
[2011,"PAVMA",127,"PAVILLON MAIL","A","BU","BUREAU","Bureaux (Bü)",392,12.3]
[2011,"PAVMA",127,"PAVILLON MAIL","A","BU","BUREAU","Bureaux (Bü)",392,12.3]
[2011,"PAVMA",127,"PAVILLON MAIL","A","BU","BUREAU","Bureaux (Bü)",392,12.3]
[2011,"PAVMA",127,"PAVILLON MAIL","A","BU","BUREAU","Bureaux (Bü)",392,12.3]
[2011,"PAVMA",127,"PAVILLON MAIL","A","BU","BUREAU","Bureaux (Bü)",392,12.3]
[2011,"PAVMA",127,"PAVILLON MAIL","A","BU","BUREAU","Bureaux (Bü)",392,12.3]
[2011,"PAVMA",127,"PAVILLON MAIL","A","BU","BUREAU","Bureaux (Bü)",392,12.3]
[2011,"PAVMA",127,"PAVILLON MAIL","A","BU","BUREAU","Bureaux (Bü)",392,12.3]
[2011,"PAVMA",127,"PAVILLON MAIL","A","BU","BUREAU","Bureaux (Bü)",392,12.3]
[2011,"PAVMA",127,"PAVILLON MAIL","A","BU","BUREAU","Bureaux (Bü)",392,12.3]
[2011,"PAVMA",127,"PAVILLON MAIL","A","BU","BUREAU","Bureaux (Bü)",392,12.3]
[2011,"PAVMA",127,"PAVILLON MAIL","A","BU","BUREAU","Bureaux (Bü)",392,12.3]
[2011,"PAVMA",127,"PAVILLON MAIL","A","BU","BUREAU","Bureaux (Bü)",392,12.3]
[2011,"PAVMA",127,"PAVILLON MAIL","A","BU","BUREAU","Bureaux (Bü)",392,12.3]
[2011,"PAVMA",127,"PAVILLON MAIL","A","BU","BUREAU","Bureaux (Bü)",392,12.3]
[2011,"PAVMA",127,"PAVILLON MAIL","A","BU","BUREAU","Bureaux (Bü)",392,12.3]
[2011,"PAVMA",127,"PAVILLON MAIL","A","BU","BUREAU","Bureaux (Bü)",392,12.3]
[2011,"PAVMA",127,"PAVILLON MAIL","A","BU","BUREAU","Bureaux (Bü)",392,12.3]
[2011,"PAVMA",127,"PAVILLON MAIL","A","BU","BUREAU","Bureaux (Bü)",392,12.3]
[2011,"PAVMA",127,"PAVILLON MAIL","A","BU","BUREAU","Bureaux (Bü)",392,12.3]
[2011,"PAVMA",127,"PAVILLON MAIL","A","BU","BUREAU","Bureaux (Bü)",392,12.3]
[2011,"PAVMA",127,"PAVILLON MAIL","A","BU","BUREAU","Bureaux (Bü)",392,12.3]
[2011,"PAVMA",127,"PAVILLON MAIL","A","BU","BUREAU","Bureaux (Bü)",392,12.3]
[2011,"PAVMA",127,"PAVILLON MAIL","A","BU","BUREAU","Bureaux (Bü)",392,12.3]
[2011,"PAVMA",127,"PAVILLON MAIL","A","BU","BUREAU","Bureaux (Bü)",392,12.3]
[2011,"PAVMA",127,"PAVILLON MAIL","A","BU","BUREAU","Bureaux (Bü)",392,12.3]
[2011,"PAVMA",127,"PAVILLON MAIL","A","BU","BUREAU","Bureaux (Bü)",392,12.3]
[2011,"PAVMA",127,"PAVILLON MAIL","A","BU","BUREAU","Bureaux (Bü)",392,12.3]
[2011,"PAVMA",127,"PAVILLON MAIL","A","BU","BUREAU","Bureaux (Bü)",392,12.3]
[2011,"PAVMA",127,"PAVILLON MAIL","A","BU","BUREAU","Bureaux (Bü)",392,12.3]
[2011,"PAVMA",127,"PAVILLON MAIL","A","BU","BUREAU","Bureaux (Bü)",392,12.3]
[2011,"PAVMA",127,"PAVILLON MAIL","A","BU","BUREAU","Bureaux (Bü)",392,12.3]
[2011,"PAVMA",127,"PAVILLON MAIL","A","BU","BUREAU","Bureaux (Bü)",392,12.3]
[2011,"PAVMA",127,"PAVILLON MAIL","A","BU","BUREAU","Bureaux (Bü)",392,12.3]
[2011,"PAVMA",127,"PAVILLON MAIL","A","BU","BUREAU","Bureaux (Bü)",392,12.3]
[2011,"PAVMA",127,"PAVILLON MAIL","A","BU","BUREAU","Bureaux (Bü)",392,12.3]
[2011,"PAVMA",127,"PAVILLON MAIL","A","BU","BUREAU","Bureaux (Bü)",392,12.3]
[2011,"PAVMA",127,"PAVILLON MAIL","A","BU","BUREAU","Bureaux (Bü)",392,12.3]
[2011,"PAVMA",127,"PAVILLON MAIL","A","BU","BUREAU","Bureaux (Bü)",392,12.3]
[2011,"PAVMA",127,"PAVILLON MAIL","A","BU","BUREAU","Bureaux (Bü)",392,12.3]
[2011,"PAVMA",127,"PAVILLON MAIL","A","BU","BUREAU","Bureaux (Bü)",392,12.3]
[2011,"PAVMA",127,"PAVILLON MAIL","A","BU","BUREAU","Bureaux (Bü)",392,12.3]
[2011,"PAVMA",127,"PAVILLON MAIL","A","BU","BUREAU","Bureaux (Bü)",392,12.3]
[2011,"PAVMA",127,"PAVILLON MAIL","A","BU","BUREAU","Bureaux (Bü)",392,12.3]
[2011,"PAVMA",127,"PAVILLON MAIL","A","BU","BUREAU","Bureaux (Bü)",392,12.3]
[2011,"PAVMA",127,"PAVILLON MAIL","A","BU","BUREAU","Bureaux (Bü)",392,12.3]
[2011,"PAVMA",127,"PAVILLON MAIL","A","BU","BUREAU","Bureaux (Bü)",392,12.3]
[2011,"PAVMA",127,"PAVILLON MAIL","A","BU","BUREAU","Bureaux (Bü)",392,12.3]
[2011,"PAVMA",127,"PAVILLON MAIL","A","BU","BUREAU","Bureaux (Bü)",392,12.3]
[2011,"PAVMA",127,"PAVILLON MAIL","A","BU","BUREAU","Bureaux (Bü)",392,12.3]
[2011,"PAVMA",127,"PAVILLON MAIL","A","BU","BUREAU","Bureaux (Bü)",392,12.3]
[2011,"PAVMA",127,"PAVILLON MAIL","A","BU","BUREAU","Bureaux (Bü)",392,12.3]
[2011,"PAVMA",127,"PAVILLON MAIL","A","BU","BUREAU","Bureaux (Bü)",392,12.3]
[2011,"PAVMA",127,"PAVILLON MAIL","A","BU","BUREAU","Bureaux (Bü)",392,12.3]
[2011,"PAVMA",127,"PAVILLON MAIL","A","BU","BUREAU","Bureaux (Bü)",392,12.3]
[2011,"PAVMA",127,"PAVILLON MAIL","A","BU","BUREAU","Bureaux (Bü)",392,12.3]
[2011,"PAVMA",127,"PAVILLON MAIL","A","BU","BUREAU","Bureaux (Bü)",392,12.3]
[2011,"PAVMA",127,"PAVILLON MAIL","A","BU","BUREAU","Bureaux (Bü)",392,24.5]
[2011,"PAVMA",127,"PAVILLON MAIL","A","BU","BUREAU","Bureaux (Bü)",392,24.5]
[2011,"PAVMA",127,"PAVILLON MAIL","A","BU","BUREAU","Bureaux (Bü)",392,24.8]
[2011,"PAVMA",127,"PAVILLON MAIL","A","BU","BUREAU","Bureaux (Bü)",392,24.8]
[2011,"PAVMA",127,"PAVILLON MAIL","A","BU","BUREAU","Bureaux (Bü)",392,24.8]
[2011,"PAVMA",127,"PAVILLON MAIL","A","BU","BUREAU","Bureaux (Bü)",392,24.8]
[2011,"PAVMA",127,"PAVILLON MAIL","A","BU","BUREAU","Bureaux (Bü)",392,37.4]
[2011,"PAVMA",127,"PAVILLON MAIL","A","BU","BUREAU","Bureaux (Bü)",392,37.4]
[2011,"PAVMA",127,"PAVILLON MAIL","A","BU","BUREAU","Bureaux (Bü)",392,37.4]
[2011,"PAVMA",127,"PAVILLON MAIL","A","BU","BUREAU","Bureaux (Bü)",392,50.1]
[2011,"PAVMA",127,"PAVILLON MAIL","A","BU","BUREAU","Bureaux (Bü)",392,50.1]
[2011,"PAVMA",127,"PAVILLON MAIL","A","BU","BUREAU","Bureaux (Bü)",392,50.1]
[2011,"PAVMA",127,"PAVILLON MAIL","A","SM","SALLE DE SEMINAIRE / COURS","Salles d'enseignement (UR)",392,50]
[2011,"PAVMA",127,"PAVILLON MAIL","A","SM","SALLE DE SEMINAIRE / COURS","Salles d'enseignement (UR)",392,50]
[2011,"PAVMA",127,"PAVILLON MAIL","A","SM","SALLE DE SEMINAIRE / COURS","Salles d'enseignement (UR)",392,50]
[2011,"PAVMA",127,"PAVILLON MAIL","A","SM","SALLE DE SEMINAIRE / COURS","Salles d'enseignement (UR)",392,50]
[2011,"PAVMA",127,"PAVILLON MAIL","A","SM","SALLE DE SEMINAIRE / COURS","Salles d'enseignement (UR)",392,50]
[2011,"PAVMA",127,"PAVILLON MAIL","A","SM","SALLE DE SEMINAIRE / COURS","Salles d'enseignement (UR)",392,50.5]
[2011,"PAVMA",127,"PAVILLON MAIL","A","SM","SALLE DE SEMINAIRE / COURS","Salles d'enseignement (UR)",392,50.5]
[2011,"PAVMA",127,"PAVILLON MAIL","A","SM","SALLE DE SEMINAIRE / COURS","Salles d'enseignement (UR)",392,50.5]
[2011,"PAVMA",127,"PAVILLON MAIL","A","SM","SALLE DE SEMINAIRE / COURS","Salles d'enseignement (UR)",392,50.5]
[2011,"PAVMA",127,"PAVILLON MAIL","A","SM","SALLE DE SEMINAIRE / COURS","Salles d'enseignement (UR)",392,50.5]
[2011,"PAVMA",127,"PAVILLON MAIL","A","SM","SALLE DE SEMINAIRE / COURS","Salles d'enseignement (UR)",392,50.5]
[2011,"PAVMA",127,"PAVILLON MAIL","A","SM","SALLE DE SEMINAIRE / COURS","Salles d'enseignement (UR)",392,50.5]
[2011,"PAVMA",127,"PAVILLON MAIL","A","TE","LOCAL TECHNIQUE","Laboratoires (La)",805,7]
[2011,"PAVMA",127,"PAVILLON MAIL","A","TE","LOCAL TECHNIQUE","Laboratoires (La)",805,7.4]
[2011,"PAVMA",127,"PAVILLON MAIL","A","TE","LOCAL TECHNIQUE","Laboratoires (La)",805,7.5]
[2011,"PAVMA",127,"PAVILLON MAIL","A","TE","LOCAL TECHNIQUE","Laboratoires (La)",805,11]
[2011,"PAVMA",127,"PAVILLON MAIL","A","TE","LOCAL TECHNIQUE","Laboratoires (La)",805,11.5]
[2011,"CRE41",134,"SPEA","A","BU","BUREAU","Bureaux (Bü)",392,10]
[2011,"BAT C",148,"BATTELLE BATIMENT C","A","AT","ATELIER","Laboratoires (La)",805,18]
[2011,"BAT C",148,"BATTELLE BATIMENT C","A","AT","ATELIER","Laboratoires (La)",805,46]
[2011,"BAT C",148,"BATTELLE BATIMENT C","A","AT","ATELIER","Laboratoires (La)",805,62.5]
[2011,"BAT C",148,"BATTELLE BATIMENT C","A","AT","ATELIER","Laboratoires (La)",805,117]
[2011,"BAT C",148,"BATTELLE BATIMENT C","A","AU","AUDITOIRE","Salles de cours (Hö)",667,48.5]
[2011,"BAT C",148,"BATTELLE BATIMENT C","A","AU","AUDITOIRE","Salles de cours (Hö)",667,73.5]
[2011,"BAT C",148,"BATTELLE BATIMENT C","A","AU","AUDITOIRE","Salles de cours (Hö)",667,73.5]
[2011,"BAT C",148,"BATTELLE BATIMENT C","A","BI","BIBLIOTHEQUE, SALLE DE LECTURE","Bibliothèques (Bi)",468,24.5]
[2011,"BAT C",148,"BATTELLE BATIMENT C","A","BI","BIBLIOTHEQUE, SALLE DE LECTURE","Bibliothèques (Bi)",468,50]
[2011,"BAT C",148,"BATTELLE BATIMENT C","A","BU","BUREAU","Bureaux (Bü)",392,24]
[2011,"BAT C",148,"BATTELLE BATIMENT C","A","BU","BUREAU","Bureaux (Bü)",392,24]
[2011,"BAT C",148,"BATTELLE BATIMENT C","A","BU","BUREAU","Bureaux (Bü)",392,24]
[2011,"BAT C",148,"BATTELLE BATIMENT C","A","BU","BUREAU","Bureaux (Bü)",392,24]
[2011,"BAT C",148,"BATTELLE BATIMENT C","A","BU","BUREAU","Bureaux (Bü)",392,24]
[2011,"BAT C",148,"BATTELLE BATIMENT C","A","BU","BUREAU","Bureaux (Bü)",392,24.5]
[2011,"BAT C",148,"BATTELLE BATIMENT C","A","BU","BUREAU","Bureaux (Bü)",392,24.5]
[2011,"BAT C",148,"BATTELLE BATIMENT C","A","BU","BUREAU","Bureaux (Bü)",392,29]
[2011,"BAT C",148,"BATTELLE BATIMENT C","A","FO","SALLE DE FORMATION","Salles d'enseignement (UR)",392,48.5]
[2011,"BAT C",148,"BATTELLE BATIMENT C","A","PC","SALLE DE TERMINAUX","Laboratoires (La)",805,48.5]
[2011,"BAT C",148,"BATTELLE BATIMENT C","A","SM","SALLE DE SEMINAIRE / COURS","Salles d'enseignement (UR)",392,24]
[2011,"BAT C",148,"BATTELLE BATIMENT C","A","SM","SALLE DE SEMINAIRE / COURS","Salles d'enseignement (UR)",392,24]
[2011,"BAT C",148,"BATTELLE BATIMENT C","A","ST","STOCKAGE","Archivage et surfaces d'entreposage (Ar)",196,18]